{"id":932,"date":"2020-04-28T11:47:13","date_gmt":"2020-04-28T09:47:13","guid":{"rendered":"https:\/\/www.verdieditions.com\/equilibre-de-vie\/?post_type=product&#038;p=932"},"modified":"2024-02-07T16:04:24","modified_gmt":"2024-02-07T15:04:24","slug":"burn-out-detecter-prevenir-vasey","status":"publish","type":"product","link":"https:\/\/www.verdieditions.com\/equilibre-de-vie\/produit\/burn-out-detecter-prevenir-vasey\/","title":{"rendered":"Burn-out : le d\u00e9tecter et le pr\u00e9venir &#8211; Catherine VASEY"},"content":{"rendered":"<p>Auteur : Catherine VASEY<br \/>\nTitre : Burn-out : le d\u00e9tecter et le pr\u00e9venir<br \/>\n\u00c9diteur : Jouvence, 2007, collection le travail autrement<br \/>\nFormat poche<br \/>\nDim. 11,5 x 18<br \/>\n127 pages<\/p>\n<p>Qui aujourd&rsquo;hui n&rsquo;a pas eu affaire, de pr\u00e8s ou de loin, \u00e0 l&rsquo;\u00e9puisement professionnel et au mal-\u00eatre qu&rsquo;il induit?. S&rsquo;appuyant sur son exp\u00e9rience de psychologue sp\u00e9cialiste du burn-out, Catherine Vasey nous donne ici, concr\u00e8tement, toutes les informations utiles pour d\u00e9tecter ce syndrome complexe et pour aider ses victimes et leur entourage. quelles sont les manifestations physiques, psychologiques et \u00e9motionnelles du burn-out ? Pourquoi de plus en plus de personnes sont-elles atteintes par ce syndrome ?Y a-t-il un terrain favorable \u00e0 son d\u00e9veloppement?. L&rsquo;auteur nous propose par ailleurs toute une s\u00e9rie de bilans individuels et de tests de pr\u00e9vention \u00e0 mettre en pratique pour notre plus grand bien !. Concis et dans l&rsquo;air du temps, voici un ouvrage qui nous donne l&rsquo;occasion d&rsquo;amorcer une r\u00e9flexion personnelle sur ce mal du si\u00e8cle et d&rsquo;entamer un processus de changement comportemental !. \u00c0 lire par tous ceux qui travaillent bien mais trop, au d\u00e9triment de leur sant\u00e9 et de leur qualit\u00e9 de vie<\/p>\n","protected":false},"excerpt":{"rendered":"<p>Auteur : Catherine VASEY<br \/>\nTitre : Burn-out : le d\u00e9tecter et le pr\u00e9venir<br \/>\n\u00c9diteur : Jouvence, 2007, collection le travail autrement<br \/>\nFormat poche<br \/>\nDim. 11,5 x 18<br \/>\n127 pages<\/p>\n","protected":false},"featured_media":933,"template":"","meta":[],"product_brand":[],"product_cat":[22,21],"product_tag":[43,132,135,139,169],"class_list":{"0":"post-932","1":"product","2":"type-product","3":"status-publish","4":"has-post-thumbnail","6":"product_cat-developpement-personnel","7":"product_cat-sante","8":"product_tag-burn-out","9":"product_tag-professionnel","10":"product_tag-psychologie","11":"product_tag-relations-humaines","12":"product_tag-travail","14":"first","15":"instock","16":"shipping-taxable","17":"product-type-simple"},"yoast_head":"<!-- This site is optimized with the Yoast SEO plugin v27.4 - https:\/\/yoast.com\/product\/yoast-seo-wordpress\/ -->\n<title>Burn-out : le d\u00e9tecter et le pr\u00e9venir - Catherine VASEY - Equilibre de Vie<\/title>\n<meta name=\"description\" content=\"Auteur : Catherine VASEY Titre : Burn-out : le d\u00e9tecter et le pr\u00e9venir \u00c9diteur : Jouvence, 2007, collection le travail autrement Format poche Dim. 11,5 x 18 127 pages\" \/>\n<meta name=\"robots\" content=\"index, follow, max-snippet:-1, max-image-preview:large, max-video-preview:-1\" \/>\n<link rel=\"canonical\" href=\"https:\/\/www.verdieditions.com\/equilibre-de-vie\/produit\/burn-out-detecter-prevenir-vasey\/\" \/>\n<meta property=\"og:locale\" content=\"fr_FR\" \/>\n<meta property=\"og:type\" content=\"article\" \/>\n<meta property=\"og:title\" content=\"Burn-out : le d\u00e9tecter et le pr\u00e9venir - Catherine VASEY - Equilibre de Vie\" \/>\n<meta property=\"og:description\" content=\"Auteur : Catherine VASEY Titre : Burn-out : le d\u00e9tecter et le pr\u00e9venir \u00c9diteur : Jouvence, 2007, collection le travail autrement Format poche Dim. 11,5 x 18 127 pages\" \/>\n<meta property=\"og:url\" content=\"https:\/\/www.verdieditions.com\/equilibre-de-vie\/produit\/burn-out-detecter-prevenir-vasey\/\" \/>\n<meta property=\"og:site_name\" content=\"Equilibre de Vie\" \/>\n<meta property=\"article:modified_time\" content=\"2024-02-07T15:04:24+00:00\" \/>\n<meta property=\"og:image\" content=\"https:\/\/www.verdieditions.com\/equilibre-de-vie\/wp-content\/uploads\/2020\/04\/burn-out-detecter-prevenir-Vasey.jpg\" \/>\n\t<meta property=\"og:image:width\" content=\"741\" \/>\n\t<meta property=\"og:image:height\" content=\"1138\" \/>\n\t<meta property=\"og:image:type\" content=\"image\/jpeg\" \/>\n<meta name=\"twitter:card\" content=\"summary_large_image\" \/>\n<meta name=\"twitter:label1\" content=\"Dur\u00e9e de lecture estim\u00e9e\" \/>\n\t<meta name=\"twitter:data1\" content=\"1 minute\" \/>\n<script type=\"application\/ld+json\" class=\"yoast-schema-graph\">{\"@context\":\"https:\\\/\\\/schema.org\",\"@graph\":[{\"@type\":\"WebPage\",\"@id\":\"https:\\\/\\\/www.verdieditions.com\\\/equilibre-de-vie\\\/produit\\\/burn-out-detecter-prevenir-vasey\\\/\",\"url\":\"https:\\\/\\\/www.verdieditions.com\\\/equilibre-de-vie\\\/produit\\\/burn-out-detecter-prevenir-vasey\\\/\",\"name\":\"Burn-out : le d\u00e9tecter et le pr\u00e9venir - Catherine VASEY - Equilibre de Vie\",\"isPartOf\":{\"@id\":\"https:\\\/\\\/www.verdieditions.com\\\/equilibre-de-vie\\\/#website\"},\"primaryImageOfPage\":{\"@id\":\"https:\\\/\\\/www.verdieditions.com\\\/equilibre-de-vie\\\/produit\\\/burn-out-detecter-prevenir-vasey\\\/#primaryimage\"},\"image\":{\"@id\":\"https:\\\/\\\/www.verdieditions.com\\\/equilibre-de-vie\\\/produit\\\/burn-out-detecter-prevenir-vasey\\\/#primaryimage\"},\"thumbnailUrl\":\"https:\\\/\\\/www.verdieditions.com\\\/equilibre-de-vie\\\/wp-content\\\/uploads\\\/2020\\\/04\\\/burn-out-detecter-prevenir-Vasey.jpg\",\"datePublished\":\"2020-04-28T09:47:13+00:00\",\"dateModified\":\"2024-02-07T15:04:24+00:00\",\"description\":\"Auteur : Catherine VASEY Titre : Burn-out : le d\u00e9tecter et le pr\u00e9venir \u00c9diteur : Jouvence, 2007, collection le travail autrement Format poche Dim. 11,5 x 18 127 pages\",\"breadcrumb\":{\"@id\":\"https:\\\/\\\/www.verdieditions.com\\\/equilibre-de-vie\\\/produit\\\/burn-out-detecter-prevenir-vasey\\\/#breadcrumb\"},\"inLanguage\":\"fr-FR\",\"potentialAction\":[{\"@type\":\"ReadAction\",\"target\":[\"https:\\\/\\\/www.verdieditions.com\\\/equilibre-de-vie\\\/produit\\\/burn-out-detecter-prevenir-vasey\\\/\"]}]},{\"@type\":\"ImageObject\",\"inLanguage\":\"fr-FR\",\"@id\":\"https:\\\/\\\/www.verdieditions.com\\\/equilibre-de-vie\\\/produit\\\/burn-out-detecter-prevenir-vasey\\\/#primaryimage\",\"url\":\"https:\\\/\\\/www.verdieditions.com\\\/equilibre-de-vie\\\/wp-content\\\/uploads\\\/2020\\\/04\\\/burn-out-detecter-prevenir-Vasey.jpg\",\"contentUrl\":\"https:\\\/\\\/www.verdieditions.com\\\/equilibre-de-vie\\\/wp-content\\\/uploads\\\/2020\\\/04\\\/burn-out-detecter-prevenir-Vasey.jpg\",\"width\":741,\"height\":1138,\"caption\":\"burn-out-detecter-prevenir-Vasey\"},{\"@type\":\"BreadcrumbList\",\"@id\":\"https:\\\/\\\/www.verdieditions.com\\\/equilibre-de-vie\\\/produit\\\/burn-out-detecter-prevenir-vasey\\\/#breadcrumb\",\"itemListElement\":[{\"@type\":\"ListItem\",\"position\":1,\"name\":\"Accueil\",\"item\":\"https:\\\/\\\/www.verdieditions.com\\\/equilibre-de-vie\\\/\"},{\"@type\":\"ListItem\",\"position\":2,\"name\":\"La boutique\",\"item\":\"https:\\\/\\\/www.verdieditions.com\\\/equilibre-de-vie\\\/boutique\\\/\"},{\"@type\":\"ListItem\",\"position\":3,\"name\":\"Burn-out : le d\u00e9tecter et le pr\u00e9venir &#8211; Catherine VASEY\"}]},{\"@type\":\"WebSite\",\"@id\":\"https:\\\/\\\/www.verdieditions.com\\\/equilibre-de-vie\\\/#website\",\"url\":\"https:\\\/\\\/www.verdieditions.com\\\/equilibre-de-vie\\\/\",\"name\":\"Equilibre de Vie\",\"description\":\"Ma boutique livres sant\u00e9, \u00e9sot\u00e9risme et d\u00e9veloppement personnel\",\"publisher\":{\"@id\":\"https:\\\/\\\/www.verdieditions.com\\\/equilibre-de-vie\\\/#\\\/schema\\\/person\\\/9dcb2a6759f2f5fbf43ac0b44649cecb\"},\"potentialAction\":[{\"@type\":\"SearchAction\",\"target\":{\"@type\":\"EntryPoint\",\"urlTemplate\":\"https:\\\/\\\/www.verdieditions.com\\\/equilibre-de-vie\\\/?s={search_term_string}\"},\"query-input\":{\"@type\":\"PropertyValueSpecification\",\"valueRequired\":true,\"valueName\":\"search_term_string\"}}],\"inLanguage\":\"fr-FR\"},{\"@type\":[\"Person\",\"Organization\"],\"@id\":\"https:\\\/\\\/www.verdieditions.com\\\/equilibre-de-vie\\\/#\\\/schema\\\/person\\\/9dcb2a6759f2f5fbf43ac0b44649cecb\",\"name\":\"Sylvie VERDI\",\"image\":{\"@type\":\"ImageObject\",\"inLanguage\":\"fr-FR\",\"@id\":\"https:\\\/\\\/www.verdieditions.com\\\/equilibre-de-vie\\\/wp-content\\\/uploads\\\/2020\\\/04\\\/livres-occasion-sante-esoterisme-developpement-personnel-2.jpg\",\"url\":\"https:\\\/\\\/www.verdieditions.com\\\/equilibre-de-vie\\\/wp-content\\\/uploads\\\/2020\\\/04\\\/livres-occasion-sante-esoterisme-developpement-personnel-2.jpg\",\"contentUrl\":\"https:\\\/\\\/www.verdieditions.com\\\/equilibre-de-vie\\\/wp-content\\\/uploads\\\/2020\\\/04\\\/livres-occasion-sante-esoterisme-developpement-personnel-2.jpg\",\"width\":800,\"height\":572,\"caption\":\"Sylvie VERDI\"},\"logo\":{\"@id\":\"https:\\\/\\\/www.verdieditions.com\\\/equilibre-de-vie\\\/wp-content\\\/uploads\\\/2020\\\/04\\\/livres-occasion-sante-esoterisme-developpement-personnel-2.jpg\"},\"sameAs\":[\"https:\\\/\\\/www.verdieditions.com\\\/equilibre-de-vie\"]}]}<\/script>\n<!-- \/ Yoast SEO plugin. -->","yoast_head_json":{"title":"Burn-out : le d\u00e9tecter et le pr\u00e9venir - Catherine VASEY - Equilibre de Vie","description":"Auteur : Catherine VASEY Titre : Burn-out : le d\u00e9tecter et le pr\u00e9venir \u00c9diteur : Jouvence, 2007, collection le travail autrement Format poche Dim. 11,5 x 18 127 pages","robots":{"index":"index","follow":"follow","max-snippet":"max-snippet:-1","max-image-preview":"max-image-preview:large","max-video-preview":"max-video-preview:-1"},"canonical":"https:\/\/www.verdieditions.com\/equilibre-de-vie\/produit\/burn-out-detecter-prevenir-vasey\/","og_locale":"fr_FR","og_type":"article","og_title":"Burn-out : le d\u00e9tecter et le pr\u00e9venir - Catherine VASEY - Equilibre de Vie","og_description":"Auteur : Catherine VASEY Titre : Burn-out : le d\u00e9tecter et le pr\u00e9venir \u00c9diteur : Jouvence, 2007, collection le travail autrement Format poche Dim. 11,5 x 18 127 pages","og_url":"https:\/\/www.verdieditions.com\/equilibre-de-vie\/produit\/burn-out-detecter-prevenir-vasey\/","og_site_name":"Equilibre de Vie","article_modified_time":"2024-02-07T15:04:24+00:00","og_image":[{"width":741,"height":1138,"url":"https:\/\/www.verdieditions.com\/equilibre-de-vie\/wp-content\/uploads\/2020\/04\/burn-out-detecter-prevenir-Vasey.jpg","type":"image\/jpeg"}],"twitter_card":"summary_large_image","twitter_misc":{"Dur\u00e9e de lecture estim\u00e9e":"1 minute"},"schema":{"@context":"https:\/\/schema.org","@graph":[{"@type":"WebPage","@id":"https:\/\/www.verdieditions.com\/equilibre-de-vie\/produit\/burn-out-detecter-prevenir-vasey\/","url":"https:\/\/www.verdieditions.com\/equilibre-de-vie\/produit\/burn-out-detecter-prevenir-vasey\/","name":"Burn-out : le d\u00e9tecter et le pr\u00e9venir - Catherine VASEY - Equilibre de Vie","isPartOf":{"@id":"https:\/\/www.verdieditions.com\/equilibre-de-vie\/#website"},"primaryImageOfPage":{"@id":"https:\/\/www.verdieditions.com\/equilibre-de-vie\/produit\/burn-out-detecter-prevenir-vasey\/#primaryimage"},"image":{"@id":"https:\/\/www.verdieditions.com\/equilibre-de-vie\/produit\/burn-out-detecter-prevenir-vasey\/#primaryimage"},"thumbnailUrl":"https:\/\/www.verdieditions.com\/equilibre-de-vie\/wp-content\/uploads\/2020\/04\/burn-out-detecter-prevenir-Vasey.jpg","datePublished":"2020-04-28T09:47:13+00:00","dateModified":"2024-02-07T15:04:24+00:00","description":"Auteur : Catherine VASEY Titre : Burn-out : le d\u00e9tecter et le pr\u00e9venir \u00c9diteur : Jouvence, 2007, collection le travail autrement Format poche Dim. 11,5 x 18 127 pages","breadcrumb":{"@id":"https:\/\/www.verdieditions.com\/equilibre-de-vie\/produit\/burn-out-detecter-prevenir-vasey\/#breadcrumb"},"inLanguage":"fr-FR","potentialAction":[{"@type":"ReadAction","target":["https:\/\/www.verdieditions.com\/equilibre-de-vie\/produit\/burn-out-detecter-prevenir-vasey\/"]}]},{"@type":"ImageObject","inLanguage":"fr-FR","@id":"https:\/\/www.verdieditions.com\/equilibre-de-vie\/produit\/burn-out-detecter-prevenir-vasey\/#primaryimage","url":"https:\/\/www.verdieditions.com\/equilibre-de-vie\/wp-content\/uploads\/2020\/04\/burn-out-detecter-prevenir-Vasey.jpg","contentUrl":"https:\/\/www.verdieditions.com\/equilibre-de-vie\/wp-content\/uploads\/2020\/04\/burn-out-detecter-prevenir-Vasey.jpg","width":741,"height":1138,"caption":"burn-out-detecter-prevenir-Vasey"},{"@type":"BreadcrumbList","@id":"https:\/\/www.verdieditions.com\/equilibre-de-vie\/produit\/burn-out-detecter-prevenir-vasey\/#breadcrumb","itemListElement":[{"@type":"ListItem","position":1,"name":"Accueil","item":"https:\/\/www.verdieditions.com\/equilibre-de-vie\/"},{"@type":"ListItem","position":2,"name":"La boutique","item":"https:\/\/www.verdieditions.com\/equilibre-de-vie\/boutique\/"},{"@type":"ListItem","position":3,"name":"Burn-out : le d\u00e9tecter et le pr\u00e9venir &#8211; Catherine VASEY"}]},{"@type":"WebSite","@id":"https:\/\/www.verdieditions.com\/equilibre-de-vie\/#website","url":"https:\/\/www.verdieditions.com\/equilibre-de-vie\/","name":"Equilibre de Vie","description":"Ma boutique livres sant\u00e9, \u00e9sot\u00e9risme et d\u00e9veloppement personnel","publisher":{"@id":"https:\/\/www.verdieditions.com\/equilibre-de-vie\/#\/schema\/person\/9dcb2a6759f2f5fbf43ac0b44649cecb"},"potentialAction":[{"@type":"SearchAction","target":{"@type":"EntryPoint","urlTemplate":"https:\/\/www.verdieditions.com\/equilibre-de-vie\/?s={search_term_string}"},"query-input":{"@type":"PropertyValueSpecification","valueRequired":true,"valueName":"search_term_string"}}],"inLanguage":"fr-FR"},{"@type":["Person","Organization"],"@id":"https:\/\/www.verdieditions.com\/equilibre-de-vie\/#\/schema\/person\/9dcb2a6759f2f5fbf43ac0b44649cecb","name":"Sylvie VERDI","image":{"@type":"ImageObject","inLanguage":"fr-FR","@id":"https:\/\/www.verdieditions.com\/equilibre-de-vie\/wp-content\/uploads\/2020\/04\/livres-occasion-sante-esoterisme-developpement-personnel-2.jpg","url":"https:\/\/www.verdieditions.com\/equilibre-de-vie\/wp-content\/uploads\/2020\/04\/livres-occasion-sante-esoterisme-developpement-personnel-2.jpg","contentUrl":"https:\/\/www.verdieditions.com\/equilibre-de-vie\/wp-content\/uploads\/2020\/04\/livres-occasion-sante-esoterisme-developpement-personnel-2.jpg","width":800,"height":572,"caption":"Sylvie VERDI"},"logo":{"@id":"https:\/\/www.verdieditions.com\/equilibre-de-vie\/wp-content\/uploads\/2020\/04\/livres-occasion-sante-esoterisme-developpement-personnel-2.jpg"},"sameAs":["https:\/\/www.verdieditions.com\/equilibre-de-vie"]}]}},"_links":{"self":[{"href":"https:\/\/www.verdieditions.com\/equilibre-de-vie\/wp-json\/wp\/v2\/product\/932","targetHints":{"allow":["GET"]}}],"collection":[{"href":"https:\/\/www.verdieditions.com\/equilibre-de-vie\/wp-json\/wp\/v2\/product"}],"about":[{"href":"https:\/\/www.verdieditions.com\/equilibre-de-vie\/wp-json\/wp\/v2\/types\/product"}],"wp:featuredmedia":[{"embeddable":true,"href":"https:\/\/www.verdieditions.com\/equilibre-de-vie\/wp-json\/wp\/v2\/media\/933"}],"wp:attachment":[{"href":"https:\/\/www.verdieditions.com\/equilibre-de-vie\/wp-json\/wp\/v2\/media?parent=932"}],"wp:term":[{"taxonomy":"product_brand","embeddable":true,"href":"https:\/\/www.verdieditions.com\/equilibre-de-vie\/wp-json\/wp\/v2\/product_brand?post=932"},{"taxonomy":"product_cat","embeddable":true,"href":"https:\/\/www.verdieditions.com\/equilibre-de-vie\/wp-json\/wp\/v2\/product_cat?post=932"},{"taxonomy":"product_tag","embeddable":true,"href":"https:\/\/www.verdieditions.com\/equilibre-de-vie\/wp-json\/wp\/v2\/product_tag?post=932"}],"curies":[{"name":"wp","href":"https:\/\/api.w.org\/{rel}","templated":true}]}}