{"id":909,"date":"2020-04-28T09:36:26","date_gmt":"2020-04-28T07:36:26","guid":{"rendered":"https:\/\/www.verdieditions.com\/equilibre-de-vie\/?post_type=product&#038;p=909"},"modified":"2023-12-11T11:47:59","modified_gmt":"2023-12-11T10:47:59","slug":"pendule-lonegren","status":"publish","type":"product","link":"https:\/\/www.verdieditions.com\/equilibre-de-vie\/produit\/pendule-lonegren\/","title":{"rendered":"Le pendule &#8211; Sig LONEGREN"},"content":{"rendered":"<p>Auteur : Sig LONEGREN<br \/>\nTitre : Le pendule, coffret-kit<br \/>\n\u00c9diteur : France Loisirs, 1991<br \/>\nDim. 18,5 x 20,5<br \/>\nNota : sans pendule<br \/>\n128 pages<\/p>\n<p>Le Pendule est un instrument qui jette un pont entre l&rsquo;esprit logique et analytique et les pouvoirs de l&rsquo;intuition. En interpr\u00e9tant ses mouvements, vous entrez en communication avec votre moi profond et intuitif afin de capter la r\u00e9ponse \u00e0 n&rsquo;importe quelle question, qu&rsquo;il s&rsquo;agisse de localiser un objet ou de d\u00e9tecter les sources d&rsquo;\u00e9nergie souterraines. Ce kit complet contient tout ce dont vous avez besoin pour devenir un radiesth\u00e9siste comp\u00e9tent : un pendule et un manuel pratique de 128 pages comprenant des exercices clairs, des chartes t\u00e9moins (g\u00e9ographiques et astrologiques) et un expos\u00e9 de toutes les techniques existantes. Vous pourrez ainsi : Interpr\u00e9ter tous les mouvements du pendule et m\u00eame son immobilit\u00e9 \u00e9ventuelle. R\u00e9pondre \u00e0 toutes les questions que vous vous posez sur votre sant\u00e9, votre vie amoureuse, votre carri\u00e8re et vos talents cach\u00e9s. Faire de la divination en utilisant des chartes sp\u00e9cifiques donnant les signes solaires, les plan\u00e8tes et les Maisons astrologiques. Pr\u00e9voir le temps et la temp\u00e9rature. Pr\u00e9dire des r\u00e9sultats ou des \u00e9v\u00e9nements. Trouver de l&rsquo;eau ou du p\u00e9trole. Localiser un objet perdu et plus encore. Gr\u00e2ce \u00e0 votre pendule, vous prospecterez au c\u0153ur des myst\u00e8res de notre plan\u00e8te, situerez ses sources d&rsquo;\u00e9nergie et d\u00e9velopperez consid\u00e9rablement vos propres potentialit\u00e9s mentales.<\/p>\n","protected":false},"excerpt":{"rendered":"<p>Auteur : Sig LONEGREN<br \/>\nTitre : Le pendule, coffret-kit<br \/>\n\u00c9diteur : France Loisirs, 1991<br \/>\nDim. 18,5 x 20,5<br \/>\nNota : sans pendule<br \/>\n127 pages<\/p>\n","protected":false},"featured_media":910,"template":"","meta":[],"product_brand":[],"product_cat":[23],"product_tag":[34,117,129,219,186,180],"class_list":{"0":"post-909","1":"product","2":"type-product","3":"status-publish","4":"has-post-thumbnail","6":"product_cat-esoterisme","7":"product_tag-astrologie","8":"product_tag-pendule","9":"product_tag-previsions","10":"product_tag-radiesthesie","11":"product_tag-signes","12":"product_tag-zodiaque","14":"first","15":"outofstock","16":"shipping-taxable","17":"product-type-simple"},"yoast_head":"<!-- This site is optimized with the Yoast SEO plugin v27.4 - https:\/\/yoast.com\/product\/yoast-seo-wordpress\/ -->\n<title>Le pendule - Sig LONEGREN - Equilibre de Vie<\/title>\n<meta name=\"description\" content=\"Auteur : Sig LONEGREN Titre : Le pendule, coffret-kit \u00c9diteur : France Loisirs, 1991 Dim. 18,5 x 20,5 Nota : sans pendule 127 pages\" \/>\n<meta name=\"robots\" content=\"index, follow, max-snippet:-1, max-image-preview:large, max-video-preview:-1\" \/>\n<link rel=\"canonical\" href=\"https:\/\/www.verdieditions.com\/equilibre-de-vie\/produit\/pendule-lonegren\/\" \/>\n<meta property=\"og:locale\" content=\"fr_FR\" \/>\n<meta property=\"og:type\" content=\"article\" \/>\n<meta property=\"og:title\" content=\"Le pendule - Sig LONEGREN - Equilibre de Vie\" \/>\n<meta property=\"og:description\" content=\"Auteur : Sig LONEGREN Titre : Le pendule, coffret-kit \u00c9diteur : France Loisirs, 1991 Dim. 18,5 x 20,5 Nota : sans pendule 127 pages\" \/>\n<meta property=\"og:url\" content=\"https:\/\/www.verdieditions.com\/equilibre-de-vie\/produit\/pendule-lonegren\/\" \/>\n<meta property=\"og:site_name\" content=\"Equilibre de Vie\" \/>\n<meta property=\"article:modified_time\" content=\"2023-12-11T10:47:59+00:00\" \/>\n<meta property=\"og:image\" content=\"https:\/\/www.verdieditions.com\/equilibre-de-vie\/wp-content\/uploads\/2020\/04\/Pendule-Lonegren.jpg\" \/>\n\t<meta property=\"og:image:width\" content=\"952\" \/>\n\t<meta property=\"og:image:height\" content=\"1038\" \/>\n\t<meta property=\"og:image:type\" content=\"image\/jpeg\" \/>\n<meta name=\"twitter:card\" content=\"summary_large_image\" \/>\n<meta name=\"twitter:label1\" content=\"Dur\u00e9e de lecture estim\u00e9e\" \/>\n\t<meta name=\"twitter:data1\" content=\"2 minutes\" \/>\n<script type=\"application\/ld+json\" class=\"yoast-schema-graph\">{\"@context\":\"https:\\\/\\\/schema.org\",\"@graph\":[{\"@type\":\"WebPage\",\"@id\":\"https:\\\/\\\/www.verdieditions.com\\\/equilibre-de-vie\\\/produit\\\/pendule-lonegren\\\/\",\"url\":\"https:\\\/\\\/www.verdieditions.com\\\/equilibre-de-vie\\\/produit\\\/pendule-lonegren\\\/\",\"name\":\"Le pendule - Sig LONEGREN - Equilibre de Vie\",\"isPartOf\":{\"@id\":\"https:\\\/\\\/www.verdieditions.com\\\/equilibre-de-vie\\\/#website\"},\"primaryImageOfPage\":{\"@id\":\"https:\\\/\\\/www.verdieditions.com\\\/equilibre-de-vie\\\/produit\\\/pendule-lonegren\\\/#primaryimage\"},\"image\":{\"@id\":\"https:\\\/\\\/www.verdieditions.com\\\/equilibre-de-vie\\\/produit\\\/pendule-lonegren\\\/#primaryimage\"},\"thumbnailUrl\":\"https:\\\/\\\/www.verdieditions.com\\\/equilibre-de-vie\\\/wp-content\\\/uploads\\\/2020\\\/04\\\/Pendule-Lonegren.jpg\",\"datePublished\":\"2020-04-28T07:36:26+00:00\",\"dateModified\":\"2023-12-11T10:47:59+00:00\",\"description\":\"Auteur : Sig LONEGREN Titre : Le pendule, coffret-kit \u00c9diteur : France Loisirs, 1991 Dim. 18,5 x 20,5 Nota : sans pendule 127 pages\",\"breadcrumb\":{\"@id\":\"https:\\\/\\\/www.verdieditions.com\\\/equilibre-de-vie\\\/produit\\\/pendule-lonegren\\\/#breadcrumb\"},\"inLanguage\":\"fr-FR\",\"potentialAction\":[{\"@type\":\"ReadAction\",\"target\":[\"https:\\\/\\\/www.verdieditions.com\\\/equilibre-de-vie\\\/produit\\\/pendule-lonegren\\\/\"]}]},{\"@type\":\"ImageObject\",\"inLanguage\":\"fr-FR\",\"@id\":\"https:\\\/\\\/www.verdieditions.com\\\/equilibre-de-vie\\\/produit\\\/pendule-lonegren\\\/#primaryimage\",\"url\":\"https:\\\/\\\/www.verdieditions.com\\\/equilibre-de-vie\\\/wp-content\\\/uploads\\\/2020\\\/04\\\/Pendule-Lonegren.jpg\",\"contentUrl\":\"https:\\\/\\\/www.verdieditions.com\\\/equilibre-de-vie\\\/wp-content\\\/uploads\\\/2020\\\/04\\\/Pendule-Lonegren.jpg\",\"width\":952,\"height\":1038,\"caption\":\"Pendule-Lonegren\"},{\"@type\":\"BreadcrumbList\",\"@id\":\"https:\\\/\\\/www.verdieditions.com\\\/equilibre-de-vie\\\/produit\\\/pendule-lonegren\\\/#breadcrumb\",\"itemListElement\":[{\"@type\":\"ListItem\",\"position\":1,\"name\":\"Accueil\",\"item\":\"https:\\\/\\\/www.verdieditions.com\\\/equilibre-de-vie\\\/\"},{\"@type\":\"ListItem\",\"position\":2,\"name\":\"La boutique\",\"item\":\"https:\\\/\\\/www.verdieditions.com\\\/equilibre-de-vie\\\/boutique\\\/\"},{\"@type\":\"ListItem\",\"position\":3,\"name\":\"Le pendule &#8211; Sig LONEGREN\"}]},{\"@type\":\"WebSite\",\"@id\":\"https:\\\/\\\/www.verdieditions.com\\\/equilibre-de-vie\\\/#website\",\"url\":\"https:\\\/\\\/www.verdieditions.com\\\/equilibre-de-vie\\\/\",\"name\":\"Equilibre de Vie\",\"description\":\"Ma boutique livres sant\u00e9, \u00e9sot\u00e9risme et d\u00e9veloppement personnel\",\"publisher\":{\"@id\":\"https:\\\/\\\/www.verdieditions.com\\\/equilibre-de-vie\\\/#\\\/schema\\\/person\\\/9dcb2a6759f2f5fbf43ac0b44649cecb\"},\"potentialAction\":[{\"@type\":\"SearchAction\",\"target\":{\"@type\":\"EntryPoint\",\"urlTemplate\":\"https:\\\/\\\/www.verdieditions.com\\\/equilibre-de-vie\\\/?s={search_term_string}\"},\"query-input\":{\"@type\":\"PropertyValueSpecification\",\"valueRequired\":true,\"valueName\":\"search_term_string\"}}],\"inLanguage\":\"fr-FR\"},{\"@type\":[\"Person\",\"Organization\"],\"@id\":\"https:\\\/\\\/www.verdieditions.com\\\/equilibre-de-vie\\\/#\\\/schema\\\/person\\\/9dcb2a6759f2f5fbf43ac0b44649cecb\",\"name\":\"Sylvie VERDI\",\"image\":{\"@type\":\"ImageObject\",\"inLanguage\":\"fr-FR\",\"@id\":\"https:\\\/\\\/www.verdieditions.com\\\/equilibre-de-vie\\\/wp-content\\\/uploads\\\/2020\\\/04\\\/livres-occasion-sante-esoterisme-developpement-personnel-2.jpg\",\"url\":\"https:\\\/\\\/www.verdieditions.com\\\/equilibre-de-vie\\\/wp-content\\\/uploads\\\/2020\\\/04\\\/livres-occasion-sante-esoterisme-developpement-personnel-2.jpg\",\"contentUrl\":\"https:\\\/\\\/www.verdieditions.com\\\/equilibre-de-vie\\\/wp-content\\\/uploads\\\/2020\\\/04\\\/livres-occasion-sante-esoterisme-developpement-personnel-2.jpg\",\"width\":800,\"height\":572,\"caption\":\"Sylvie VERDI\"},\"logo\":{\"@id\":\"https:\\\/\\\/www.verdieditions.com\\\/equilibre-de-vie\\\/wp-content\\\/uploads\\\/2020\\\/04\\\/livres-occasion-sante-esoterisme-developpement-personnel-2.jpg\"},\"sameAs\":[\"https:\\\/\\\/www.verdieditions.com\\\/equilibre-de-vie\"]}]}<\/script>\n<!-- \/ Yoast SEO plugin. -->","yoast_head_json":{"title":"Le pendule - Sig LONEGREN - Equilibre de Vie","description":"Auteur : Sig LONEGREN Titre : Le pendule, coffret-kit \u00c9diteur : France Loisirs, 1991 Dim. 18,5 x 20,5 Nota : sans pendule 127 pages","robots":{"index":"index","follow":"follow","max-snippet":"max-snippet:-1","max-image-preview":"max-image-preview:large","max-video-preview":"max-video-preview:-1"},"canonical":"https:\/\/www.verdieditions.com\/equilibre-de-vie\/produit\/pendule-lonegren\/","og_locale":"fr_FR","og_type":"article","og_title":"Le pendule - Sig LONEGREN - Equilibre de Vie","og_description":"Auteur : Sig LONEGREN Titre : Le pendule, coffret-kit \u00c9diteur : France Loisirs, 1991 Dim. 18,5 x 20,5 Nota : sans pendule 127 pages","og_url":"https:\/\/www.verdieditions.com\/equilibre-de-vie\/produit\/pendule-lonegren\/","og_site_name":"Equilibre de Vie","article_modified_time":"2023-12-11T10:47:59+00:00","og_image":[{"width":952,"height":1038,"url":"https:\/\/www.verdieditions.com\/equilibre-de-vie\/wp-content\/uploads\/2020\/04\/Pendule-Lonegren.jpg","type":"image\/jpeg"}],"twitter_card":"summary_large_image","twitter_misc":{"Dur\u00e9e de lecture estim\u00e9e":"2 minutes"},"schema":{"@context":"https:\/\/schema.org","@graph":[{"@type":"WebPage","@id":"https:\/\/www.verdieditions.com\/equilibre-de-vie\/produit\/pendule-lonegren\/","url":"https:\/\/www.verdieditions.com\/equilibre-de-vie\/produit\/pendule-lonegren\/","name":"Le pendule - Sig LONEGREN - Equilibre de Vie","isPartOf":{"@id":"https:\/\/www.verdieditions.com\/equilibre-de-vie\/#website"},"primaryImageOfPage":{"@id":"https:\/\/www.verdieditions.com\/equilibre-de-vie\/produit\/pendule-lonegren\/#primaryimage"},"image":{"@id":"https:\/\/www.verdieditions.com\/equilibre-de-vie\/produit\/pendule-lonegren\/#primaryimage"},"thumbnailUrl":"https:\/\/www.verdieditions.com\/equilibre-de-vie\/wp-content\/uploads\/2020\/04\/Pendule-Lonegren.jpg","datePublished":"2020-04-28T07:36:26+00:00","dateModified":"2023-12-11T10:47:59+00:00","description":"Auteur : Sig LONEGREN Titre : Le pendule, coffret-kit \u00c9diteur : France Loisirs, 1991 Dim. 18,5 x 20,5 Nota : sans pendule 127 pages","breadcrumb":{"@id":"https:\/\/www.verdieditions.com\/equilibre-de-vie\/produit\/pendule-lonegren\/#breadcrumb"},"inLanguage":"fr-FR","potentialAction":[{"@type":"ReadAction","target":["https:\/\/www.verdieditions.com\/equilibre-de-vie\/produit\/pendule-lonegren\/"]}]},{"@type":"ImageObject","inLanguage":"fr-FR","@id":"https:\/\/www.verdieditions.com\/equilibre-de-vie\/produit\/pendule-lonegren\/#primaryimage","url":"https:\/\/www.verdieditions.com\/equilibre-de-vie\/wp-content\/uploads\/2020\/04\/Pendule-Lonegren.jpg","contentUrl":"https:\/\/www.verdieditions.com\/equilibre-de-vie\/wp-content\/uploads\/2020\/04\/Pendule-Lonegren.jpg","width":952,"height":1038,"caption":"Pendule-Lonegren"},{"@type":"BreadcrumbList","@id":"https:\/\/www.verdieditions.com\/equilibre-de-vie\/produit\/pendule-lonegren\/#breadcrumb","itemListElement":[{"@type":"ListItem","position":1,"name":"Accueil","item":"https:\/\/www.verdieditions.com\/equilibre-de-vie\/"},{"@type":"ListItem","position":2,"name":"La boutique","item":"https:\/\/www.verdieditions.com\/equilibre-de-vie\/boutique\/"},{"@type":"ListItem","position":3,"name":"Le pendule &#8211; Sig LONEGREN"}]},{"@type":"WebSite","@id":"https:\/\/www.verdieditions.com\/equilibre-de-vie\/#website","url":"https:\/\/www.verdieditions.com\/equilibre-de-vie\/","name":"Equilibre de Vie","description":"Ma boutique livres sant\u00e9, \u00e9sot\u00e9risme et d\u00e9veloppement personnel","publisher":{"@id":"https:\/\/www.verdieditions.com\/equilibre-de-vie\/#\/schema\/person\/9dcb2a6759f2f5fbf43ac0b44649cecb"},"potentialAction":[{"@type":"SearchAction","target":{"@type":"EntryPoint","urlTemplate":"https:\/\/www.verdieditions.com\/equilibre-de-vie\/?s={search_term_string}"},"query-input":{"@type":"PropertyValueSpecification","valueRequired":true,"valueName":"search_term_string"}}],"inLanguage":"fr-FR"},{"@type":["Person","Organization"],"@id":"https:\/\/www.verdieditions.com\/equilibre-de-vie\/#\/schema\/person\/9dcb2a6759f2f5fbf43ac0b44649cecb","name":"Sylvie VERDI","image":{"@type":"ImageObject","inLanguage":"fr-FR","@id":"https:\/\/www.verdieditions.com\/equilibre-de-vie\/wp-content\/uploads\/2020\/04\/livres-occasion-sante-esoterisme-developpement-personnel-2.jpg","url":"https:\/\/www.verdieditions.com\/equilibre-de-vie\/wp-content\/uploads\/2020\/04\/livres-occasion-sante-esoterisme-developpement-personnel-2.jpg","contentUrl":"https:\/\/www.verdieditions.com\/equilibre-de-vie\/wp-content\/uploads\/2020\/04\/livres-occasion-sante-esoterisme-developpement-personnel-2.jpg","width":800,"height":572,"caption":"Sylvie VERDI"},"logo":{"@id":"https:\/\/www.verdieditions.com\/equilibre-de-vie\/wp-content\/uploads\/2020\/04\/livres-occasion-sante-esoterisme-developpement-personnel-2.jpg"},"sameAs":["https:\/\/www.verdieditions.com\/equilibre-de-vie"]}]}},"_links":{"self":[{"href":"https:\/\/www.verdieditions.com\/equilibre-de-vie\/wp-json\/wp\/v2\/product\/909","targetHints":{"allow":["GET"]}}],"collection":[{"href":"https:\/\/www.verdieditions.com\/equilibre-de-vie\/wp-json\/wp\/v2\/product"}],"about":[{"href":"https:\/\/www.verdieditions.com\/equilibre-de-vie\/wp-json\/wp\/v2\/types\/product"}],"wp:featuredmedia":[{"embeddable":true,"href":"https:\/\/www.verdieditions.com\/equilibre-de-vie\/wp-json\/wp\/v2\/media\/910"}],"wp:attachment":[{"href":"https:\/\/www.verdieditions.com\/equilibre-de-vie\/wp-json\/wp\/v2\/media?parent=909"}],"wp:term":[{"taxonomy":"product_brand","embeddable":true,"href":"https:\/\/www.verdieditions.com\/equilibre-de-vie\/wp-json\/wp\/v2\/product_brand?post=909"},{"taxonomy":"product_cat","embeddable":true,"href":"https:\/\/www.verdieditions.com\/equilibre-de-vie\/wp-json\/wp\/v2\/product_cat?post=909"},{"taxonomy":"product_tag","embeddable":true,"href":"https:\/\/www.verdieditions.com\/equilibre-de-vie\/wp-json\/wp\/v2\/product_tag?post=909"}],"curies":[{"name":"wp","href":"https:\/\/api.w.org\/{rel}","templated":true}]}}