{"id":866,"date":"2020-04-27T16:10:19","date_gmt":"2020-04-27T14:10:19","guid":{"rendered":"https:\/\/www.verdieditions.com\/equilibre-de-vie\/?post_type=product&#038;p=866"},"modified":"2021-01-13T11:49:29","modified_gmt":"2021-01-13T10:49:29","slug":"votre-lit-bonne-place-alexandre","status":"publish","type":"product","link":"https:\/\/www.verdieditions.com\/equilibre-de-vie\/produit\/votre-lit-bonne-place-alexandre\/","title":{"rendered":"Votre lit est-il \u00e0 la bonne place ? &#8211; R\u00e9mi ALEXANDRE"},"content":{"rendered":"<p>Auteur : R\u00e9mi ALEXANDRE<br \/>\nTitre : Votre lit est-il \u00e0 la bonne place ? Introduction \u00e0 la g\u00e9obiologie<br \/>\n\u00c9diteur : La Rochelle, 1985<br \/>\nDim. 13,5 x 21<br \/>\n204 pages<\/p>\n<p>Depuis un demi-si\u00e8cle, en Europe, des m\u00e9decins ont mis en \u00e9vidence l&rsquo;existence d&rsquo;un vaste r\u00e9seau de rayons telluriques quadrillant toute la surface du globe et traversant chaque habitation. Son action peut se r\u00e9v\u00e9ler n\u00e9faste, voire catastrophique pour notre sant\u00e9. Des sympt\u00f4mes allant de l&rsquo;insomnie aux maladies les plus graves (cancer, maladies cardiaques, etc.) peuvent se manifester sur ces lieux. Agress\u00e9 par les radiations telluriques, les ondes cosmiques, les ondes de forme et soumis au magn\u00e9tisme terrestre, l&rsquo;homme, dans son habitation, sur son lieu de travail et jusque dans son lit (o\u00f9 il passe le tiers de sa vie), est souvent pris au pi\u00e8ge par ces forces dont il ne per\u00e7oit pas directement l&rsquo;existence. Cet ouvrage souligne avec int\u00e9r\u00eat comment d\u00e9tecter et neutraliser ces sources de nocivit\u00e9 et les pr\u00e9cautions \u00e9l\u00e9mentaires \u00e0 prendre, pour faire de notre habitat et plus sp\u00e9cialement de la chambre \u00e0 coucher, un lieu de d\u00e9tente, de recharge et d&rsquo;harmonie. C&rsquo;est une v\u00e9ritable m\u00e9decine de l&rsquo;habitat que R\u00e9mi Alexandre nous propose&#8230;<\/p>\n","protected":false},"excerpt":{"rendered":"<p>Auteur : R\u00e9mi ALEXANDRE<br \/>\nTitre : Votre lit est-il \u00e0 la bonne place ? Introduction \u00e0 la g\u00e9obiologie<br \/>\n\u00c9diteur : La Rochelle, 1985<br \/>\nDim. 13,5 x 21<br \/>\n204 pages<\/p>\n","protected":false},"featured_media":867,"template":"","meta":[],"product_brand":[],"product_cat":[21],"product_tag":[40,60,66,70,98,143,147,158,169],"class_list":{"0":"post-866","1":"product","2":"type-product","3":"status-publish","4":"has-post-thumbnail","6":"product_cat-sante","7":"product_tag-bien-etre","8":"product_tag-energie","9":"product_tag-feng-shui","10":"product_tag-geobiologie","11":"product_tag-medecine-alternative","12":"product_tag-reussite","13":"product_tag-science","14":"product_tag-succes","15":"product_tag-travail","17":"first","18":"outofstock","19":"shipping-taxable","20":"product-type-simple"},"yoast_head":"<!-- This site is optimized with the Yoast SEO plugin v27.4 - https:\/\/yoast.com\/product\/yoast-seo-wordpress\/ -->\n<title>Votre lit est-il \u00e0 la bonne place ? - R\u00e9mi ALEXANDRE - Equilibre de Vie<\/title>\n<meta name=\"description\" content=\"Auteur : R\u00e9mi ALEXANDRE Titre : Votre lit est-il \u00e0 la bonne place ? Introduction \u00e0 la g\u00e9obiologie \u00c9diteur : La Rochelle, 1985 Dim. 13,5 x 21 204 pages\" \/>\n<meta name=\"robots\" content=\"index, follow, max-snippet:-1, max-image-preview:large, max-video-preview:-1\" \/>\n<link rel=\"canonical\" href=\"https:\/\/www.verdieditions.com\/equilibre-de-vie\/produit\/votre-lit-bonne-place-alexandre\/\" \/>\n<meta property=\"og:locale\" content=\"fr_FR\" \/>\n<meta property=\"og:type\" content=\"article\" \/>\n<meta property=\"og:title\" content=\"Votre lit est-il \u00e0 la bonne place ? - R\u00e9mi ALEXANDRE - Equilibre de Vie\" \/>\n<meta property=\"og:description\" content=\"Auteur : R\u00e9mi ALEXANDRE Titre : Votre lit est-il \u00e0 la bonne place ? Introduction \u00e0 la g\u00e9obiologie \u00c9diteur : La Rochelle, 1985 Dim. 13,5 x 21 204 pages\" \/>\n<meta property=\"og:url\" content=\"https:\/\/www.verdieditions.com\/equilibre-de-vie\/produit\/votre-lit-bonne-place-alexandre\/\" \/>\n<meta property=\"og:site_name\" content=\"Equilibre de Vie\" \/>\n<meta property=\"article:modified_time\" content=\"2021-01-13T10:49:29+00:00\" \/>\n<meta property=\"og:image\" content=\"https:\/\/www.verdieditions.com\/equilibre-de-vie\/wp-content\/uploads\/2020\/04\/lit-bonne-place-geobiologie-Alexandre.jpg\" \/>\n\t<meta property=\"og:image:width\" content=\"720\" \/>\n\t<meta property=\"og:image:height\" content=\"1112\" \/>\n\t<meta property=\"og:image:type\" content=\"image\/jpeg\" \/>\n<meta name=\"twitter:card\" content=\"summary_large_image\" \/>\n<meta name=\"twitter:label1\" content=\"Dur\u00e9e de lecture estim\u00e9e\" \/>\n\t<meta name=\"twitter:data1\" content=\"1 minute\" \/>\n<script type=\"application\/ld+json\" class=\"yoast-schema-graph\">{\"@context\":\"https:\\\/\\\/schema.org\",\"@graph\":[{\"@type\":\"WebPage\",\"@id\":\"https:\\\/\\\/www.verdieditions.com\\\/equilibre-de-vie\\\/produit\\\/votre-lit-bonne-place-alexandre\\\/\",\"url\":\"https:\\\/\\\/www.verdieditions.com\\\/equilibre-de-vie\\\/produit\\\/votre-lit-bonne-place-alexandre\\\/\",\"name\":\"Votre lit est-il \u00e0 la bonne place ? - R\u00e9mi ALEXANDRE - Equilibre de Vie\",\"isPartOf\":{\"@id\":\"https:\\\/\\\/www.verdieditions.com\\\/equilibre-de-vie\\\/#website\"},\"primaryImageOfPage\":{\"@id\":\"https:\\\/\\\/www.verdieditions.com\\\/equilibre-de-vie\\\/produit\\\/votre-lit-bonne-place-alexandre\\\/#primaryimage\"},\"image\":{\"@id\":\"https:\\\/\\\/www.verdieditions.com\\\/equilibre-de-vie\\\/produit\\\/votre-lit-bonne-place-alexandre\\\/#primaryimage\"},\"thumbnailUrl\":\"https:\\\/\\\/www.verdieditions.com\\\/equilibre-de-vie\\\/wp-content\\\/uploads\\\/2020\\\/04\\\/lit-bonne-place-geobiologie-Alexandre.jpg\",\"datePublished\":\"2020-04-27T14:10:19+00:00\",\"dateModified\":\"2021-01-13T10:49:29+00:00\",\"description\":\"Auteur : R\u00e9mi ALEXANDRE Titre : Votre lit est-il \u00e0 la bonne place ? Introduction \u00e0 la g\u00e9obiologie \u00c9diteur : La Rochelle, 1985 Dim. 13,5 x 21 204 pages\",\"breadcrumb\":{\"@id\":\"https:\\\/\\\/www.verdieditions.com\\\/equilibre-de-vie\\\/produit\\\/votre-lit-bonne-place-alexandre\\\/#breadcrumb\"},\"inLanguage\":\"fr-FR\",\"potentialAction\":[{\"@type\":\"ReadAction\",\"target\":[\"https:\\\/\\\/www.verdieditions.com\\\/equilibre-de-vie\\\/produit\\\/votre-lit-bonne-place-alexandre\\\/\"]}]},{\"@type\":\"ImageObject\",\"inLanguage\":\"fr-FR\",\"@id\":\"https:\\\/\\\/www.verdieditions.com\\\/equilibre-de-vie\\\/produit\\\/votre-lit-bonne-place-alexandre\\\/#primaryimage\",\"url\":\"https:\\\/\\\/www.verdieditions.com\\\/equilibre-de-vie\\\/wp-content\\\/uploads\\\/2020\\\/04\\\/lit-bonne-place-geobiologie-Alexandre.jpg\",\"contentUrl\":\"https:\\\/\\\/www.verdieditions.com\\\/equilibre-de-vie\\\/wp-content\\\/uploads\\\/2020\\\/04\\\/lit-bonne-place-geobiologie-Alexandre.jpg\",\"width\":720,\"height\":1112,\"caption\":\"lit-bonne-place-geobiologie-Alexandre\"},{\"@type\":\"BreadcrumbList\",\"@id\":\"https:\\\/\\\/www.verdieditions.com\\\/equilibre-de-vie\\\/produit\\\/votre-lit-bonne-place-alexandre\\\/#breadcrumb\",\"itemListElement\":[{\"@type\":\"ListItem\",\"position\":1,\"name\":\"Accueil\",\"item\":\"https:\\\/\\\/www.verdieditions.com\\\/equilibre-de-vie\\\/\"},{\"@type\":\"ListItem\",\"position\":2,\"name\":\"La boutique\",\"item\":\"https:\\\/\\\/www.verdieditions.com\\\/equilibre-de-vie\\\/boutique\\\/\"},{\"@type\":\"ListItem\",\"position\":3,\"name\":\"Votre lit est-il \u00e0 la bonne place ? &#8211; R\u00e9mi ALEXANDRE\"}]},{\"@type\":\"WebSite\",\"@id\":\"https:\\\/\\\/www.verdieditions.com\\\/equilibre-de-vie\\\/#website\",\"url\":\"https:\\\/\\\/www.verdieditions.com\\\/equilibre-de-vie\\\/\",\"name\":\"Equilibre de Vie\",\"description\":\"Ma boutique livres sant\u00e9, \u00e9sot\u00e9risme et d\u00e9veloppement personnel\",\"publisher\":{\"@id\":\"https:\\\/\\\/www.verdieditions.com\\\/equilibre-de-vie\\\/#\\\/schema\\\/person\\\/9dcb2a6759f2f5fbf43ac0b44649cecb\"},\"potentialAction\":[{\"@type\":\"SearchAction\",\"target\":{\"@type\":\"EntryPoint\",\"urlTemplate\":\"https:\\\/\\\/www.verdieditions.com\\\/equilibre-de-vie\\\/?s={search_term_string}\"},\"query-input\":{\"@type\":\"PropertyValueSpecification\",\"valueRequired\":true,\"valueName\":\"search_term_string\"}}],\"inLanguage\":\"fr-FR\"},{\"@type\":[\"Person\",\"Organization\"],\"@id\":\"https:\\\/\\\/www.verdieditions.com\\\/equilibre-de-vie\\\/#\\\/schema\\\/person\\\/9dcb2a6759f2f5fbf43ac0b44649cecb\",\"name\":\"Sylvie VERDI\",\"image\":{\"@type\":\"ImageObject\",\"inLanguage\":\"fr-FR\",\"@id\":\"https:\\\/\\\/www.verdieditions.com\\\/equilibre-de-vie\\\/wp-content\\\/uploads\\\/2020\\\/04\\\/livres-occasion-sante-esoterisme-developpement-personnel-2.jpg\",\"url\":\"https:\\\/\\\/www.verdieditions.com\\\/equilibre-de-vie\\\/wp-content\\\/uploads\\\/2020\\\/04\\\/livres-occasion-sante-esoterisme-developpement-personnel-2.jpg\",\"contentUrl\":\"https:\\\/\\\/www.verdieditions.com\\\/equilibre-de-vie\\\/wp-content\\\/uploads\\\/2020\\\/04\\\/livres-occasion-sante-esoterisme-developpement-personnel-2.jpg\",\"width\":800,\"height\":572,\"caption\":\"Sylvie VERDI\"},\"logo\":{\"@id\":\"https:\\\/\\\/www.verdieditions.com\\\/equilibre-de-vie\\\/wp-content\\\/uploads\\\/2020\\\/04\\\/livres-occasion-sante-esoterisme-developpement-personnel-2.jpg\"},\"sameAs\":[\"https:\\\/\\\/www.verdieditions.com\\\/equilibre-de-vie\"]}]}<\/script>\n<!-- \/ Yoast SEO plugin. -->","yoast_head_json":{"title":"Votre lit est-il \u00e0 la bonne place ? - R\u00e9mi ALEXANDRE - Equilibre de Vie","description":"Auteur : R\u00e9mi ALEXANDRE Titre : Votre lit est-il \u00e0 la bonne place ? Introduction \u00e0 la g\u00e9obiologie \u00c9diteur : La Rochelle, 1985 Dim. 13,5 x 21 204 pages","robots":{"index":"index","follow":"follow","max-snippet":"max-snippet:-1","max-image-preview":"max-image-preview:large","max-video-preview":"max-video-preview:-1"},"canonical":"https:\/\/www.verdieditions.com\/equilibre-de-vie\/produit\/votre-lit-bonne-place-alexandre\/","og_locale":"fr_FR","og_type":"article","og_title":"Votre lit est-il \u00e0 la bonne place ? - R\u00e9mi ALEXANDRE - Equilibre de Vie","og_description":"Auteur : R\u00e9mi ALEXANDRE Titre : Votre lit est-il \u00e0 la bonne place ? Introduction \u00e0 la g\u00e9obiologie \u00c9diteur : La Rochelle, 1985 Dim. 13,5 x 21 204 pages","og_url":"https:\/\/www.verdieditions.com\/equilibre-de-vie\/produit\/votre-lit-bonne-place-alexandre\/","og_site_name":"Equilibre de Vie","article_modified_time":"2021-01-13T10:49:29+00:00","og_image":[{"width":720,"height":1112,"url":"https:\/\/www.verdieditions.com\/equilibre-de-vie\/wp-content\/uploads\/2020\/04\/lit-bonne-place-geobiologie-Alexandre.jpg","type":"image\/jpeg"}],"twitter_card":"summary_large_image","twitter_misc":{"Dur\u00e9e de lecture estim\u00e9e":"1 minute"},"schema":{"@context":"https:\/\/schema.org","@graph":[{"@type":"WebPage","@id":"https:\/\/www.verdieditions.com\/equilibre-de-vie\/produit\/votre-lit-bonne-place-alexandre\/","url":"https:\/\/www.verdieditions.com\/equilibre-de-vie\/produit\/votre-lit-bonne-place-alexandre\/","name":"Votre lit est-il \u00e0 la bonne place ? - R\u00e9mi ALEXANDRE - Equilibre de Vie","isPartOf":{"@id":"https:\/\/www.verdieditions.com\/equilibre-de-vie\/#website"},"primaryImageOfPage":{"@id":"https:\/\/www.verdieditions.com\/equilibre-de-vie\/produit\/votre-lit-bonne-place-alexandre\/#primaryimage"},"image":{"@id":"https:\/\/www.verdieditions.com\/equilibre-de-vie\/produit\/votre-lit-bonne-place-alexandre\/#primaryimage"},"thumbnailUrl":"https:\/\/www.verdieditions.com\/equilibre-de-vie\/wp-content\/uploads\/2020\/04\/lit-bonne-place-geobiologie-Alexandre.jpg","datePublished":"2020-04-27T14:10:19+00:00","dateModified":"2021-01-13T10:49:29+00:00","description":"Auteur : R\u00e9mi ALEXANDRE Titre : Votre lit est-il \u00e0 la bonne place ? Introduction \u00e0 la g\u00e9obiologie \u00c9diteur : La Rochelle, 1985 Dim. 13,5 x 21 204 pages","breadcrumb":{"@id":"https:\/\/www.verdieditions.com\/equilibre-de-vie\/produit\/votre-lit-bonne-place-alexandre\/#breadcrumb"},"inLanguage":"fr-FR","potentialAction":[{"@type":"ReadAction","target":["https:\/\/www.verdieditions.com\/equilibre-de-vie\/produit\/votre-lit-bonne-place-alexandre\/"]}]},{"@type":"ImageObject","inLanguage":"fr-FR","@id":"https:\/\/www.verdieditions.com\/equilibre-de-vie\/produit\/votre-lit-bonne-place-alexandre\/#primaryimage","url":"https:\/\/www.verdieditions.com\/equilibre-de-vie\/wp-content\/uploads\/2020\/04\/lit-bonne-place-geobiologie-Alexandre.jpg","contentUrl":"https:\/\/www.verdieditions.com\/equilibre-de-vie\/wp-content\/uploads\/2020\/04\/lit-bonne-place-geobiologie-Alexandre.jpg","width":720,"height":1112,"caption":"lit-bonne-place-geobiologie-Alexandre"},{"@type":"BreadcrumbList","@id":"https:\/\/www.verdieditions.com\/equilibre-de-vie\/produit\/votre-lit-bonne-place-alexandre\/#breadcrumb","itemListElement":[{"@type":"ListItem","position":1,"name":"Accueil","item":"https:\/\/www.verdieditions.com\/equilibre-de-vie\/"},{"@type":"ListItem","position":2,"name":"La boutique","item":"https:\/\/www.verdieditions.com\/equilibre-de-vie\/boutique\/"},{"@type":"ListItem","position":3,"name":"Votre lit est-il \u00e0 la bonne place ? &#8211; R\u00e9mi ALEXANDRE"}]},{"@type":"WebSite","@id":"https:\/\/www.verdieditions.com\/equilibre-de-vie\/#website","url":"https:\/\/www.verdieditions.com\/equilibre-de-vie\/","name":"Equilibre de Vie","description":"Ma boutique livres sant\u00e9, \u00e9sot\u00e9risme et d\u00e9veloppement personnel","publisher":{"@id":"https:\/\/www.verdieditions.com\/equilibre-de-vie\/#\/schema\/person\/9dcb2a6759f2f5fbf43ac0b44649cecb"},"potentialAction":[{"@type":"SearchAction","target":{"@type":"EntryPoint","urlTemplate":"https:\/\/www.verdieditions.com\/equilibre-de-vie\/?s={search_term_string}"},"query-input":{"@type":"PropertyValueSpecification","valueRequired":true,"valueName":"search_term_string"}}],"inLanguage":"fr-FR"},{"@type":["Person","Organization"],"@id":"https:\/\/www.verdieditions.com\/equilibre-de-vie\/#\/schema\/person\/9dcb2a6759f2f5fbf43ac0b44649cecb","name":"Sylvie VERDI","image":{"@type":"ImageObject","inLanguage":"fr-FR","@id":"https:\/\/www.verdieditions.com\/equilibre-de-vie\/wp-content\/uploads\/2020\/04\/livres-occasion-sante-esoterisme-developpement-personnel-2.jpg","url":"https:\/\/www.verdieditions.com\/equilibre-de-vie\/wp-content\/uploads\/2020\/04\/livres-occasion-sante-esoterisme-developpement-personnel-2.jpg","contentUrl":"https:\/\/www.verdieditions.com\/equilibre-de-vie\/wp-content\/uploads\/2020\/04\/livres-occasion-sante-esoterisme-developpement-personnel-2.jpg","width":800,"height":572,"caption":"Sylvie VERDI"},"logo":{"@id":"https:\/\/www.verdieditions.com\/equilibre-de-vie\/wp-content\/uploads\/2020\/04\/livres-occasion-sante-esoterisme-developpement-personnel-2.jpg"},"sameAs":["https:\/\/www.verdieditions.com\/equilibre-de-vie"]}]}},"_links":{"self":[{"href":"https:\/\/www.verdieditions.com\/equilibre-de-vie\/wp-json\/wp\/v2\/product\/866","targetHints":{"allow":["GET"]}}],"collection":[{"href":"https:\/\/www.verdieditions.com\/equilibre-de-vie\/wp-json\/wp\/v2\/product"}],"about":[{"href":"https:\/\/www.verdieditions.com\/equilibre-de-vie\/wp-json\/wp\/v2\/types\/product"}],"wp:featuredmedia":[{"embeddable":true,"href":"https:\/\/www.verdieditions.com\/equilibre-de-vie\/wp-json\/wp\/v2\/media\/867"}],"wp:attachment":[{"href":"https:\/\/www.verdieditions.com\/equilibre-de-vie\/wp-json\/wp\/v2\/media?parent=866"}],"wp:term":[{"taxonomy":"product_brand","embeddable":true,"href":"https:\/\/www.verdieditions.com\/equilibre-de-vie\/wp-json\/wp\/v2\/product_brand?post=866"},{"taxonomy":"product_cat","embeddable":true,"href":"https:\/\/www.verdieditions.com\/equilibre-de-vie\/wp-json\/wp\/v2\/product_cat?post=866"},{"taxonomy":"product_tag","embeddable":true,"href":"https:\/\/www.verdieditions.com\/equilibre-de-vie\/wp-json\/wp\/v2\/product_tag?post=866"}],"curies":[{"name":"wp","href":"https:\/\/api.w.org\/{rel}","templated":true}]}}