{"id":863,"date":"2020-04-27T16:02:51","date_gmt":"2020-04-27T14:02:51","guid":{"rendered":"https:\/\/www.verdieditions.com\/equilibre-de-vie\/?post_type=product&#038;p=863"},"modified":"2024-02-07T16:14:58","modified_gmt":"2024-02-07T15:14:58","slug":"feng-chouei-bureaux-lagatree","status":"publish","type":"product","link":"https:\/\/www.verdieditions.com\/equilibre-de-vie\/produit\/feng-chouei-bureaux-lagatree\/","title":{"rendered":"Le Feng Chouei des bureaux &#8211; Kristen M. LAGATREE"},"content":{"rendered":"<p>Auteur : Kristen M. LAGATREE<br \/>\nTitre : Le Feng Chouei des bureaux<br \/>\n\u00c9diteur : Librairie de M\u00e9dicis, 1998<br \/>\nExcellent \u00e9tat, comme neuf<br \/>\nDim. 13,5 x 21,5<br \/>\n146 pages<\/p>\n<p>La notori\u00e9t\u00e9 croissante du Feng-Chouei en Occident, et maintenant en France, ne r\u00e9sulte pas d&rsquo;une mode, mais de la prise de conscience du bien-fond\u00e9 des principes et des r\u00e8gles issus de la civilisation chinoise ancienne et adapt\u00e9s \u00e0 la vie moderne. Le lieu de travail, et tout sp\u00e9cialement, les bureaux, o\u00f9 des millions d&rsquo;entre nous passent la moiti\u00e9 de leur temps \u00e9veill\u00e9s, justifiaient une approche Feng-Chouei sp\u00e9cifique et pratique. C&rsquo;est ce \u00e0 quoi est parvenue Kirsten Lagatree, auteur de best-sellers, dans cet ouvrage qui vous alerte et vous guide vers des solutions personnalis\u00e9es et des applications simples \u00e0 des probl\u00e8mes courants. Elle vous aide \u00e0 am\u00e9liorer vos chances de promotion, vos succ\u00e8s financiers et vos relations professionnelles avec vos coll\u00e8gues, vos clients et vos partenaires. Une simple redistribution de certains meubles, quelques changements dans les couleurs, les emplacements d&rsquo;objets et les \u00e9clairages, de petites touches de d\u00e9coration \u00e0 votre go\u00fbt, peuvent se traduire par des r\u00e9sultats spectaculaires, le premier d&rsquo;entre eux \u00e9tant de vous sentir bien dans votre cadre de travail. Ce livre vous guide dans une d\u00e9marche m\u00e9thodique, bien adapt\u00e9e \u00e0 votre personnalit\u00e9 et \u00e0 vos attentes. Il fourmille d&rsquo;id\u00e9es astucieuses, simples \u00e0 r\u00e9aliser, pour renforcer le Feng-Chouei, et cela que votre cadre de travail soit traditionnel ou r\u00e9solument moderne, au bureau ou \u00e0 la maison. N&rsquo;oubliez pas : le Feng-Chouei travaille pour vous !<\/p>\n","protected":false},"excerpt":{"rendered":"<p>Auteur : Kristen M. LAGATREE<br \/>\nTitre : Le Feng Chouei des bureaux<br \/>\n\u00c9diteur : Librairie de M\u00e9dicis, 1998<br \/>\nExellent \u00e9ta, comme neuf<br \/>\nDim. 13,5 x 21,5<br \/>\n146 pages<\/p>\n","protected":false},"featured_media":864,"template":"","meta":[],"product_brand":[],"product_cat":[22,21],"product_tag":[40,60,66,132,143,147,158,169],"class_list":{"0":"post-863","1":"product","2":"type-product","3":"status-publish","4":"has-post-thumbnail","6":"product_cat-developpement-personnel","7":"product_cat-sante","8":"product_tag-bien-etre","9":"product_tag-energie","10":"product_tag-feng-shui","11":"product_tag-professionnel","12":"product_tag-reussite","13":"product_tag-science","14":"product_tag-succes","15":"product_tag-travail","17":"first","18":"instock","19":"shipping-taxable","20":"product-type-simple"},"yoast_head":"<!-- This site is optimized with the Yoast SEO plugin v27.4 - https:\/\/yoast.com\/product\/yoast-seo-wordpress\/ -->\n<title>Le Feng Chouei des bureaux - Kristen M. LAGATREE - Equilibre de Vie<\/title>\n<meta name=\"description\" content=\"Auteur : Kristen M. LAGATREE Titre : Le Feng Chouei des bureaux \u00c9diteur : Librairie de M\u00e9dicis, 1998 Exellent \u00e9ta, comme neuf Dim. 13,5 x 21,5 146 pages\" \/>\n<meta name=\"robots\" content=\"index, follow, max-snippet:-1, max-image-preview:large, max-video-preview:-1\" \/>\n<link rel=\"canonical\" href=\"https:\/\/www.verdieditions.com\/equilibre-de-vie\/produit\/feng-chouei-bureaux-lagatree\/\" \/>\n<meta property=\"og:locale\" content=\"fr_FR\" \/>\n<meta property=\"og:type\" content=\"article\" \/>\n<meta property=\"og:title\" content=\"Le Feng Chouei des bureaux - Kristen M. LAGATREE - Equilibre de Vie\" \/>\n<meta property=\"og:description\" content=\"Auteur : Kristen M. LAGATREE Titre : Le Feng Chouei des bureaux \u00c9diteur : Librairie de M\u00e9dicis, 1998 Exellent \u00e9ta, comme neuf Dim. 13,5 x 21,5 146 pages\" \/>\n<meta property=\"og:url\" content=\"https:\/\/www.verdieditions.com\/equilibre-de-vie\/produit\/feng-chouei-bureaux-lagatree\/\" \/>\n<meta property=\"og:site_name\" content=\"Equilibre de Vie\" \/>\n<meta property=\"article:modified_time\" content=\"2024-02-07T15:14:58+00:00\" \/>\n<meta property=\"og:image\" content=\"https:\/\/www.verdieditions.com\/equilibre-de-vie\/wp-content\/uploads\/2020\/04\/Feng-chouei-bureaux-Lagatree.jpg\" \/>\n\t<meta property=\"og:image:width\" content=\"784\" \/>\n\t<meta property=\"og:image:height\" content=\"1218\" \/>\n\t<meta property=\"og:image:type\" content=\"image\/jpeg\" \/>\n<meta name=\"twitter:card\" content=\"summary_large_image\" \/>\n<meta name=\"twitter:label1\" content=\"Dur\u00e9e de lecture estim\u00e9e\" \/>\n\t<meta name=\"twitter:data1\" content=\"1 minute\" \/>\n<script type=\"application\/ld+json\" class=\"yoast-schema-graph\">{\"@context\":\"https:\\\/\\\/schema.org\",\"@graph\":[{\"@type\":\"WebPage\",\"@id\":\"https:\\\/\\\/www.verdieditions.com\\\/equilibre-de-vie\\\/produit\\\/feng-chouei-bureaux-lagatree\\\/\",\"url\":\"https:\\\/\\\/www.verdieditions.com\\\/equilibre-de-vie\\\/produit\\\/feng-chouei-bureaux-lagatree\\\/\",\"name\":\"Le Feng Chouei des bureaux - Kristen M. LAGATREE - Equilibre de Vie\",\"isPartOf\":{\"@id\":\"https:\\\/\\\/www.verdieditions.com\\\/equilibre-de-vie\\\/#website\"},\"primaryImageOfPage\":{\"@id\":\"https:\\\/\\\/www.verdieditions.com\\\/equilibre-de-vie\\\/produit\\\/feng-chouei-bureaux-lagatree\\\/#primaryimage\"},\"image\":{\"@id\":\"https:\\\/\\\/www.verdieditions.com\\\/equilibre-de-vie\\\/produit\\\/feng-chouei-bureaux-lagatree\\\/#primaryimage\"},\"thumbnailUrl\":\"https:\\\/\\\/www.verdieditions.com\\\/equilibre-de-vie\\\/wp-content\\\/uploads\\\/2020\\\/04\\\/Feng-chouei-bureaux-Lagatree.jpg\",\"datePublished\":\"2020-04-27T14:02:51+00:00\",\"dateModified\":\"2024-02-07T15:14:58+00:00\",\"description\":\"Auteur : Kristen M. LAGATREE Titre : Le Feng Chouei des bureaux \u00c9diteur : Librairie de M\u00e9dicis, 1998 Exellent \u00e9ta, comme neuf Dim. 13,5 x 21,5 146 pages\",\"breadcrumb\":{\"@id\":\"https:\\\/\\\/www.verdieditions.com\\\/equilibre-de-vie\\\/produit\\\/feng-chouei-bureaux-lagatree\\\/#breadcrumb\"},\"inLanguage\":\"fr-FR\",\"potentialAction\":[{\"@type\":\"ReadAction\",\"target\":[\"https:\\\/\\\/www.verdieditions.com\\\/equilibre-de-vie\\\/produit\\\/feng-chouei-bureaux-lagatree\\\/\"]}]},{\"@type\":\"ImageObject\",\"inLanguage\":\"fr-FR\",\"@id\":\"https:\\\/\\\/www.verdieditions.com\\\/equilibre-de-vie\\\/produit\\\/feng-chouei-bureaux-lagatree\\\/#primaryimage\",\"url\":\"https:\\\/\\\/www.verdieditions.com\\\/equilibre-de-vie\\\/wp-content\\\/uploads\\\/2020\\\/04\\\/Feng-chouei-bureaux-Lagatree.jpg\",\"contentUrl\":\"https:\\\/\\\/www.verdieditions.com\\\/equilibre-de-vie\\\/wp-content\\\/uploads\\\/2020\\\/04\\\/Feng-chouei-bureaux-Lagatree.jpg\",\"width\":784,\"height\":1218,\"caption\":\"Feng-chouei-bureaux-Lagatree\"},{\"@type\":\"BreadcrumbList\",\"@id\":\"https:\\\/\\\/www.verdieditions.com\\\/equilibre-de-vie\\\/produit\\\/feng-chouei-bureaux-lagatree\\\/#breadcrumb\",\"itemListElement\":[{\"@type\":\"ListItem\",\"position\":1,\"name\":\"Accueil\",\"item\":\"https:\\\/\\\/www.verdieditions.com\\\/equilibre-de-vie\\\/\"},{\"@type\":\"ListItem\",\"position\":2,\"name\":\"La boutique\",\"item\":\"https:\\\/\\\/www.verdieditions.com\\\/equilibre-de-vie\\\/boutique\\\/\"},{\"@type\":\"ListItem\",\"position\":3,\"name\":\"Le Feng Chouei des bureaux &#8211; Kristen M. LAGATREE\"}]},{\"@type\":\"WebSite\",\"@id\":\"https:\\\/\\\/www.verdieditions.com\\\/equilibre-de-vie\\\/#website\",\"url\":\"https:\\\/\\\/www.verdieditions.com\\\/equilibre-de-vie\\\/\",\"name\":\"Equilibre de Vie\",\"description\":\"Ma boutique livres sant\u00e9, \u00e9sot\u00e9risme et d\u00e9veloppement personnel\",\"publisher\":{\"@id\":\"https:\\\/\\\/www.verdieditions.com\\\/equilibre-de-vie\\\/#\\\/schema\\\/person\\\/9dcb2a6759f2f5fbf43ac0b44649cecb\"},\"potentialAction\":[{\"@type\":\"SearchAction\",\"target\":{\"@type\":\"EntryPoint\",\"urlTemplate\":\"https:\\\/\\\/www.verdieditions.com\\\/equilibre-de-vie\\\/?s={search_term_string}\"},\"query-input\":{\"@type\":\"PropertyValueSpecification\",\"valueRequired\":true,\"valueName\":\"search_term_string\"}}],\"inLanguage\":\"fr-FR\"},{\"@type\":[\"Person\",\"Organization\"],\"@id\":\"https:\\\/\\\/www.verdieditions.com\\\/equilibre-de-vie\\\/#\\\/schema\\\/person\\\/9dcb2a6759f2f5fbf43ac0b44649cecb\",\"name\":\"Sylvie VERDI\",\"image\":{\"@type\":\"ImageObject\",\"inLanguage\":\"fr-FR\",\"@id\":\"https:\\\/\\\/www.verdieditions.com\\\/equilibre-de-vie\\\/wp-content\\\/uploads\\\/2020\\\/04\\\/livres-occasion-sante-esoterisme-developpement-personnel-2.jpg\",\"url\":\"https:\\\/\\\/www.verdieditions.com\\\/equilibre-de-vie\\\/wp-content\\\/uploads\\\/2020\\\/04\\\/livres-occasion-sante-esoterisme-developpement-personnel-2.jpg\",\"contentUrl\":\"https:\\\/\\\/www.verdieditions.com\\\/equilibre-de-vie\\\/wp-content\\\/uploads\\\/2020\\\/04\\\/livres-occasion-sante-esoterisme-developpement-personnel-2.jpg\",\"width\":800,\"height\":572,\"caption\":\"Sylvie VERDI\"},\"logo\":{\"@id\":\"https:\\\/\\\/www.verdieditions.com\\\/equilibre-de-vie\\\/wp-content\\\/uploads\\\/2020\\\/04\\\/livres-occasion-sante-esoterisme-developpement-personnel-2.jpg\"},\"sameAs\":[\"https:\\\/\\\/www.verdieditions.com\\\/equilibre-de-vie\"]}]}<\/script>\n<!-- \/ Yoast SEO plugin. -->","yoast_head_json":{"title":"Le Feng Chouei des bureaux - Kristen M. LAGATREE - Equilibre de Vie","description":"Auteur : Kristen M. LAGATREE Titre : Le Feng Chouei des bureaux \u00c9diteur : Librairie de M\u00e9dicis, 1998 Exellent \u00e9ta, comme neuf Dim. 13,5 x 21,5 146 pages","robots":{"index":"index","follow":"follow","max-snippet":"max-snippet:-1","max-image-preview":"max-image-preview:large","max-video-preview":"max-video-preview:-1"},"canonical":"https:\/\/www.verdieditions.com\/equilibre-de-vie\/produit\/feng-chouei-bureaux-lagatree\/","og_locale":"fr_FR","og_type":"article","og_title":"Le Feng Chouei des bureaux - Kristen M. LAGATREE - Equilibre de Vie","og_description":"Auteur : Kristen M. LAGATREE Titre : Le Feng Chouei des bureaux \u00c9diteur : Librairie de M\u00e9dicis, 1998 Exellent \u00e9ta, comme neuf Dim. 13,5 x 21,5 146 pages","og_url":"https:\/\/www.verdieditions.com\/equilibre-de-vie\/produit\/feng-chouei-bureaux-lagatree\/","og_site_name":"Equilibre de Vie","article_modified_time":"2024-02-07T15:14:58+00:00","og_image":[{"width":784,"height":1218,"url":"https:\/\/www.verdieditions.com\/equilibre-de-vie\/wp-content\/uploads\/2020\/04\/Feng-chouei-bureaux-Lagatree.jpg","type":"image\/jpeg"}],"twitter_card":"summary_large_image","twitter_misc":{"Dur\u00e9e de lecture estim\u00e9e":"1 minute"},"schema":{"@context":"https:\/\/schema.org","@graph":[{"@type":"WebPage","@id":"https:\/\/www.verdieditions.com\/equilibre-de-vie\/produit\/feng-chouei-bureaux-lagatree\/","url":"https:\/\/www.verdieditions.com\/equilibre-de-vie\/produit\/feng-chouei-bureaux-lagatree\/","name":"Le Feng Chouei des bureaux - Kristen M. LAGATREE - Equilibre de Vie","isPartOf":{"@id":"https:\/\/www.verdieditions.com\/equilibre-de-vie\/#website"},"primaryImageOfPage":{"@id":"https:\/\/www.verdieditions.com\/equilibre-de-vie\/produit\/feng-chouei-bureaux-lagatree\/#primaryimage"},"image":{"@id":"https:\/\/www.verdieditions.com\/equilibre-de-vie\/produit\/feng-chouei-bureaux-lagatree\/#primaryimage"},"thumbnailUrl":"https:\/\/www.verdieditions.com\/equilibre-de-vie\/wp-content\/uploads\/2020\/04\/Feng-chouei-bureaux-Lagatree.jpg","datePublished":"2020-04-27T14:02:51+00:00","dateModified":"2024-02-07T15:14:58+00:00","description":"Auteur : Kristen M. LAGATREE Titre : Le Feng Chouei des bureaux \u00c9diteur : Librairie de M\u00e9dicis, 1998 Exellent \u00e9ta, comme neuf Dim. 13,5 x 21,5 146 pages","breadcrumb":{"@id":"https:\/\/www.verdieditions.com\/equilibre-de-vie\/produit\/feng-chouei-bureaux-lagatree\/#breadcrumb"},"inLanguage":"fr-FR","potentialAction":[{"@type":"ReadAction","target":["https:\/\/www.verdieditions.com\/equilibre-de-vie\/produit\/feng-chouei-bureaux-lagatree\/"]}]},{"@type":"ImageObject","inLanguage":"fr-FR","@id":"https:\/\/www.verdieditions.com\/equilibre-de-vie\/produit\/feng-chouei-bureaux-lagatree\/#primaryimage","url":"https:\/\/www.verdieditions.com\/equilibre-de-vie\/wp-content\/uploads\/2020\/04\/Feng-chouei-bureaux-Lagatree.jpg","contentUrl":"https:\/\/www.verdieditions.com\/equilibre-de-vie\/wp-content\/uploads\/2020\/04\/Feng-chouei-bureaux-Lagatree.jpg","width":784,"height":1218,"caption":"Feng-chouei-bureaux-Lagatree"},{"@type":"BreadcrumbList","@id":"https:\/\/www.verdieditions.com\/equilibre-de-vie\/produit\/feng-chouei-bureaux-lagatree\/#breadcrumb","itemListElement":[{"@type":"ListItem","position":1,"name":"Accueil","item":"https:\/\/www.verdieditions.com\/equilibre-de-vie\/"},{"@type":"ListItem","position":2,"name":"La boutique","item":"https:\/\/www.verdieditions.com\/equilibre-de-vie\/boutique\/"},{"@type":"ListItem","position":3,"name":"Le Feng Chouei des bureaux &#8211; Kristen M. LAGATREE"}]},{"@type":"WebSite","@id":"https:\/\/www.verdieditions.com\/equilibre-de-vie\/#website","url":"https:\/\/www.verdieditions.com\/equilibre-de-vie\/","name":"Equilibre de Vie","description":"Ma boutique livres sant\u00e9, \u00e9sot\u00e9risme et d\u00e9veloppement personnel","publisher":{"@id":"https:\/\/www.verdieditions.com\/equilibre-de-vie\/#\/schema\/person\/9dcb2a6759f2f5fbf43ac0b44649cecb"},"potentialAction":[{"@type":"SearchAction","target":{"@type":"EntryPoint","urlTemplate":"https:\/\/www.verdieditions.com\/equilibre-de-vie\/?s={search_term_string}"},"query-input":{"@type":"PropertyValueSpecification","valueRequired":true,"valueName":"search_term_string"}}],"inLanguage":"fr-FR"},{"@type":["Person","Organization"],"@id":"https:\/\/www.verdieditions.com\/equilibre-de-vie\/#\/schema\/person\/9dcb2a6759f2f5fbf43ac0b44649cecb","name":"Sylvie VERDI","image":{"@type":"ImageObject","inLanguage":"fr-FR","@id":"https:\/\/www.verdieditions.com\/equilibre-de-vie\/wp-content\/uploads\/2020\/04\/livres-occasion-sante-esoterisme-developpement-personnel-2.jpg","url":"https:\/\/www.verdieditions.com\/equilibre-de-vie\/wp-content\/uploads\/2020\/04\/livres-occasion-sante-esoterisme-developpement-personnel-2.jpg","contentUrl":"https:\/\/www.verdieditions.com\/equilibre-de-vie\/wp-content\/uploads\/2020\/04\/livres-occasion-sante-esoterisme-developpement-personnel-2.jpg","width":800,"height":572,"caption":"Sylvie VERDI"},"logo":{"@id":"https:\/\/www.verdieditions.com\/equilibre-de-vie\/wp-content\/uploads\/2020\/04\/livres-occasion-sante-esoterisme-developpement-personnel-2.jpg"},"sameAs":["https:\/\/www.verdieditions.com\/equilibre-de-vie"]}]}},"_links":{"self":[{"href":"https:\/\/www.verdieditions.com\/equilibre-de-vie\/wp-json\/wp\/v2\/product\/863","targetHints":{"allow":["GET"]}}],"collection":[{"href":"https:\/\/www.verdieditions.com\/equilibre-de-vie\/wp-json\/wp\/v2\/product"}],"about":[{"href":"https:\/\/www.verdieditions.com\/equilibre-de-vie\/wp-json\/wp\/v2\/types\/product"}],"wp:featuredmedia":[{"embeddable":true,"href":"https:\/\/www.verdieditions.com\/equilibre-de-vie\/wp-json\/wp\/v2\/media\/864"}],"wp:attachment":[{"href":"https:\/\/www.verdieditions.com\/equilibre-de-vie\/wp-json\/wp\/v2\/media?parent=863"}],"wp:term":[{"taxonomy":"product_brand","embeddable":true,"href":"https:\/\/www.verdieditions.com\/equilibre-de-vie\/wp-json\/wp\/v2\/product_brand?post=863"},{"taxonomy":"product_cat","embeddable":true,"href":"https:\/\/www.verdieditions.com\/equilibre-de-vie\/wp-json\/wp\/v2\/product_cat?post=863"},{"taxonomy":"product_tag","embeddable":true,"href":"https:\/\/www.verdieditions.com\/equilibre-de-vie\/wp-json\/wp\/v2\/product_tag?post=863"}],"curies":[{"name":"wp","href":"https:\/\/api.w.org\/{rel}","templated":true}]}}