{"id":842,"date":"2020-04-27T14:42:32","date_gmt":"2020-04-27T12:42:32","guid":{"rendered":"https:\/\/www.verdieditions.com\/equilibre-de-vie\/?post_type=product&#038;p=842"},"modified":"2024-04-05T10:24:17","modified_gmt":"2024-04-05T08:24:17","slug":"stress-decouverte-soi-dupont","status":"publish","type":"product","link":"https:\/\/www.verdieditions.com\/equilibre-de-vie\/produit\/stress-decouverte-soi-dupont\/","title":{"rendered":"Le stress et la d\u00e9couverte de soi &#8211; Dr Paul DUPONT"},"content":{"rendered":"<p>Auteur : Dr Paul DUPONT, ancien chef de clinique et assistant des h\u00f4pitaux<br \/>\nTitre : Le stress et la d\u00e9couverte de soi<br \/>\n\u00c9diteur : Diffusion Traditionnelle, 1994, 2\u00e8me \u00e9dition, Collection sant\u00e9 et bien-\u00eatre<br \/>\nEtat comme neuf<br \/>\nDim. 14,5 x 21,5<br \/>\n162 pages<\/p>\n","protected":false},"excerpt":{"rendered":"<p>Auteur : Dr Paul DUPONT, ancien chef de clinique et assistant des h\u00f4pitaux<br \/>\nTitre : Le stress et la d\u00e9couverte de soi<br \/>\n\u00c9diteur : Diffusion Traditionnelle, 1994, 2\u00e8me \u00e9dition, Collection sant\u00e9 et bien-\u00eatre<br \/>\nEtat comme neuf<br \/>\nDim. 14,5 x 21,5<br \/>\n162 pages<\/p>\n","protected":false},"featured_media":843,"template":"","meta":[],"product_brand":[],"product_cat":[22,23,21],"product_tag":[51,135,140,156,173],"class_list":{"0":"post-842","1":"product","2":"type-product","3":"status-publish","4":"has-post-thumbnail","6":"product_cat-developpement-personnel","7":"product_cat-esoterisme","8":"product_cat-sante","9":"product_tag-confiance-en-soi","10":"product_tag-psychologie","11":"product_tag-relaxation","12":"product_tag-stress","13":"product_tag-visualisation","15":"first","16":"instock","17":"shipping-taxable","18":"product-type-simple"},"yoast_head":"<!-- This site is optimized with the Yoast SEO plugin v27.4 - https:\/\/yoast.com\/product\/yoast-seo-wordpress\/ -->\n<title>Le stress et la d\u00e9couverte de soi - Dr Paul DUPONT - Equilibre de Vie<\/title>\n<meta name=\"description\" content=\"Auteur : Dr Paul DUPONT, ancien chef de clinique et assistant des h\u00f4pitaux Titre : Le stress et la d\u00e9couverte de soi \u00c9diteur : Diffusion Traditionnelle, 1994, 2\u00e8me \u00e9dition, Collection sant\u00e9 et bien-\u00eatre Etat comme neuf Dim. 14,5 x 21,5 162 pages\" \/>\n<meta name=\"robots\" content=\"index, follow, max-snippet:-1, max-image-preview:large, max-video-preview:-1\" \/>\n<link rel=\"canonical\" href=\"https:\/\/www.verdieditions.com\/equilibre-de-vie\/produit\/stress-decouverte-soi-dupont\/\" \/>\n<meta property=\"og:locale\" content=\"fr_FR\" \/>\n<meta property=\"og:type\" content=\"article\" \/>\n<meta property=\"og:title\" content=\"Le stress et la d\u00e9couverte de soi - Dr Paul DUPONT - Equilibre de Vie\" \/>\n<meta property=\"og:description\" content=\"Auteur : Dr Paul DUPONT, ancien chef de clinique et assistant des h\u00f4pitaux Titre : Le stress et la d\u00e9couverte de soi \u00c9diteur : Diffusion Traditionnelle, 1994, 2\u00e8me \u00e9dition, Collection sant\u00e9 et bien-\u00eatre Etat comme neuf Dim. 14,5 x 21,5 162 pages\" \/>\n<meta property=\"og:url\" content=\"https:\/\/www.verdieditions.com\/equilibre-de-vie\/produit\/stress-decouverte-soi-dupont\/\" \/>\n<meta property=\"og:site_name\" content=\"Equilibre de Vie\" \/>\n<meta property=\"article:modified_time\" content=\"2024-04-05T08:24:17+00:00\" \/>\n<meta property=\"og:image\" content=\"https:\/\/www.verdieditions.com\/equilibre-de-vie\/wp-content\/uploads\/2020\/04\/stress-decouverte-soi-Dupont.jpg\" \/>\n\t<meta property=\"og:image:width\" content=\"817\" \/>\n\t<meta property=\"og:image:height\" content=\"1201\" \/>\n\t<meta property=\"og:image:type\" content=\"image\/jpeg\" \/>\n<meta name=\"twitter:card\" content=\"summary_large_image\" \/>\n<script type=\"application\/ld+json\" class=\"yoast-schema-graph\">{\"@context\":\"https:\\\/\\\/schema.org\",\"@graph\":[{\"@type\":\"WebPage\",\"@id\":\"https:\\\/\\\/www.verdieditions.com\\\/equilibre-de-vie\\\/produit\\\/stress-decouverte-soi-dupont\\\/\",\"url\":\"https:\\\/\\\/www.verdieditions.com\\\/equilibre-de-vie\\\/produit\\\/stress-decouverte-soi-dupont\\\/\",\"name\":\"Le stress et la d\u00e9couverte de soi - Dr Paul DUPONT - Equilibre de Vie\",\"isPartOf\":{\"@id\":\"https:\\\/\\\/www.verdieditions.com\\\/equilibre-de-vie\\\/#website\"},\"primaryImageOfPage\":{\"@id\":\"https:\\\/\\\/www.verdieditions.com\\\/equilibre-de-vie\\\/produit\\\/stress-decouverte-soi-dupont\\\/#primaryimage\"},\"image\":{\"@id\":\"https:\\\/\\\/www.verdieditions.com\\\/equilibre-de-vie\\\/produit\\\/stress-decouverte-soi-dupont\\\/#primaryimage\"},\"thumbnailUrl\":\"https:\\\/\\\/www.verdieditions.com\\\/equilibre-de-vie\\\/wp-content\\\/uploads\\\/2020\\\/04\\\/stress-decouverte-soi-Dupont.jpg\",\"datePublished\":\"2020-04-27T12:42:32+00:00\",\"dateModified\":\"2024-04-05T08:24:17+00:00\",\"description\":\"Auteur : Dr Paul DUPONT, ancien chef de clinique et assistant des h\u00f4pitaux Titre : Le stress et la d\u00e9couverte de soi \u00c9diteur : Diffusion Traditionnelle, 1994, 2\u00e8me \u00e9dition, Collection sant\u00e9 et bien-\u00eatre Etat comme neuf Dim. 14,5 x 21,5 162 pages\",\"breadcrumb\":{\"@id\":\"https:\\\/\\\/www.verdieditions.com\\\/equilibre-de-vie\\\/produit\\\/stress-decouverte-soi-dupont\\\/#breadcrumb\"},\"inLanguage\":\"fr-FR\",\"potentialAction\":[{\"@type\":\"ReadAction\",\"target\":[\"https:\\\/\\\/www.verdieditions.com\\\/equilibre-de-vie\\\/produit\\\/stress-decouverte-soi-dupont\\\/\"]}]},{\"@type\":\"ImageObject\",\"inLanguage\":\"fr-FR\",\"@id\":\"https:\\\/\\\/www.verdieditions.com\\\/equilibre-de-vie\\\/produit\\\/stress-decouverte-soi-dupont\\\/#primaryimage\",\"url\":\"https:\\\/\\\/www.verdieditions.com\\\/equilibre-de-vie\\\/wp-content\\\/uploads\\\/2020\\\/04\\\/stress-decouverte-soi-Dupont.jpg\",\"contentUrl\":\"https:\\\/\\\/www.verdieditions.com\\\/equilibre-de-vie\\\/wp-content\\\/uploads\\\/2020\\\/04\\\/stress-decouverte-soi-Dupont.jpg\",\"width\":817,\"height\":1201,\"caption\":\"stress-decouverte-soi-Dupont\"},{\"@type\":\"BreadcrumbList\",\"@id\":\"https:\\\/\\\/www.verdieditions.com\\\/equilibre-de-vie\\\/produit\\\/stress-decouverte-soi-dupont\\\/#breadcrumb\",\"itemListElement\":[{\"@type\":\"ListItem\",\"position\":1,\"name\":\"Accueil\",\"item\":\"https:\\\/\\\/www.verdieditions.com\\\/equilibre-de-vie\\\/\"},{\"@type\":\"ListItem\",\"position\":2,\"name\":\"La boutique\",\"item\":\"https:\\\/\\\/www.verdieditions.com\\\/equilibre-de-vie\\\/boutique\\\/\"},{\"@type\":\"ListItem\",\"position\":3,\"name\":\"Le stress et la d\u00e9couverte de soi &#8211; Dr Paul DUPONT\"}]},{\"@type\":\"WebSite\",\"@id\":\"https:\\\/\\\/www.verdieditions.com\\\/equilibre-de-vie\\\/#website\",\"url\":\"https:\\\/\\\/www.verdieditions.com\\\/equilibre-de-vie\\\/\",\"name\":\"Equilibre de Vie\",\"description\":\"Ma boutique livres sant\u00e9, \u00e9sot\u00e9risme et d\u00e9veloppement personnel\",\"publisher\":{\"@id\":\"https:\\\/\\\/www.verdieditions.com\\\/equilibre-de-vie\\\/#\\\/schema\\\/person\\\/9dcb2a6759f2f5fbf43ac0b44649cecb\"},\"potentialAction\":[{\"@type\":\"SearchAction\",\"target\":{\"@type\":\"EntryPoint\",\"urlTemplate\":\"https:\\\/\\\/www.verdieditions.com\\\/equilibre-de-vie\\\/?s={search_term_string}\"},\"query-input\":{\"@type\":\"PropertyValueSpecification\",\"valueRequired\":true,\"valueName\":\"search_term_string\"}}],\"inLanguage\":\"fr-FR\"},{\"@type\":[\"Person\",\"Organization\"],\"@id\":\"https:\\\/\\\/www.verdieditions.com\\\/equilibre-de-vie\\\/#\\\/schema\\\/person\\\/9dcb2a6759f2f5fbf43ac0b44649cecb\",\"name\":\"Sylvie VERDI\",\"image\":{\"@type\":\"ImageObject\",\"inLanguage\":\"fr-FR\",\"@id\":\"https:\\\/\\\/www.verdieditions.com\\\/equilibre-de-vie\\\/wp-content\\\/uploads\\\/2020\\\/04\\\/livres-occasion-sante-esoterisme-developpement-personnel-2.jpg\",\"url\":\"https:\\\/\\\/www.verdieditions.com\\\/equilibre-de-vie\\\/wp-content\\\/uploads\\\/2020\\\/04\\\/livres-occasion-sante-esoterisme-developpement-personnel-2.jpg\",\"contentUrl\":\"https:\\\/\\\/www.verdieditions.com\\\/equilibre-de-vie\\\/wp-content\\\/uploads\\\/2020\\\/04\\\/livres-occasion-sante-esoterisme-developpement-personnel-2.jpg\",\"width\":800,\"height\":572,\"caption\":\"Sylvie VERDI\"},\"logo\":{\"@id\":\"https:\\\/\\\/www.verdieditions.com\\\/equilibre-de-vie\\\/wp-content\\\/uploads\\\/2020\\\/04\\\/livres-occasion-sante-esoterisme-developpement-personnel-2.jpg\"},\"sameAs\":[\"https:\\\/\\\/www.verdieditions.com\\\/equilibre-de-vie\"]}]}<\/script>\n<!-- \/ Yoast SEO plugin. -->","yoast_head_json":{"title":"Le stress et la d\u00e9couverte de soi - Dr Paul DUPONT - Equilibre de Vie","description":"Auteur : Dr Paul DUPONT, ancien chef de clinique et assistant des h\u00f4pitaux Titre : Le stress et la d\u00e9couverte de soi \u00c9diteur : Diffusion Traditionnelle, 1994, 2\u00e8me \u00e9dition, Collection sant\u00e9 et bien-\u00eatre Etat comme neuf Dim. 14,5 x 21,5 162 pages","robots":{"index":"index","follow":"follow","max-snippet":"max-snippet:-1","max-image-preview":"max-image-preview:large","max-video-preview":"max-video-preview:-1"},"canonical":"https:\/\/www.verdieditions.com\/equilibre-de-vie\/produit\/stress-decouverte-soi-dupont\/","og_locale":"fr_FR","og_type":"article","og_title":"Le stress et la d\u00e9couverte de soi - Dr Paul DUPONT - Equilibre de Vie","og_description":"Auteur : Dr Paul DUPONT, ancien chef de clinique et assistant des h\u00f4pitaux Titre : Le stress et la d\u00e9couverte de soi \u00c9diteur : Diffusion Traditionnelle, 1994, 2\u00e8me \u00e9dition, Collection sant\u00e9 et bien-\u00eatre Etat comme neuf Dim. 14,5 x 21,5 162 pages","og_url":"https:\/\/www.verdieditions.com\/equilibre-de-vie\/produit\/stress-decouverte-soi-dupont\/","og_site_name":"Equilibre de Vie","article_modified_time":"2024-04-05T08:24:17+00:00","og_image":[{"width":817,"height":1201,"url":"https:\/\/www.verdieditions.com\/equilibre-de-vie\/wp-content\/uploads\/2020\/04\/stress-decouverte-soi-Dupont.jpg","type":"image\/jpeg"}],"twitter_card":"summary_large_image","schema":{"@context":"https:\/\/schema.org","@graph":[{"@type":"WebPage","@id":"https:\/\/www.verdieditions.com\/equilibre-de-vie\/produit\/stress-decouverte-soi-dupont\/","url":"https:\/\/www.verdieditions.com\/equilibre-de-vie\/produit\/stress-decouverte-soi-dupont\/","name":"Le stress et la d\u00e9couverte de soi - Dr Paul DUPONT - Equilibre de Vie","isPartOf":{"@id":"https:\/\/www.verdieditions.com\/equilibre-de-vie\/#website"},"primaryImageOfPage":{"@id":"https:\/\/www.verdieditions.com\/equilibre-de-vie\/produit\/stress-decouverte-soi-dupont\/#primaryimage"},"image":{"@id":"https:\/\/www.verdieditions.com\/equilibre-de-vie\/produit\/stress-decouverte-soi-dupont\/#primaryimage"},"thumbnailUrl":"https:\/\/www.verdieditions.com\/equilibre-de-vie\/wp-content\/uploads\/2020\/04\/stress-decouverte-soi-Dupont.jpg","datePublished":"2020-04-27T12:42:32+00:00","dateModified":"2024-04-05T08:24:17+00:00","description":"Auteur : Dr Paul DUPONT, ancien chef de clinique et assistant des h\u00f4pitaux Titre : Le stress et la d\u00e9couverte de soi \u00c9diteur : Diffusion Traditionnelle, 1994, 2\u00e8me \u00e9dition, Collection sant\u00e9 et bien-\u00eatre Etat comme neuf Dim. 14,5 x 21,5 162 pages","breadcrumb":{"@id":"https:\/\/www.verdieditions.com\/equilibre-de-vie\/produit\/stress-decouverte-soi-dupont\/#breadcrumb"},"inLanguage":"fr-FR","potentialAction":[{"@type":"ReadAction","target":["https:\/\/www.verdieditions.com\/equilibre-de-vie\/produit\/stress-decouverte-soi-dupont\/"]}]},{"@type":"ImageObject","inLanguage":"fr-FR","@id":"https:\/\/www.verdieditions.com\/equilibre-de-vie\/produit\/stress-decouverte-soi-dupont\/#primaryimage","url":"https:\/\/www.verdieditions.com\/equilibre-de-vie\/wp-content\/uploads\/2020\/04\/stress-decouverte-soi-Dupont.jpg","contentUrl":"https:\/\/www.verdieditions.com\/equilibre-de-vie\/wp-content\/uploads\/2020\/04\/stress-decouverte-soi-Dupont.jpg","width":817,"height":1201,"caption":"stress-decouverte-soi-Dupont"},{"@type":"BreadcrumbList","@id":"https:\/\/www.verdieditions.com\/equilibre-de-vie\/produit\/stress-decouverte-soi-dupont\/#breadcrumb","itemListElement":[{"@type":"ListItem","position":1,"name":"Accueil","item":"https:\/\/www.verdieditions.com\/equilibre-de-vie\/"},{"@type":"ListItem","position":2,"name":"La boutique","item":"https:\/\/www.verdieditions.com\/equilibre-de-vie\/boutique\/"},{"@type":"ListItem","position":3,"name":"Le stress et la d\u00e9couverte de soi &#8211; Dr Paul DUPONT"}]},{"@type":"WebSite","@id":"https:\/\/www.verdieditions.com\/equilibre-de-vie\/#website","url":"https:\/\/www.verdieditions.com\/equilibre-de-vie\/","name":"Equilibre de Vie","description":"Ma boutique livres sant\u00e9, \u00e9sot\u00e9risme et d\u00e9veloppement personnel","publisher":{"@id":"https:\/\/www.verdieditions.com\/equilibre-de-vie\/#\/schema\/person\/9dcb2a6759f2f5fbf43ac0b44649cecb"},"potentialAction":[{"@type":"SearchAction","target":{"@type":"EntryPoint","urlTemplate":"https:\/\/www.verdieditions.com\/equilibre-de-vie\/?s={search_term_string}"},"query-input":{"@type":"PropertyValueSpecification","valueRequired":true,"valueName":"search_term_string"}}],"inLanguage":"fr-FR"},{"@type":["Person","Organization"],"@id":"https:\/\/www.verdieditions.com\/equilibre-de-vie\/#\/schema\/person\/9dcb2a6759f2f5fbf43ac0b44649cecb","name":"Sylvie VERDI","image":{"@type":"ImageObject","inLanguage":"fr-FR","@id":"https:\/\/www.verdieditions.com\/equilibre-de-vie\/wp-content\/uploads\/2020\/04\/livres-occasion-sante-esoterisme-developpement-personnel-2.jpg","url":"https:\/\/www.verdieditions.com\/equilibre-de-vie\/wp-content\/uploads\/2020\/04\/livres-occasion-sante-esoterisme-developpement-personnel-2.jpg","contentUrl":"https:\/\/www.verdieditions.com\/equilibre-de-vie\/wp-content\/uploads\/2020\/04\/livres-occasion-sante-esoterisme-developpement-personnel-2.jpg","width":800,"height":572,"caption":"Sylvie VERDI"},"logo":{"@id":"https:\/\/www.verdieditions.com\/equilibre-de-vie\/wp-content\/uploads\/2020\/04\/livres-occasion-sante-esoterisme-developpement-personnel-2.jpg"},"sameAs":["https:\/\/www.verdieditions.com\/equilibre-de-vie"]}]}},"_links":{"self":[{"href":"https:\/\/www.verdieditions.com\/equilibre-de-vie\/wp-json\/wp\/v2\/product\/842","targetHints":{"allow":["GET"]}}],"collection":[{"href":"https:\/\/www.verdieditions.com\/equilibre-de-vie\/wp-json\/wp\/v2\/product"}],"about":[{"href":"https:\/\/www.verdieditions.com\/equilibre-de-vie\/wp-json\/wp\/v2\/types\/product"}],"wp:featuredmedia":[{"embeddable":true,"href":"https:\/\/www.verdieditions.com\/equilibre-de-vie\/wp-json\/wp\/v2\/media\/843"}],"wp:attachment":[{"href":"https:\/\/www.verdieditions.com\/equilibre-de-vie\/wp-json\/wp\/v2\/media?parent=842"}],"wp:term":[{"taxonomy":"product_brand","embeddable":true,"href":"https:\/\/www.verdieditions.com\/equilibre-de-vie\/wp-json\/wp\/v2\/product_brand?post=842"},{"taxonomy":"product_cat","embeddable":true,"href":"https:\/\/www.verdieditions.com\/equilibre-de-vie\/wp-json\/wp\/v2\/product_cat?post=842"},{"taxonomy":"product_tag","embeddable":true,"href":"https:\/\/www.verdieditions.com\/equilibre-de-vie\/wp-json\/wp\/v2\/product_tag?post=842"}],"curies":[{"name":"wp","href":"https:\/\/api.w.org\/{rel}","templated":true}]}}