{"id":80,"date":"2020-04-22T10:51:15","date_gmt":"2020-04-22T08:51:15","guid":{"rendered":"https:\/\/www.verdieditions.com\/equilibre-de-vie\/?post_type=product&#038;p=80"},"modified":"2024-02-06T12:56:12","modified_gmt":"2024-02-06T11:56:12","slug":"astrologie-cle-vies-anterieures-irene-andrieu","status":"publish","type":"product","link":"https:\/\/www.verdieditions.com\/equilibre-de-vie\/produit\/astrologie-cle-vies-anterieures-irene-andrieu\/","title":{"rendered":"Astrologie, cl\u00e9 des vies ant\u00e9rieures &#8211; Ir\u00e8ne ANDRIEU"},"content":{"rendered":"<p>Auteur : Ir\u00e8ne ANDRIEU<br \/>\nTitre : Astrologie, cl\u00e9 des vies ant\u00e9rieures, l&rsquo;interpr\u00e9tation des noeuds lunaires en astrologie karmique<br \/>\n\u00c9diteur : Dangles, 1984, collection horizons \u00e9sot\u00e9riques<br \/>\n\u00c9dition originale<br \/>\nDim. 15 x 21<br \/>\n278 pages<\/p>\n","protected":false},"excerpt":{"rendered":"<p>Auteur : Ir\u00e8ne ANDRIEU<br \/>\nTitre : Astrologie, cl\u00e9 des vies ant\u00e9rieures, l&rsquo;interpr\u00e9tation des noeuds lunaires en astrologie karmique<br \/>\n\u00c9diteur : Dangles, 1984, collection horizons \u00e9sot\u00e9riques<br \/>\n\u00c9dition originale<br \/>\nDim. 15 x 21<br \/>\n278 pages<\/p>\n","protected":false},"featured_media":81,"template":"","meta":[],"product_brand":[],"product_cat":[23],"product_tag":[34,85,111,172],"class_list":{"0":"post-80","1":"product","2":"type-product","3":"status-publish","4":"has-post-thumbnail","6":"product_cat-esoterisme","7":"product_tag-astrologie","8":"product_tag-karma","9":"product_tag-noeuds-lunaires","10":"product_tag-vie-anterieure","12":"first","13":"instock","14":"shipping-taxable","15":"product-type-simple"},"yoast_head":"<!-- This site is optimized with the Yoast SEO plugin v27.4 - https:\/\/yoast.com\/product\/yoast-seo-wordpress\/ -->\n<title>Astrologie, cl\u00e9 des vies ant\u00e9rieures - Ir\u00e8ne ANDRIEU - Equilibre de Vie<\/title>\n<meta name=\"description\" content=\"Auteur : Ir\u00e8ne ANDRIEU Titre : Astrologie, cl\u00e9 des vies ant\u00e9rieures, l\u2019interpr\u00e9tation des noeuds lunaires en astrologie karmique \u00c9diteur : Dangles, 1984, collection horizons \u00e9sot\u00e9riques \u00c9dition originale Dim. 15 x 21 278 pages\" \/>\n<meta name=\"robots\" content=\"index, follow, max-snippet:-1, max-image-preview:large, max-video-preview:-1\" \/>\n<link rel=\"canonical\" href=\"https:\/\/www.verdieditions.com\/equilibre-de-vie\/produit\/astrologie-cle-vies-anterieures-irene-andrieu\/\" \/>\n<meta property=\"og:locale\" content=\"fr_FR\" \/>\n<meta property=\"og:type\" content=\"article\" \/>\n<meta property=\"og:title\" content=\"Astrologie, cl\u00e9 des vies ant\u00e9rieures - Ir\u00e8ne ANDRIEU - Equilibre de Vie\" \/>\n<meta property=\"og:description\" content=\"Auteur : Ir\u00e8ne ANDRIEU Titre : Astrologie, cl\u00e9 des vies ant\u00e9rieures, l\u2019interpr\u00e9tation des noeuds lunaires en astrologie karmique \u00c9diteur : Dangles, 1984, collection horizons \u00e9sot\u00e9riques \u00c9dition originale Dim. 15 x 21 278 pages\" \/>\n<meta property=\"og:url\" content=\"https:\/\/www.verdieditions.com\/equilibre-de-vie\/produit\/astrologie-cle-vies-anterieures-irene-andrieu\/\" \/>\n<meta property=\"og:site_name\" content=\"Equilibre de Vie\" \/>\n<meta property=\"article:modified_time\" content=\"2024-02-06T11:56:12+00:00\" \/>\n<meta property=\"og:image\" content=\"https:\/\/www.verdieditions.com\/equilibre-de-vie\/wp-content\/uploads\/2020\/04\/Astrologie-cle-vies-anterieures-andrieu.jpg\" \/>\n\t<meta property=\"og:image:width\" content=\"889\" \/>\n\t<meta property=\"og:image:height\" content=\"1220\" \/>\n\t<meta property=\"og:image:type\" content=\"image\/jpeg\" \/>\n<meta name=\"twitter:card\" content=\"summary_large_image\" \/>\n<script type=\"application\/ld+json\" class=\"yoast-schema-graph\">{\"@context\":\"https:\\\/\\\/schema.org\",\"@graph\":[{\"@type\":\"WebPage\",\"@id\":\"https:\\\/\\\/www.verdieditions.com\\\/equilibre-de-vie\\\/produit\\\/astrologie-cle-vies-anterieures-irene-andrieu\\\/\",\"url\":\"https:\\\/\\\/www.verdieditions.com\\\/equilibre-de-vie\\\/produit\\\/astrologie-cle-vies-anterieures-irene-andrieu\\\/\",\"name\":\"Astrologie, cl\u00e9 des vies ant\u00e9rieures - Ir\u00e8ne ANDRIEU - Equilibre de Vie\",\"isPartOf\":{\"@id\":\"https:\\\/\\\/www.verdieditions.com\\\/equilibre-de-vie\\\/#website\"},\"primaryImageOfPage\":{\"@id\":\"https:\\\/\\\/www.verdieditions.com\\\/equilibre-de-vie\\\/produit\\\/astrologie-cle-vies-anterieures-irene-andrieu\\\/#primaryimage\"},\"image\":{\"@id\":\"https:\\\/\\\/www.verdieditions.com\\\/equilibre-de-vie\\\/produit\\\/astrologie-cle-vies-anterieures-irene-andrieu\\\/#primaryimage\"},\"thumbnailUrl\":\"https:\\\/\\\/www.verdieditions.com\\\/equilibre-de-vie\\\/wp-content\\\/uploads\\\/2020\\\/04\\\/Astrologie-cle-vies-anterieures-andrieu.jpg\",\"datePublished\":\"2020-04-22T08:51:15+00:00\",\"dateModified\":\"2024-02-06T11:56:12+00:00\",\"description\":\"Auteur : Ir\u00e8ne ANDRIEU Titre : Astrologie, cl\u00e9 des vies ant\u00e9rieures, l\u2019interpr\u00e9tation des noeuds lunaires en astrologie karmique \u00c9diteur : Dangles, 1984, collection horizons \u00e9sot\u00e9riques \u00c9dition originale Dim. 15 x 21 278 pages\",\"breadcrumb\":{\"@id\":\"https:\\\/\\\/www.verdieditions.com\\\/equilibre-de-vie\\\/produit\\\/astrologie-cle-vies-anterieures-irene-andrieu\\\/#breadcrumb\"},\"inLanguage\":\"fr-FR\",\"potentialAction\":[{\"@type\":\"ReadAction\",\"target\":[\"https:\\\/\\\/www.verdieditions.com\\\/equilibre-de-vie\\\/produit\\\/astrologie-cle-vies-anterieures-irene-andrieu\\\/\"]}]},{\"@type\":\"ImageObject\",\"inLanguage\":\"fr-FR\",\"@id\":\"https:\\\/\\\/www.verdieditions.com\\\/equilibre-de-vie\\\/produit\\\/astrologie-cle-vies-anterieures-irene-andrieu\\\/#primaryimage\",\"url\":\"https:\\\/\\\/www.verdieditions.com\\\/equilibre-de-vie\\\/wp-content\\\/uploads\\\/2020\\\/04\\\/Astrologie-cle-vies-anterieures-andrieu.jpg\",\"contentUrl\":\"https:\\\/\\\/www.verdieditions.com\\\/equilibre-de-vie\\\/wp-content\\\/uploads\\\/2020\\\/04\\\/Astrologie-cle-vies-anterieures-andrieu.jpg\",\"width\":889,\"height\":1220,\"caption\":\"Astrologie-cle-vies-anterieures-andrieu\"},{\"@type\":\"BreadcrumbList\",\"@id\":\"https:\\\/\\\/www.verdieditions.com\\\/equilibre-de-vie\\\/produit\\\/astrologie-cle-vies-anterieures-irene-andrieu\\\/#breadcrumb\",\"itemListElement\":[{\"@type\":\"ListItem\",\"position\":1,\"name\":\"Accueil\",\"item\":\"https:\\\/\\\/www.verdieditions.com\\\/equilibre-de-vie\\\/\"},{\"@type\":\"ListItem\",\"position\":2,\"name\":\"La boutique\",\"item\":\"https:\\\/\\\/www.verdieditions.com\\\/equilibre-de-vie\\\/boutique\\\/\"},{\"@type\":\"ListItem\",\"position\":3,\"name\":\"Astrologie, cl\u00e9 des vies ant\u00e9rieures &#8211; Ir\u00e8ne ANDRIEU\"}]},{\"@type\":\"WebSite\",\"@id\":\"https:\\\/\\\/www.verdieditions.com\\\/equilibre-de-vie\\\/#website\",\"url\":\"https:\\\/\\\/www.verdieditions.com\\\/equilibre-de-vie\\\/\",\"name\":\"Equilibre de Vie\",\"description\":\"Ma boutique livres sant\u00e9, \u00e9sot\u00e9risme et d\u00e9veloppement personnel\",\"publisher\":{\"@id\":\"https:\\\/\\\/www.verdieditions.com\\\/equilibre-de-vie\\\/#\\\/schema\\\/person\\\/9dcb2a6759f2f5fbf43ac0b44649cecb\"},\"potentialAction\":[{\"@type\":\"SearchAction\",\"target\":{\"@type\":\"EntryPoint\",\"urlTemplate\":\"https:\\\/\\\/www.verdieditions.com\\\/equilibre-de-vie\\\/?s={search_term_string}\"},\"query-input\":{\"@type\":\"PropertyValueSpecification\",\"valueRequired\":true,\"valueName\":\"search_term_string\"}}],\"inLanguage\":\"fr-FR\"},{\"@type\":[\"Person\",\"Organization\"],\"@id\":\"https:\\\/\\\/www.verdieditions.com\\\/equilibre-de-vie\\\/#\\\/schema\\\/person\\\/9dcb2a6759f2f5fbf43ac0b44649cecb\",\"name\":\"Sylvie VERDI\",\"image\":{\"@type\":\"ImageObject\",\"inLanguage\":\"fr-FR\",\"@id\":\"https:\\\/\\\/www.verdieditions.com\\\/equilibre-de-vie\\\/wp-content\\\/uploads\\\/2020\\\/04\\\/livres-occasion-sante-esoterisme-developpement-personnel-2.jpg\",\"url\":\"https:\\\/\\\/www.verdieditions.com\\\/equilibre-de-vie\\\/wp-content\\\/uploads\\\/2020\\\/04\\\/livres-occasion-sante-esoterisme-developpement-personnel-2.jpg\",\"contentUrl\":\"https:\\\/\\\/www.verdieditions.com\\\/equilibre-de-vie\\\/wp-content\\\/uploads\\\/2020\\\/04\\\/livres-occasion-sante-esoterisme-developpement-personnel-2.jpg\",\"width\":800,\"height\":572,\"caption\":\"Sylvie VERDI\"},\"logo\":{\"@id\":\"https:\\\/\\\/www.verdieditions.com\\\/equilibre-de-vie\\\/wp-content\\\/uploads\\\/2020\\\/04\\\/livres-occasion-sante-esoterisme-developpement-personnel-2.jpg\"},\"sameAs\":[\"https:\\\/\\\/www.verdieditions.com\\\/equilibre-de-vie\"]}]}<\/script>\n<!-- \/ Yoast SEO plugin. -->","yoast_head_json":{"title":"Astrologie, cl\u00e9 des vies ant\u00e9rieures - Ir\u00e8ne ANDRIEU - Equilibre de Vie","description":"Auteur : Ir\u00e8ne ANDRIEU Titre : Astrologie, cl\u00e9 des vies ant\u00e9rieures, l\u2019interpr\u00e9tation des noeuds lunaires en astrologie karmique \u00c9diteur : Dangles, 1984, collection horizons \u00e9sot\u00e9riques \u00c9dition originale Dim. 15 x 21 278 pages","robots":{"index":"index","follow":"follow","max-snippet":"max-snippet:-1","max-image-preview":"max-image-preview:large","max-video-preview":"max-video-preview:-1"},"canonical":"https:\/\/www.verdieditions.com\/equilibre-de-vie\/produit\/astrologie-cle-vies-anterieures-irene-andrieu\/","og_locale":"fr_FR","og_type":"article","og_title":"Astrologie, cl\u00e9 des vies ant\u00e9rieures - Ir\u00e8ne ANDRIEU - Equilibre de Vie","og_description":"Auteur : Ir\u00e8ne ANDRIEU Titre : Astrologie, cl\u00e9 des vies ant\u00e9rieures, l\u2019interpr\u00e9tation des noeuds lunaires en astrologie karmique \u00c9diteur : Dangles, 1984, collection horizons \u00e9sot\u00e9riques \u00c9dition originale Dim. 15 x 21 278 pages","og_url":"https:\/\/www.verdieditions.com\/equilibre-de-vie\/produit\/astrologie-cle-vies-anterieures-irene-andrieu\/","og_site_name":"Equilibre de Vie","article_modified_time":"2024-02-06T11:56:12+00:00","og_image":[{"width":889,"height":1220,"url":"https:\/\/www.verdieditions.com\/equilibre-de-vie\/wp-content\/uploads\/2020\/04\/Astrologie-cle-vies-anterieures-andrieu.jpg","type":"image\/jpeg"}],"twitter_card":"summary_large_image","schema":{"@context":"https:\/\/schema.org","@graph":[{"@type":"WebPage","@id":"https:\/\/www.verdieditions.com\/equilibre-de-vie\/produit\/astrologie-cle-vies-anterieures-irene-andrieu\/","url":"https:\/\/www.verdieditions.com\/equilibre-de-vie\/produit\/astrologie-cle-vies-anterieures-irene-andrieu\/","name":"Astrologie, cl\u00e9 des vies ant\u00e9rieures - Ir\u00e8ne ANDRIEU - Equilibre de Vie","isPartOf":{"@id":"https:\/\/www.verdieditions.com\/equilibre-de-vie\/#website"},"primaryImageOfPage":{"@id":"https:\/\/www.verdieditions.com\/equilibre-de-vie\/produit\/astrologie-cle-vies-anterieures-irene-andrieu\/#primaryimage"},"image":{"@id":"https:\/\/www.verdieditions.com\/equilibre-de-vie\/produit\/astrologie-cle-vies-anterieures-irene-andrieu\/#primaryimage"},"thumbnailUrl":"https:\/\/www.verdieditions.com\/equilibre-de-vie\/wp-content\/uploads\/2020\/04\/Astrologie-cle-vies-anterieures-andrieu.jpg","datePublished":"2020-04-22T08:51:15+00:00","dateModified":"2024-02-06T11:56:12+00:00","description":"Auteur : Ir\u00e8ne ANDRIEU Titre : Astrologie, cl\u00e9 des vies ant\u00e9rieures, l\u2019interpr\u00e9tation des noeuds lunaires en astrologie karmique \u00c9diteur : Dangles, 1984, collection horizons \u00e9sot\u00e9riques \u00c9dition originale Dim. 15 x 21 278 pages","breadcrumb":{"@id":"https:\/\/www.verdieditions.com\/equilibre-de-vie\/produit\/astrologie-cle-vies-anterieures-irene-andrieu\/#breadcrumb"},"inLanguage":"fr-FR","potentialAction":[{"@type":"ReadAction","target":["https:\/\/www.verdieditions.com\/equilibre-de-vie\/produit\/astrologie-cle-vies-anterieures-irene-andrieu\/"]}]},{"@type":"ImageObject","inLanguage":"fr-FR","@id":"https:\/\/www.verdieditions.com\/equilibre-de-vie\/produit\/astrologie-cle-vies-anterieures-irene-andrieu\/#primaryimage","url":"https:\/\/www.verdieditions.com\/equilibre-de-vie\/wp-content\/uploads\/2020\/04\/Astrologie-cle-vies-anterieures-andrieu.jpg","contentUrl":"https:\/\/www.verdieditions.com\/equilibre-de-vie\/wp-content\/uploads\/2020\/04\/Astrologie-cle-vies-anterieures-andrieu.jpg","width":889,"height":1220,"caption":"Astrologie-cle-vies-anterieures-andrieu"},{"@type":"BreadcrumbList","@id":"https:\/\/www.verdieditions.com\/equilibre-de-vie\/produit\/astrologie-cle-vies-anterieures-irene-andrieu\/#breadcrumb","itemListElement":[{"@type":"ListItem","position":1,"name":"Accueil","item":"https:\/\/www.verdieditions.com\/equilibre-de-vie\/"},{"@type":"ListItem","position":2,"name":"La boutique","item":"https:\/\/www.verdieditions.com\/equilibre-de-vie\/boutique\/"},{"@type":"ListItem","position":3,"name":"Astrologie, cl\u00e9 des vies ant\u00e9rieures &#8211; Ir\u00e8ne ANDRIEU"}]},{"@type":"WebSite","@id":"https:\/\/www.verdieditions.com\/equilibre-de-vie\/#website","url":"https:\/\/www.verdieditions.com\/equilibre-de-vie\/","name":"Equilibre de Vie","description":"Ma boutique livres sant\u00e9, \u00e9sot\u00e9risme et d\u00e9veloppement personnel","publisher":{"@id":"https:\/\/www.verdieditions.com\/equilibre-de-vie\/#\/schema\/person\/9dcb2a6759f2f5fbf43ac0b44649cecb"},"potentialAction":[{"@type":"SearchAction","target":{"@type":"EntryPoint","urlTemplate":"https:\/\/www.verdieditions.com\/equilibre-de-vie\/?s={search_term_string}"},"query-input":{"@type":"PropertyValueSpecification","valueRequired":true,"valueName":"search_term_string"}}],"inLanguage":"fr-FR"},{"@type":["Person","Organization"],"@id":"https:\/\/www.verdieditions.com\/equilibre-de-vie\/#\/schema\/person\/9dcb2a6759f2f5fbf43ac0b44649cecb","name":"Sylvie VERDI","image":{"@type":"ImageObject","inLanguage":"fr-FR","@id":"https:\/\/www.verdieditions.com\/equilibre-de-vie\/wp-content\/uploads\/2020\/04\/livres-occasion-sante-esoterisme-developpement-personnel-2.jpg","url":"https:\/\/www.verdieditions.com\/equilibre-de-vie\/wp-content\/uploads\/2020\/04\/livres-occasion-sante-esoterisme-developpement-personnel-2.jpg","contentUrl":"https:\/\/www.verdieditions.com\/equilibre-de-vie\/wp-content\/uploads\/2020\/04\/livres-occasion-sante-esoterisme-developpement-personnel-2.jpg","width":800,"height":572,"caption":"Sylvie VERDI"},"logo":{"@id":"https:\/\/www.verdieditions.com\/equilibre-de-vie\/wp-content\/uploads\/2020\/04\/livres-occasion-sante-esoterisme-developpement-personnel-2.jpg"},"sameAs":["https:\/\/www.verdieditions.com\/equilibre-de-vie"]}]}},"_links":{"self":[{"href":"https:\/\/www.verdieditions.com\/equilibre-de-vie\/wp-json\/wp\/v2\/product\/80","targetHints":{"allow":["GET"]}}],"collection":[{"href":"https:\/\/www.verdieditions.com\/equilibre-de-vie\/wp-json\/wp\/v2\/product"}],"about":[{"href":"https:\/\/www.verdieditions.com\/equilibre-de-vie\/wp-json\/wp\/v2\/types\/product"}],"wp:featuredmedia":[{"embeddable":true,"href":"https:\/\/www.verdieditions.com\/equilibre-de-vie\/wp-json\/wp\/v2\/media\/81"}],"wp:attachment":[{"href":"https:\/\/www.verdieditions.com\/equilibre-de-vie\/wp-json\/wp\/v2\/media?parent=80"}],"wp:term":[{"taxonomy":"product_brand","embeddable":true,"href":"https:\/\/www.verdieditions.com\/equilibre-de-vie\/wp-json\/wp\/v2\/product_brand?post=80"},{"taxonomy":"product_cat","embeddable":true,"href":"https:\/\/www.verdieditions.com\/equilibre-de-vie\/wp-json\/wp\/v2\/product_cat?post=80"},{"taxonomy":"product_tag","embeddable":true,"href":"https:\/\/www.verdieditions.com\/equilibre-de-vie\/wp-json\/wp\/v2\/product_tag?post=80"}],"curies":[{"name":"wp","href":"https:\/\/api.w.org\/{rel}","templated":true}]}}