{"id":789,"date":"2020-04-27T09:37:44","date_gmt":"2020-04-27T07:37:44","guid":{"rendered":"https:\/\/www.verdieditions.com\/equilibre-de-vie\/?post_type=product&#038;p=789"},"modified":"2024-02-06T11:17:47","modified_gmt":"2024-02-06T10:17:47","slug":"pourquoi-pas-lune-cerrone","status":"publish","type":"product","link":"https:\/\/www.verdieditions.com\/equilibre-de-vie\/produit\/pourquoi-pas-lune-cerrone\/","title":{"rendered":"Et pourquoi pas la lune ! &#8211; Marc CERRONE"},"content":{"rendered":"<p>Auteur : Marc CERRONE<br \/>\nTitre : &#8230;Et pourquoi pas la lune !<br \/>\n\u00c9diteur : JM Laffont \u00e9diteur, 2004<br \/>\nEdition originale avec pages couleur<br \/>\nDim. 15,5 x 23,5<br \/>\n0,560 kg<br \/>\n418 pages<\/p>\n<p>Il est l&rsquo;un des pionniers de la Dance Music et l&rsquo;un des p\u00e8res incontest\u00e9s de la Disco. Batteur, compositeur et producteur, Marc CERRONE, v\u00e9ritable ic\u00f4ne de trois g\u00e9n\u00e9rations de Djs, est l&rsquo;un des rares artistes fran\u00e7ais \u00e0 avoir acquis le rang de star aux Etats-Unis, et \u00e0 y avoir re\u00e7u tous les honneurs aux c\u00f4t\u00e9s de grands noms tels que Quincy Jones, les Bee Gees et Donna Summer. L&rsquo;Am\u00e9rique dit de lui qu&rsquo;il est \u00ab\u00a0le plus beau cadeau de la France depuis la Statue de la Libert\u00e9 et le bon vin\u00a0\u00bb. Un quart de si\u00e8cle et pr\u00e8s de 30 millions d&rsquo;albums vendus plus tard, il continue d&rsquo;envoyer au ciel des millions d&rsquo;oiseaux de nuit dans les clubs aux quatre coins de la plan\u00e8te. \u00c0 premi\u00e8re vue, rien ne pr\u00e9disposait pourtant ce gamin de la banlieue parisienne, fils de petit artisan cordonnier italien, \u00e0 un destin extraordinaire. Mais il suffit de laisser l&rsquo;homme se raconter et tout s&rsquo;\u00e9claire. Cerrone est avant tout un \u00eatre passionn\u00e9 et, \u00e0 un peu plus de 50 ans, sa vie &#8211; encha\u00eenement de cascades bien ma\u00eetris\u00e9es &#8211; s&rsquo;\u00e9coute comme se regarde un bon film de Tarantino. Celui que l&rsquo;on a dit cent fois \u00eatre une usine \u00e0 tubes est avant tout une insatiable usine \u00e0 r\u00eaves. L&rsquo;un de ces \u00eatres qui peuvent tout faire ou presque, parce que leur passion leur donne des ailes. Son histoire m\u00e9riterait d&rsquo;\u00eatre connue de tous ceux qui doutent de leurs capacit\u00e9s \u00e0 aller au-del\u00e0 d&rsquo;eux-m\u00eames, de tous ceux qui n&rsquo;ont jamais os\u00e9 se dire: \u00ab\u00a0Et pourquoi pas la Lune ?\u00a0\u00bb<\/p>\n","protected":false},"excerpt":{"rendered":"<p>Auteur : Marc CERRONE<br \/>\nTitre : &#8230;Et pourquoi pas la lune !<br \/>\n\u00c9diteur : JM Laffont \u00e9diteur, 2004<br \/>\nEdition originale avec pages couleur<br \/>\nDim. 15,5 x 23,5<br \/>\n0,560 kg<br \/>\n418 pages<\/p>\n","protected":false},"featured_media":790,"template":"","meta":[],"product_brand":[],"product_cat":[22],"product_tag":[41,132,135,139,143,158,169],"class_list":{"0":"post-789","1":"product","2":"type-product","3":"status-publish","4":"has-post-thumbnail","6":"product_cat-developpement-personnel","7":"product_tag-bouddhisme","8":"product_tag-professionnel","9":"product_tag-psychologie","10":"product_tag-relations-humaines","11":"product_tag-reussite","12":"product_tag-succes","13":"product_tag-travail","15":"first","16":"instock","17":"shipping-taxable","18":"product-type-simple"},"yoast_head":"<!-- This site is optimized with the Yoast SEO plugin v27.4 - https:\/\/yoast.com\/product\/yoast-seo-wordpress\/ -->\n<title>Et pourquoi pas la lune ! - Marc CERRONE - Equilibre de Vie<\/title>\n<meta name=\"description\" content=\"Auteur : Marc CERRONE Titre : \u2026Et pourquoi pas la lune ! \u00c9diteur : JM Laffont \u00e9diteur, 2004 Edition originale avec pages couleur Dim. 15,5 x 23,5 0,560 kg 418 pages\" \/>\n<meta name=\"robots\" content=\"index, follow, max-snippet:-1, max-image-preview:large, max-video-preview:-1\" \/>\n<link rel=\"canonical\" href=\"https:\/\/www.verdieditions.com\/equilibre-de-vie\/produit\/pourquoi-pas-lune-cerrone\/\" \/>\n<meta property=\"og:locale\" content=\"fr_FR\" \/>\n<meta property=\"og:type\" content=\"article\" \/>\n<meta property=\"og:title\" content=\"Et pourquoi pas la lune ! - Marc CERRONE - Equilibre de Vie\" \/>\n<meta property=\"og:description\" content=\"Auteur : Marc CERRONE Titre : \u2026Et pourquoi pas la lune ! \u00c9diteur : JM Laffont \u00e9diteur, 2004 Edition originale avec pages couleur Dim. 15,5 x 23,5 0,560 kg 418 pages\" \/>\n<meta property=\"og:url\" content=\"https:\/\/www.verdieditions.com\/equilibre-de-vie\/produit\/pourquoi-pas-lune-cerrone\/\" \/>\n<meta property=\"og:site_name\" content=\"Equilibre de Vie\" \/>\n<meta property=\"article:modified_time\" content=\"2024-02-06T10:17:47+00:00\" \/>\n<meta property=\"og:image\" content=\"https:\/\/www.verdieditions.com\/equilibre-de-vie\/wp-content\/uploads\/2020\/04\/Pourquoi-pas-lune-Cerrone.jpg\" \/>\n\t<meta property=\"og:image:width\" content=\"793\" \/>\n\t<meta property=\"og:image:height\" content=\"1170\" \/>\n\t<meta property=\"og:image:type\" content=\"image\/jpeg\" \/>\n<meta name=\"twitter:card\" content=\"summary_large_image\" \/>\n<meta name=\"twitter:label1\" content=\"Dur\u00e9e de lecture estim\u00e9e\" \/>\n\t<meta name=\"twitter:data1\" content=\"1 minute\" \/>\n<script type=\"application\/ld+json\" class=\"yoast-schema-graph\">{\"@context\":\"https:\\\/\\\/schema.org\",\"@graph\":[{\"@type\":\"WebPage\",\"@id\":\"https:\\\/\\\/www.verdieditions.com\\\/equilibre-de-vie\\\/produit\\\/pourquoi-pas-lune-cerrone\\\/\",\"url\":\"https:\\\/\\\/www.verdieditions.com\\\/equilibre-de-vie\\\/produit\\\/pourquoi-pas-lune-cerrone\\\/\",\"name\":\"Et pourquoi pas la lune ! - Marc CERRONE - Equilibre de Vie\",\"isPartOf\":{\"@id\":\"https:\\\/\\\/www.verdieditions.com\\\/equilibre-de-vie\\\/#website\"},\"primaryImageOfPage\":{\"@id\":\"https:\\\/\\\/www.verdieditions.com\\\/equilibre-de-vie\\\/produit\\\/pourquoi-pas-lune-cerrone\\\/#primaryimage\"},\"image\":{\"@id\":\"https:\\\/\\\/www.verdieditions.com\\\/equilibre-de-vie\\\/produit\\\/pourquoi-pas-lune-cerrone\\\/#primaryimage\"},\"thumbnailUrl\":\"https:\\\/\\\/www.verdieditions.com\\\/equilibre-de-vie\\\/wp-content\\\/uploads\\\/2020\\\/04\\\/Pourquoi-pas-lune-Cerrone.jpg\",\"datePublished\":\"2020-04-27T07:37:44+00:00\",\"dateModified\":\"2024-02-06T10:17:47+00:00\",\"description\":\"Auteur : Marc CERRONE Titre : \u2026Et pourquoi pas la lune ! \u00c9diteur : JM Laffont \u00e9diteur, 2004 Edition originale avec pages couleur Dim. 15,5 x 23,5 0,560 kg 418 pages\",\"breadcrumb\":{\"@id\":\"https:\\\/\\\/www.verdieditions.com\\\/equilibre-de-vie\\\/produit\\\/pourquoi-pas-lune-cerrone\\\/#breadcrumb\"},\"inLanguage\":\"fr-FR\",\"potentialAction\":[{\"@type\":\"ReadAction\",\"target\":[\"https:\\\/\\\/www.verdieditions.com\\\/equilibre-de-vie\\\/produit\\\/pourquoi-pas-lune-cerrone\\\/\"]}]},{\"@type\":\"ImageObject\",\"inLanguage\":\"fr-FR\",\"@id\":\"https:\\\/\\\/www.verdieditions.com\\\/equilibre-de-vie\\\/produit\\\/pourquoi-pas-lune-cerrone\\\/#primaryimage\",\"url\":\"https:\\\/\\\/www.verdieditions.com\\\/equilibre-de-vie\\\/wp-content\\\/uploads\\\/2020\\\/04\\\/Pourquoi-pas-lune-Cerrone.jpg\",\"contentUrl\":\"https:\\\/\\\/www.verdieditions.com\\\/equilibre-de-vie\\\/wp-content\\\/uploads\\\/2020\\\/04\\\/Pourquoi-pas-lune-Cerrone.jpg\",\"width\":793,\"height\":1170,\"caption\":\"Pourquoi-pas-lune-Cerrone\"},{\"@type\":\"BreadcrumbList\",\"@id\":\"https:\\\/\\\/www.verdieditions.com\\\/equilibre-de-vie\\\/produit\\\/pourquoi-pas-lune-cerrone\\\/#breadcrumb\",\"itemListElement\":[{\"@type\":\"ListItem\",\"position\":1,\"name\":\"Accueil\",\"item\":\"https:\\\/\\\/www.verdieditions.com\\\/equilibre-de-vie\\\/\"},{\"@type\":\"ListItem\",\"position\":2,\"name\":\"La boutique\",\"item\":\"https:\\\/\\\/www.verdieditions.com\\\/equilibre-de-vie\\\/boutique\\\/\"},{\"@type\":\"ListItem\",\"position\":3,\"name\":\"Et pourquoi pas la lune ! &#8211; Marc CERRONE\"}]},{\"@type\":\"WebSite\",\"@id\":\"https:\\\/\\\/www.verdieditions.com\\\/equilibre-de-vie\\\/#website\",\"url\":\"https:\\\/\\\/www.verdieditions.com\\\/equilibre-de-vie\\\/\",\"name\":\"Equilibre de Vie\",\"description\":\"Ma boutique livres sant\u00e9, \u00e9sot\u00e9risme et d\u00e9veloppement personnel\",\"publisher\":{\"@id\":\"https:\\\/\\\/www.verdieditions.com\\\/equilibre-de-vie\\\/#\\\/schema\\\/person\\\/9dcb2a6759f2f5fbf43ac0b44649cecb\"},\"potentialAction\":[{\"@type\":\"SearchAction\",\"target\":{\"@type\":\"EntryPoint\",\"urlTemplate\":\"https:\\\/\\\/www.verdieditions.com\\\/equilibre-de-vie\\\/?s={search_term_string}\"},\"query-input\":{\"@type\":\"PropertyValueSpecification\",\"valueRequired\":true,\"valueName\":\"search_term_string\"}}],\"inLanguage\":\"fr-FR\"},{\"@type\":[\"Person\",\"Organization\"],\"@id\":\"https:\\\/\\\/www.verdieditions.com\\\/equilibre-de-vie\\\/#\\\/schema\\\/person\\\/9dcb2a6759f2f5fbf43ac0b44649cecb\",\"name\":\"Sylvie VERDI\",\"image\":{\"@type\":\"ImageObject\",\"inLanguage\":\"fr-FR\",\"@id\":\"https:\\\/\\\/www.verdieditions.com\\\/equilibre-de-vie\\\/wp-content\\\/uploads\\\/2020\\\/04\\\/livres-occasion-sante-esoterisme-developpement-personnel-2.jpg\",\"url\":\"https:\\\/\\\/www.verdieditions.com\\\/equilibre-de-vie\\\/wp-content\\\/uploads\\\/2020\\\/04\\\/livres-occasion-sante-esoterisme-developpement-personnel-2.jpg\",\"contentUrl\":\"https:\\\/\\\/www.verdieditions.com\\\/equilibre-de-vie\\\/wp-content\\\/uploads\\\/2020\\\/04\\\/livres-occasion-sante-esoterisme-developpement-personnel-2.jpg\",\"width\":800,\"height\":572,\"caption\":\"Sylvie VERDI\"},\"logo\":{\"@id\":\"https:\\\/\\\/www.verdieditions.com\\\/equilibre-de-vie\\\/wp-content\\\/uploads\\\/2020\\\/04\\\/livres-occasion-sante-esoterisme-developpement-personnel-2.jpg\"},\"sameAs\":[\"https:\\\/\\\/www.verdieditions.com\\\/equilibre-de-vie\"]}]}<\/script>\n<!-- \/ Yoast SEO plugin. -->","yoast_head_json":{"title":"Et pourquoi pas la lune ! - Marc CERRONE - Equilibre de Vie","description":"Auteur : Marc CERRONE Titre : \u2026Et pourquoi pas la lune ! \u00c9diteur : JM Laffont \u00e9diteur, 2004 Edition originale avec pages couleur Dim. 15,5 x 23,5 0,560 kg 418 pages","robots":{"index":"index","follow":"follow","max-snippet":"max-snippet:-1","max-image-preview":"max-image-preview:large","max-video-preview":"max-video-preview:-1"},"canonical":"https:\/\/www.verdieditions.com\/equilibre-de-vie\/produit\/pourquoi-pas-lune-cerrone\/","og_locale":"fr_FR","og_type":"article","og_title":"Et pourquoi pas la lune ! - Marc CERRONE - Equilibre de Vie","og_description":"Auteur : Marc CERRONE Titre : \u2026Et pourquoi pas la lune ! \u00c9diteur : JM Laffont \u00e9diteur, 2004 Edition originale avec pages couleur Dim. 15,5 x 23,5 0,560 kg 418 pages","og_url":"https:\/\/www.verdieditions.com\/equilibre-de-vie\/produit\/pourquoi-pas-lune-cerrone\/","og_site_name":"Equilibre de Vie","article_modified_time":"2024-02-06T10:17:47+00:00","og_image":[{"width":793,"height":1170,"url":"https:\/\/www.verdieditions.com\/equilibre-de-vie\/wp-content\/uploads\/2020\/04\/Pourquoi-pas-lune-Cerrone.jpg","type":"image\/jpeg"}],"twitter_card":"summary_large_image","twitter_misc":{"Dur\u00e9e de lecture estim\u00e9e":"1 minute"},"schema":{"@context":"https:\/\/schema.org","@graph":[{"@type":"WebPage","@id":"https:\/\/www.verdieditions.com\/equilibre-de-vie\/produit\/pourquoi-pas-lune-cerrone\/","url":"https:\/\/www.verdieditions.com\/equilibre-de-vie\/produit\/pourquoi-pas-lune-cerrone\/","name":"Et pourquoi pas la lune ! - Marc CERRONE - Equilibre de Vie","isPartOf":{"@id":"https:\/\/www.verdieditions.com\/equilibre-de-vie\/#website"},"primaryImageOfPage":{"@id":"https:\/\/www.verdieditions.com\/equilibre-de-vie\/produit\/pourquoi-pas-lune-cerrone\/#primaryimage"},"image":{"@id":"https:\/\/www.verdieditions.com\/equilibre-de-vie\/produit\/pourquoi-pas-lune-cerrone\/#primaryimage"},"thumbnailUrl":"https:\/\/www.verdieditions.com\/equilibre-de-vie\/wp-content\/uploads\/2020\/04\/Pourquoi-pas-lune-Cerrone.jpg","datePublished":"2020-04-27T07:37:44+00:00","dateModified":"2024-02-06T10:17:47+00:00","description":"Auteur : Marc CERRONE Titre : \u2026Et pourquoi pas la lune ! \u00c9diteur : JM Laffont \u00e9diteur, 2004 Edition originale avec pages couleur Dim. 15,5 x 23,5 0,560 kg 418 pages","breadcrumb":{"@id":"https:\/\/www.verdieditions.com\/equilibre-de-vie\/produit\/pourquoi-pas-lune-cerrone\/#breadcrumb"},"inLanguage":"fr-FR","potentialAction":[{"@type":"ReadAction","target":["https:\/\/www.verdieditions.com\/equilibre-de-vie\/produit\/pourquoi-pas-lune-cerrone\/"]}]},{"@type":"ImageObject","inLanguage":"fr-FR","@id":"https:\/\/www.verdieditions.com\/equilibre-de-vie\/produit\/pourquoi-pas-lune-cerrone\/#primaryimage","url":"https:\/\/www.verdieditions.com\/equilibre-de-vie\/wp-content\/uploads\/2020\/04\/Pourquoi-pas-lune-Cerrone.jpg","contentUrl":"https:\/\/www.verdieditions.com\/equilibre-de-vie\/wp-content\/uploads\/2020\/04\/Pourquoi-pas-lune-Cerrone.jpg","width":793,"height":1170,"caption":"Pourquoi-pas-lune-Cerrone"},{"@type":"BreadcrumbList","@id":"https:\/\/www.verdieditions.com\/equilibre-de-vie\/produit\/pourquoi-pas-lune-cerrone\/#breadcrumb","itemListElement":[{"@type":"ListItem","position":1,"name":"Accueil","item":"https:\/\/www.verdieditions.com\/equilibre-de-vie\/"},{"@type":"ListItem","position":2,"name":"La boutique","item":"https:\/\/www.verdieditions.com\/equilibre-de-vie\/boutique\/"},{"@type":"ListItem","position":3,"name":"Et pourquoi pas la lune ! &#8211; Marc CERRONE"}]},{"@type":"WebSite","@id":"https:\/\/www.verdieditions.com\/equilibre-de-vie\/#website","url":"https:\/\/www.verdieditions.com\/equilibre-de-vie\/","name":"Equilibre de Vie","description":"Ma boutique livres sant\u00e9, \u00e9sot\u00e9risme et d\u00e9veloppement personnel","publisher":{"@id":"https:\/\/www.verdieditions.com\/equilibre-de-vie\/#\/schema\/person\/9dcb2a6759f2f5fbf43ac0b44649cecb"},"potentialAction":[{"@type":"SearchAction","target":{"@type":"EntryPoint","urlTemplate":"https:\/\/www.verdieditions.com\/equilibre-de-vie\/?s={search_term_string}"},"query-input":{"@type":"PropertyValueSpecification","valueRequired":true,"valueName":"search_term_string"}}],"inLanguage":"fr-FR"},{"@type":["Person","Organization"],"@id":"https:\/\/www.verdieditions.com\/equilibre-de-vie\/#\/schema\/person\/9dcb2a6759f2f5fbf43ac0b44649cecb","name":"Sylvie VERDI","image":{"@type":"ImageObject","inLanguage":"fr-FR","@id":"https:\/\/www.verdieditions.com\/equilibre-de-vie\/wp-content\/uploads\/2020\/04\/livres-occasion-sante-esoterisme-developpement-personnel-2.jpg","url":"https:\/\/www.verdieditions.com\/equilibre-de-vie\/wp-content\/uploads\/2020\/04\/livres-occasion-sante-esoterisme-developpement-personnel-2.jpg","contentUrl":"https:\/\/www.verdieditions.com\/equilibre-de-vie\/wp-content\/uploads\/2020\/04\/livres-occasion-sante-esoterisme-developpement-personnel-2.jpg","width":800,"height":572,"caption":"Sylvie VERDI"},"logo":{"@id":"https:\/\/www.verdieditions.com\/equilibre-de-vie\/wp-content\/uploads\/2020\/04\/livres-occasion-sante-esoterisme-developpement-personnel-2.jpg"},"sameAs":["https:\/\/www.verdieditions.com\/equilibre-de-vie"]}]}},"_links":{"self":[{"href":"https:\/\/www.verdieditions.com\/equilibre-de-vie\/wp-json\/wp\/v2\/product\/789","targetHints":{"allow":["GET"]}}],"collection":[{"href":"https:\/\/www.verdieditions.com\/equilibre-de-vie\/wp-json\/wp\/v2\/product"}],"about":[{"href":"https:\/\/www.verdieditions.com\/equilibre-de-vie\/wp-json\/wp\/v2\/types\/product"}],"wp:featuredmedia":[{"embeddable":true,"href":"https:\/\/www.verdieditions.com\/equilibre-de-vie\/wp-json\/wp\/v2\/media\/790"}],"wp:attachment":[{"href":"https:\/\/www.verdieditions.com\/equilibre-de-vie\/wp-json\/wp\/v2\/media?parent=789"}],"wp:term":[{"taxonomy":"product_brand","embeddable":true,"href":"https:\/\/www.verdieditions.com\/equilibre-de-vie\/wp-json\/wp\/v2\/product_brand?post=789"},{"taxonomy":"product_cat","embeddable":true,"href":"https:\/\/www.verdieditions.com\/equilibre-de-vie\/wp-json\/wp\/v2\/product_cat?post=789"},{"taxonomy":"product_tag","embeddable":true,"href":"https:\/\/www.verdieditions.com\/equilibre-de-vie\/wp-json\/wp\/v2\/product_tag?post=789"}],"curies":[{"name":"wp","href":"https:\/\/api.w.org\/{rel}","templated":true}]}}