{"id":738,"date":"2020-04-26T17:06:31","date_gmt":"2020-04-26T15:06:31","guid":{"rendered":"https:\/\/www.verdieditions.com\/equilibre-de-vie\/?post_type=product&#038;p=738"},"modified":"2024-02-06T12:18:57","modified_gmt":"2024-02-06T11:18:57","slug":"transformez-votre-vie-louise-hay","status":"publish","type":"product","link":"https:\/\/www.verdieditions.com\/equilibre-de-vie\/produit\/transformez-votre-vie-louise-hay\/","title":{"rendered":"Transformez votre vie &#8211; Louise HAY"},"content":{"rendered":"<p>Auteur : Louise HAY<br \/>\nTitre : Transformez votre vie &#8211; \u00ab\u00a0La transformation de nos pens\u00e9es nous m\u00e8ne presque toujours \u00e0 la gu\u00e9rison\u00a0\u00bb affirme Louise Hay, l&rsquo;un des chef de file renomm\u00e9 du \u00ab\u00a0Nouvel Age\u00a0\u00bb. Ses s\u00e9minaires et ses livres connaissent un immense succ\u00e8s aux USA<br \/>\n\u00c9diteur : Vivez soleil, 1989<br \/>\nEdition originale, textes bleus<br \/>\nDim. 13,5 x 20,5<br \/>\n305 pages<\/p>\n","protected":false},"excerpt":{"rendered":"<p>Auteur : Louise HAY<br \/>\nTitre : Transformez votre vie &#8211; \u00ab\u00a0La transformation de nos pens\u00e9es nous m\u00e8ne presque toujours \u00e0 la gu\u00e9rison\u00a0\u00bb affirme Louise Hay, l&rsquo;un des chef de file renomm\u00e9 du \u00ab\u00a0Nouvel Age\u00a0\u00bb. Ses s\u00e9minaires et ses livres connaissent un immense succ\u00e8s aux USA<br \/>\n\u00c9diteur : Vivez soleil, 1989<br \/>\nEdition originale, textes bleus<br \/>\nDim. 13,5 x 20,5<br \/>\n305 pages<\/p>\n","protected":false},"featured_media":739,"template":"","meta":[],"product_brand":[],"product_cat":[22],"product_tag":[62,118,126,128,139,167,171],"class_list":{"0":"post-738","1":"product","2":"type-product","3":"status-publish","4":"has-post-thumbnail","6":"product_cat-developpement-personnel","7":"product_tag-estime-de-soi","8":"product_tag-pensee-positive","9":"product_tag-positif","10":"product_tag-preparation-mentale","11":"product_tag-relations-humaines","12":"product_tag-training-mental","13":"product_tag-vie","15":"first","16":"instock","17":"featured","18":"shipping-taxable","19":"product-type-simple"},"yoast_head":"<!-- This site is optimized with the Yoast SEO plugin v27.4 - https:\/\/yoast.com\/product\/yoast-seo-wordpress\/ -->\n<title>Transformez votre vie - Louise HAY - Equilibre de Vie<\/title>\n<meta name=\"description\" content=\"Auteur : Louise HAY Titre : Transformez votre vie \u2013 \u00ab La transformation de nos pens\u00e9es nous m\u00e8ne presque toujours \u00e0 la gu\u00e9rison \u00bb affirme Louise Hay, l\u2019un des chef de file renomm\u00e9 du \u00ab Nouvel Age \u00bb. Ses s\u00e9minaires et ses livres connaissent un immense succ\u00e8s aux USA \u00c9diteur : Vivez soleil, 1989 Edition originale, textes bleus Dim. 13,5 x 20,5 305 pages\" \/>\n<meta name=\"robots\" content=\"index, follow, max-snippet:-1, max-image-preview:large, max-video-preview:-1\" \/>\n<link rel=\"canonical\" href=\"https:\/\/www.verdieditions.com\/equilibre-de-vie\/produit\/transformez-votre-vie-louise-hay\/\" \/>\n<meta property=\"og:locale\" content=\"fr_FR\" \/>\n<meta property=\"og:type\" content=\"article\" \/>\n<meta property=\"og:title\" content=\"Transformez votre vie - Louise HAY - Equilibre de Vie\" \/>\n<meta property=\"og:description\" content=\"Auteur : Louise HAY Titre : Transformez votre vie \u2013 \u00ab La transformation de nos pens\u00e9es nous m\u00e8ne presque toujours \u00e0 la gu\u00e9rison \u00bb affirme Louise Hay, l\u2019un des chef de file renomm\u00e9 du \u00ab Nouvel Age \u00bb. Ses s\u00e9minaires et ses livres connaissent un immense succ\u00e8s aux USA \u00c9diteur : Vivez soleil, 1989 Edition originale, textes bleus Dim. 13,5 x 20,5 305 pages\" \/>\n<meta property=\"og:url\" content=\"https:\/\/www.verdieditions.com\/equilibre-de-vie\/produit\/transformez-votre-vie-louise-hay\/\" \/>\n<meta property=\"og:site_name\" content=\"Equilibre de Vie\" \/>\n<meta property=\"article:modified_time\" content=\"2024-02-06T11:18:57+00:00\" \/>\n<meta property=\"og:image\" content=\"https:\/\/www.verdieditions.com\/equilibre-de-vie\/wp-content\/uploads\/2020\/04\/Transformez-votre-vie-Hay.jpg\" \/>\n\t<meta property=\"og:image:width\" content=\"739\" \/>\n\t<meta property=\"og:image:height\" content=\"1127\" \/>\n\t<meta property=\"og:image:type\" content=\"image\/jpeg\" \/>\n<meta name=\"twitter:card\" content=\"summary_large_image\" \/>\n<script type=\"application\/ld+json\" class=\"yoast-schema-graph\">{\"@context\":\"https:\\\/\\\/schema.org\",\"@graph\":[{\"@type\":\"WebPage\",\"@id\":\"https:\\\/\\\/www.verdieditions.com\\\/equilibre-de-vie\\\/produit\\\/transformez-votre-vie-louise-hay\\\/\",\"url\":\"https:\\\/\\\/www.verdieditions.com\\\/equilibre-de-vie\\\/produit\\\/transformez-votre-vie-louise-hay\\\/\",\"name\":\"Transformez votre vie - Louise HAY - Equilibre de Vie\",\"isPartOf\":{\"@id\":\"https:\\\/\\\/www.verdieditions.com\\\/equilibre-de-vie\\\/#website\"},\"primaryImageOfPage\":{\"@id\":\"https:\\\/\\\/www.verdieditions.com\\\/equilibre-de-vie\\\/produit\\\/transformez-votre-vie-louise-hay\\\/#primaryimage\"},\"image\":{\"@id\":\"https:\\\/\\\/www.verdieditions.com\\\/equilibre-de-vie\\\/produit\\\/transformez-votre-vie-louise-hay\\\/#primaryimage\"},\"thumbnailUrl\":\"https:\\\/\\\/www.verdieditions.com\\\/equilibre-de-vie\\\/wp-content\\\/uploads\\\/2020\\\/04\\\/Transformez-votre-vie-Hay.jpg\",\"datePublished\":\"2020-04-26T15:06:31+00:00\",\"dateModified\":\"2024-02-06T11:18:57+00:00\",\"description\":\"Auteur : Louise HAY Titre : Transformez votre vie \u2013 \u00ab La transformation de nos pens\u00e9es nous m\u00e8ne presque toujours \u00e0 la gu\u00e9rison \u00bb affirme Louise Hay, l\u2019un des chef de file renomm\u00e9 du \u00ab Nouvel Age \u00bb. Ses s\u00e9minaires et ses livres connaissent un immense succ\u00e8s aux USA \u00c9diteur : Vivez soleil, 1989 Edition originale, textes bleus Dim. 13,5 x 20,5 305 pages\",\"breadcrumb\":{\"@id\":\"https:\\\/\\\/www.verdieditions.com\\\/equilibre-de-vie\\\/produit\\\/transformez-votre-vie-louise-hay\\\/#breadcrumb\"},\"inLanguage\":\"fr-FR\",\"potentialAction\":[{\"@type\":\"ReadAction\",\"target\":[\"https:\\\/\\\/www.verdieditions.com\\\/equilibre-de-vie\\\/produit\\\/transformez-votre-vie-louise-hay\\\/\"]}]},{\"@type\":\"ImageObject\",\"inLanguage\":\"fr-FR\",\"@id\":\"https:\\\/\\\/www.verdieditions.com\\\/equilibre-de-vie\\\/produit\\\/transformez-votre-vie-louise-hay\\\/#primaryimage\",\"url\":\"https:\\\/\\\/www.verdieditions.com\\\/equilibre-de-vie\\\/wp-content\\\/uploads\\\/2020\\\/04\\\/Transformez-votre-vie-Hay.jpg\",\"contentUrl\":\"https:\\\/\\\/www.verdieditions.com\\\/equilibre-de-vie\\\/wp-content\\\/uploads\\\/2020\\\/04\\\/Transformez-votre-vie-Hay.jpg\",\"width\":739,\"height\":1127,\"caption\":\"Transformez-votre-vie-Hay\"},{\"@type\":\"BreadcrumbList\",\"@id\":\"https:\\\/\\\/www.verdieditions.com\\\/equilibre-de-vie\\\/produit\\\/transformez-votre-vie-louise-hay\\\/#breadcrumb\",\"itemListElement\":[{\"@type\":\"ListItem\",\"position\":1,\"name\":\"Accueil\",\"item\":\"https:\\\/\\\/www.verdieditions.com\\\/equilibre-de-vie\\\/\"},{\"@type\":\"ListItem\",\"position\":2,\"name\":\"La boutique\",\"item\":\"https:\\\/\\\/www.verdieditions.com\\\/equilibre-de-vie\\\/boutique\\\/\"},{\"@type\":\"ListItem\",\"position\":3,\"name\":\"Transformez votre vie &#8211; Louise HAY\"}]},{\"@type\":\"WebSite\",\"@id\":\"https:\\\/\\\/www.verdieditions.com\\\/equilibre-de-vie\\\/#website\",\"url\":\"https:\\\/\\\/www.verdieditions.com\\\/equilibre-de-vie\\\/\",\"name\":\"Equilibre de Vie\",\"description\":\"Ma boutique livres sant\u00e9, \u00e9sot\u00e9risme et d\u00e9veloppement personnel\",\"publisher\":{\"@id\":\"https:\\\/\\\/www.verdieditions.com\\\/equilibre-de-vie\\\/#\\\/schema\\\/person\\\/9dcb2a6759f2f5fbf43ac0b44649cecb\"},\"potentialAction\":[{\"@type\":\"SearchAction\",\"target\":{\"@type\":\"EntryPoint\",\"urlTemplate\":\"https:\\\/\\\/www.verdieditions.com\\\/equilibre-de-vie\\\/?s={search_term_string}\"},\"query-input\":{\"@type\":\"PropertyValueSpecification\",\"valueRequired\":true,\"valueName\":\"search_term_string\"}}],\"inLanguage\":\"fr-FR\"},{\"@type\":[\"Person\",\"Organization\"],\"@id\":\"https:\\\/\\\/www.verdieditions.com\\\/equilibre-de-vie\\\/#\\\/schema\\\/person\\\/9dcb2a6759f2f5fbf43ac0b44649cecb\",\"name\":\"Sylvie VERDI\",\"image\":{\"@type\":\"ImageObject\",\"inLanguage\":\"fr-FR\",\"@id\":\"https:\\\/\\\/www.verdieditions.com\\\/equilibre-de-vie\\\/wp-content\\\/uploads\\\/2020\\\/04\\\/livres-occasion-sante-esoterisme-developpement-personnel-2.jpg\",\"url\":\"https:\\\/\\\/www.verdieditions.com\\\/equilibre-de-vie\\\/wp-content\\\/uploads\\\/2020\\\/04\\\/livres-occasion-sante-esoterisme-developpement-personnel-2.jpg\",\"contentUrl\":\"https:\\\/\\\/www.verdieditions.com\\\/equilibre-de-vie\\\/wp-content\\\/uploads\\\/2020\\\/04\\\/livres-occasion-sante-esoterisme-developpement-personnel-2.jpg\",\"width\":800,\"height\":572,\"caption\":\"Sylvie VERDI\"},\"logo\":{\"@id\":\"https:\\\/\\\/www.verdieditions.com\\\/equilibre-de-vie\\\/wp-content\\\/uploads\\\/2020\\\/04\\\/livres-occasion-sante-esoterisme-developpement-personnel-2.jpg\"},\"sameAs\":[\"https:\\\/\\\/www.verdieditions.com\\\/equilibre-de-vie\"]}]}<\/script>\n<!-- \/ Yoast SEO plugin. -->","yoast_head_json":{"title":"Transformez votre vie - Louise HAY - Equilibre de Vie","description":"Auteur : Louise HAY Titre : Transformez votre vie \u2013 \u00ab La transformation de nos pens\u00e9es nous m\u00e8ne presque toujours \u00e0 la gu\u00e9rison \u00bb affirme Louise Hay, l\u2019un des chef de file renomm\u00e9 du \u00ab Nouvel Age \u00bb. Ses s\u00e9minaires et ses livres connaissent un immense succ\u00e8s aux USA \u00c9diteur : Vivez soleil, 1989 Edition originale, textes bleus Dim. 13,5 x 20,5 305 pages","robots":{"index":"index","follow":"follow","max-snippet":"max-snippet:-1","max-image-preview":"max-image-preview:large","max-video-preview":"max-video-preview:-1"},"canonical":"https:\/\/www.verdieditions.com\/equilibre-de-vie\/produit\/transformez-votre-vie-louise-hay\/","og_locale":"fr_FR","og_type":"article","og_title":"Transformez votre vie - Louise HAY - Equilibre de Vie","og_description":"Auteur : Louise HAY Titre : Transformez votre vie \u2013 \u00ab La transformation de nos pens\u00e9es nous m\u00e8ne presque toujours \u00e0 la gu\u00e9rison \u00bb affirme Louise Hay, l\u2019un des chef de file renomm\u00e9 du \u00ab Nouvel Age \u00bb. Ses s\u00e9minaires et ses livres connaissent un immense succ\u00e8s aux USA \u00c9diteur : Vivez soleil, 1989 Edition originale, textes bleus Dim. 13,5 x 20,5 305 pages","og_url":"https:\/\/www.verdieditions.com\/equilibre-de-vie\/produit\/transformez-votre-vie-louise-hay\/","og_site_name":"Equilibre de Vie","article_modified_time":"2024-02-06T11:18:57+00:00","og_image":[{"width":739,"height":1127,"url":"https:\/\/www.verdieditions.com\/equilibre-de-vie\/wp-content\/uploads\/2020\/04\/Transformez-votre-vie-Hay.jpg","type":"image\/jpeg"}],"twitter_card":"summary_large_image","schema":{"@context":"https:\/\/schema.org","@graph":[{"@type":"WebPage","@id":"https:\/\/www.verdieditions.com\/equilibre-de-vie\/produit\/transformez-votre-vie-louise-hay\/","url":"https:\/\/www.verdieditions.com\/equilibre-de-vie\/produit\/transformez-votre-vie-louise-hay\/","name":"Transformez votre vie - Louise HAY - Equilibre de Vie","isPartOf":{"@id":"https:\/\/www.verdieditions.com\/equilibre-de-vie\/#website"},"primaryImageOfPage":{"@id":"https:\/\/www.verdieditions.com\/equilibre-de-vie\/produit\/transformez-votre-vie-louise-hay\/#primaryimage"},"image":{"@id":"https:\/\/www.verdieditions.com\/equilibre-de-vie\/produit\/transformez-votre-vie-louise-hay\/#primaryimage"},"thumbnailUrl":"https:\/\/www.verdieditions.com\/equilibre-de-vie\/wp-content\/uploads\/2020\/04\/Transformez-votre-vie-Hay.jpg","datePublished":"2020-04-26T15:06:31+00:00","dateModified":"2024-02-06T11:18:57+00:00","description":"Auteur : Louise HAY Titre : Transformez votre vie \u2013 \u00ab La transformation de nos pens\u00e9es nous m\u00e8ne presque toujours \u00e0 la gu\u00e9rison \u00bb affirme Louise Hay, l\u2019un des chef de file renomm\u00e9 du \u00ab Nouvel Age \u00bb. Ses s\u00e9minaires et ses livres connaissent un immense succ\u00e8s aux USA \u00c9diteur : Vivez soleil, 1989 Edition originale, textes bleus Dim. 13,5 x 20,5 305 pages","breadcrumb":{"@id":"https:\/\/www.verdieditions.com\/equilibre-de-vie\/produit\/transformez-votre-vie-louise-hay\/#breadcrumb"},"inLanguage":"fr-FR","potentialAction":[{"@type":"ReadAction","target":["https:\/\/www.verdieditions.com\/equilibre-de-vie\/produit\/transformez-votre-vie-louise-hay\/"]}]},{"@type":"ImageObject","inLanguage":"fr-FR","@id":"https:\/\/www.verdieditions.com\/equilibre-de-vie\/produit\/transformez-votre-vie-louise-hay\/#primaryimage","url":"https:\/\/www.verdieditions.com\/equilibre-de-vie\/wp-content\/uploads\/2020\/04\/Transformez-votre-vie-Hay.jpg","contentUrl":"https:\/\/www.verdieditions.com\/equilibre-de-vie\/wp-content\/uploads\/2020\/04\/Transformez-votre-vie-Hay.jpg","width":739,"height":1127,"caption":"Transformez-votre-vie-Hay"},{"@type":"BreadcrumbList","@id":"https:\/\/www.verdieditions.com\/equilibre-de-vie\/produit\/transformez-votre-vie-louise-hay\/#breadcrumb","itemListElement":[{"@type":"ListItem","position":1,"name":"Accueil","item":"https:\/\/www.verdieditions.com\/equilibre-de-vie\/"},{"@type":"ListItem","position":2,"name":"La boutique","item":"https:\/\/www.verdieditions.com\/equilibre-de-vie\/boutique\/"},{"@type":"ListItem","position":3,"name":"Transformez votre vie &#8211; Louise HAY"}]},{"@type":"WebSite","@id":"https:\/\/www.verdieditions.com\/equilibre-de-vie\/#website","url":"https:\/\/www.verdieditions.com\/equilibre-de-vie\/","name":"Equilibre de Vie","description":"Ma boutique livres sant\u00e9, \u00e9sot\u00e9risme et d\u00e9veloppement personnel","publisher":{"@id":"https:\/\/www.verdieditions.com\/equilibre-de-vie\/#\/schema\/person\/9dcb2a6759f2f5fbf43ac0b44649cecb"},"potentialAction":[{"@type":"SearchAction","target":{"@type":"EntryPoint","urlTemplate":"https:\/\/www.verdieditions.com\/equilibre-de-vie\/?s={search_term_string}"},"query-input":{"@type":"PropertyValueSpecification","valueRequired":true,"valueName":"search_term_string"}}],"inLanguage":"fr-FR"},{"@type":["Person","Organization"],"@id":"https:\/\/www.verdieditions.com\/equilibre-de-vie\/#\/schema\/person\/9dcb2a6759f2f5fbf43ac0b44649cecb","name":"Sylvie VERDI","image":{"@type":"ImageObject","inLanguage":"fr-FR","@id":"https:\/\/www.verdieditions.com\/equilibre-de-vie\/wp-content\/uploads\/2020\/04\/livres-occasion-sante-esoterisme-developpement-personnel-2.jpg","url":"https:\/\/www.verdieditions.com\/equilibre-de-vie\/wp-content\/uploads\/2020\/04\/livres-occasion-sante-esoterisme-developpement-personnel-2.jpg","contentUrl":"https:\/\/www.verdieditions.com\/equilibre-de-vie\/wp-content\/uploads\/2020\/04\/livres-occasion-sante-esoterisme-developpement-personnel-2.jpg","width":800,"height":572,"caption":"Sylvie VERDI"},"logo":{"@id":"https:\/\/www.verdieditions.com\/equilibre-de-vie\/wp-content\/uploads\/2020\/04\/livres-occasion-sante-esoterisme-developpement-personnel-2.jpg"},"sameAs":["https:\/\/www.verdieditions.com\/equilibre-de-vie"]}]}},"_links":{"self":[{"href":"https:\/\/www.verdieditions.com\/equilibre-de-vie\/wp-json\/wp\/v2\/product\/738","targetHints":{"allow":["GET"]}}],"collection":[{"href":"https:\/\/www.verdieditions.com\/equilibre-de-vie\/wp-json\/wp\/v2\/product"}],"about":[{"href":"https:\/\/www.verdieditions.com\/equilibre-de-vie\/wp-json\/wp\/v2\/types\/product"}],"wp:featuredmedia":[{"embeddable":true,"href":"https:\/\/www.verdieditions.com\/equilibre-de-vie\/wp-json\/wp\/v2\/media\/739"}],"wp:attachment":[{"href":"https:\/\/www.verdieditions.com\/equilibre-de-vie\/wp-json\/wp\/v2\/media?parent=738"}],"wp:term":[{"taxonomy":"product_brand","embeddable":true,"href":"https:\/\/www.verdieditions.com\/equilibre-de-vie\/wp-json\/wp\/v2\/product_brand?post=738"},{"taxonomy":"product_cat","embeddable":true,"href":"https:\/\/www.verdieditions.com\/equilibre-de-vie\/wp-json\/wp\/v2\/product_cat?post=738"},{"taxonomy":"product_tag","embeddable":true,"href":"https:\/\/www.verdieditions.com\/equilibre-de-vie\/wp-json\/wp\/v2\/product_tag?post=738"}],"curies":[{"name":"wp","href":"https:\/\/api.w.org\/{rel}","templated":true}]}}