{"id":609,"date":"2020-04-25T16:11:31","date_gmt":"2020-04-25T14:11:31","guid":{"rendered":"https:\/\/www.verdieditions.com\/equilibre-de-vie\/?post_type=product&#038;p=609"},"modified":"2020-10-10T00:20:08","modified_gmt":"2020-10-09T22:20:08","slug":"previsions-astrologiques-nouveau-millenaire-barbault","status":"publish","type":"product","link":"https:\/\/www.verdieditions.com\/equilibre-de-vie\/produit\/previsions-astrologiques-nouveau-millenaire-barbault\/","title":{"rendered":"Pr\u00e9visions astrologiques pour le nouveau mill\u00e9naire &#8211; Andr\u00e9 BARBAULT"},"content":{"rendered":"<p>Auteur : Andr\u00e9 BARBAULT<br \/>\nTitre : Pr\u00e9visions astrologiques pour le nouveau mill\u00e9naire<br \/>\n\u00c9diteur : Dangles, 1999, collection Symbolismes<br \/>\n\u00c9dition originale<br \/>\nDim. 15 x 21<br \/>\n202 pages<\/p>\n","protected":false},"excerpt":{"rendered":"<p>Auteur : Andr\u00e9 BARBAULT<br \/>\nTitre : Pr\u00e9visions astrologiques pour le nouveau mill\u00e9naire<br \/>\n\u00c9diteur : Dangles, 1999, collection Symbolismes<br \/>\n\u00c9dition originale<br \/>\nDim. 15 x 21<br \/>\n202 pages<\/p>\n","protected":false},"featured_media":610,"template":"","meta":[],"product_brand":[],"product_cat":[23],"product_tag":[34,38,187,129,176,180],"class_list":{"0":"post-609","1":"product","2":"type-product","3":"status-publish","4":"has-post-thumbnail","6":"product_cat-esoterisme","7":"product_tag-astrologie","8":"product_tag-avenir","9":"product_tag-clairvoyance","10":"product_tag-previsions","11":"product_tag-voyance","12":"product_tag-zodiaque","14":"first","15":"outofstock","16":"featured","17":"shipping-taxable","18":"product-type-simple"},"yoast_head":"<!-- This site is optimized with the Yoast SEO plugin v27.4 - https:\/\/yoast.com\/product\/yoast-seo-wordpress\/ -->\n<title>Pr\u00e9visions astrologiques pour le nouveau mill\u00e9naire - Andr\u00e9 BARBAULT - Equilibre de Vie<\/title>\n<meta name=\"description\" content=\"Auteur : Andr\u00e9 BARBAULT Titre : Pr\u00e9visions astrologiques pour le nouveau mill\u00e9naire \u00c9diteur : Dangles, 1999, collection Symbolismes \u00c9dition originale Dim. 15 x 21 202 pages\" \/>\n<meta name=\"robots\" content=\"index, follow, max-snippet:-1, max-image-preview:large, max-video-preview:-1\" \/>\n<link rel=\"canonical\" href=\"https:\/\/www.verdieditions.com\/equilibre-de-vie\/produit\/previsions-astrologiques-nouveau-millenaire-barbault\/\" \/>\n<meta property=\"og:locale\" content=\"fr_FR\" \/>\n<meta property=\"og:type\" content=\"article\" \/>\n<meta property=\"og:title\" content=\"Pr\u00e9visions astrologiques pour le nouveau mill\u00e9naire - Andr\u00e9 BARBAULT - Equilibre de Vie\" \/>\n<meta property=\"og:description\" content=\"Auteur : Andr\u00e9 BARBAULT Titre : Pr\u00e9visions astrologiques pour le nouveau mill\u00e9naire \u00c9diteur : Dangles, 1999, collection Symbolismes \u00c9dition originale Dim. 15 x 21 202 pages\" \/>\n<meta property=\"og:url\" content=\"https:\/\/www.verdieditions.com\/equilibre-de-vie\/produit\/previsions-astrologiques-nouveau-millenaire-barbault\/\" \/>\n<meta property=\"og:site_name\" content=\"Equilibre de Vie\" \/>\n<meta property=\"article:modified_time\" content=\"2020-10-09T22:20:08+00:00\" \/>\n<meta property=\"og:image\" content=\"https:\/\/www.verdieditions.com\/equilibre-de-vie\/wp-content\/uploads\/2020\/04\/previsions-astrologiques-nouveau-millenaire-Barbault.jpg\" \/>\n\t<meta property=\"og:image:width\" content=\"835\" \/>\n\t<meta property=\"og:image:height\" content=\"1140\" \/>\n\t<meta property=\"og:image:type\" content=\"image\/jpeg\" \/>\n<meta name=\"twitter:card\" content=\"summary_large_image\" \/>\n<script type=\"application\/ld+json\" class=\"yoast-schema-graph\">{\"@context\":\"https:\\\/\\\/schema.org\",\"@graph\":[{\"@type\":\"WebPage\",\"@id\":\"https:\\\/\\\/www.verdieditions.com\\\/equilibre-de-vie\\\/produit\\\/previsions-astrologiques-nouveau-millenaire-barbault\\\/\",\"url\":\"https:\\\/\\\/www.verdieditions.com\\\/equilibre-de-vie\\\/produit\\\/previsions-astrologiques-nouveau-millenaire-barbault\\\/\",\"name\":\"Pr\u00e9visions astrologiques pour le nouveau mill\u00e9naire - Andr\u00e9 BARBAULT - Equilibre de Vie\",\"isPartOf\":{\"@id\":\"https:\\\/\\\/www.verdieditions.com\\\/equilibre-de-vie\\\/#website\"},\"primaryImageOfPage\":{\"@id\":\"https:\\\/\\\/www.verdieditions.com\\\/equilibre-de-vie\\\/produit\\\/previsions-astrologiques-nouveau-millenaire-barbault\\\/#primaryimage\"},\"image\":{\"@id\":\"https:\\\/\\\/www.verdieditions.com\\\/equilibre-de-vie\\\/produit\\\/previsions-astrologiques-nouveau-millenaire-barbault\\\/#primaryimage\"},\"thumbnailUrl\":\"https:\\\/\\\/www.verdieditions.com\\\/equilibre-de-vie\\\/wp-content\\\/uploads\\\/2020\\\/04\\\/previsions-astrologiques-nouveau-millenaire-Barbault.jpg\",\"datePublished\":\"2020-04-25T14:11:31+00:00\",\"dateModified\":\"2020-10-09T22:20:08+00:00\",\"description\":\"Auteur : Andr\u00e9 BARBAULT Titre : Pr\u00e9visions astrologiques pour le nouveau mill\u00e9naire \u00c9diteur : Dangles, 1999, collection Symbolismes \u00c9dition originale Dim. 15 x 21 202 pages\",\"breadcrumb\":{\"@id\":\"https:\\\/\\\/www.verdieditions.com\\\/equilibre-de-vie\\\/produit\\\/previsions-astrologiques-nouveau-millenaire-barbault\\\/#breadcrumb\"},\"inLanguage\":\"fr-FR\",\"potentialAction\":[{\"@type\":\"ReadAction\",\"target\":[\"https:\\\/\\\/www.verdieditions.com\\\/equilibre-de-vie\\\/produit\\\/previsions-astrologiques-nouveau-millenaire-barbault\\\/\"]}]},{\"@type\":\"ImageObject\",\"inLanguage\":\"fr-FR\",\"@id\":\"https:\\\/\\\/www.verdieditions.com\\\/equilibre-de-vie\\\/produit\\\/previsions-astrologiques-nouveau-millenaire-barbault\\\/#primaryimage\",\"url\":\"https:\\\/\\\/www.verdieditions.com\\\/equilibre-de-vie\\\/wp-content\\\/uploads\\\/2020\\\/04\\\/previsions-astrologiques-nouveau-millenaire-Barbault.jpg\",\"contentUrl\":\"https:\\\/\\\/www.verdieditions.com\\\/equilibre-de-vie\\\/wp-content\\\/uploads\\\/2020\\\/04\\\/previsions-astrologiques-nouveau-millenaire-Barbault.jpg\",\"width\":835,\"height\":1140,\"caption\":\"previsions-astrologiques-nouveau-millenaire-Barbault\"},{\"@type\":\"BreadcrumbList\",\"@id\":\"https:\\\/\\\/www.verdieditions.com\\\/equilibre-de-vie\\\/produit\\\/previsions-astrologiques-nouveau-millenaire-barbault\\\/#breadcrumb\",\"itemListElement\":[{\"@type\":\"ListItem\",\"position\":1,\"name\":\"Accueil\",\"item\":\"https:\\\/\\\/www.verdieditions.com\\\/equilibre-de-vie\\\/\"},{\"@type\":\"ListItem\",\"position\":2,\"name\":\"La boutique\",\"item\":\"https:\\\/\\\/www.verdieditions.com\\\/equilibre-de-vie\\\/boutique\\\/\"},{\"@type\":\"ListItem\",\"position\":3,\"name\":\"Pr\u00e9visions astrologiques pour le nouveau mill\u00e9naire &#8211; Andr\u00e9 BARBAULT\"}]},{\"@type\":\"WebSite\",\"@id\":\"https:\\\/\\\/www.verdieditions.com\\\/equilibre-de-vie\\\/#website\",\"url\":\"https:\\\/\\\/www.verdieditions.com\\\/equilibre-de-vie\\\/\",\"name\":\"Equilibre de Vie\",\"description\":\"Ma boutique livres sant\u00e9, \u00e9sot\u00e9risme et d\u00e9veloppement personnel\",\"publisher\":{\"@id\":\"https:\\\/\\\/www.verdieditions.com\\\/equilibre-de-vie\\\/#\\\/schema\\\/person\\\/9dcb2a6759f2f5fbf43ac0b44649cecb\"},\"potentialAction\":[{\"@type\":\"SearchAction\",\"target\":{\"@type\":\"EntryPoint\",\"urlTemplate\":\"https:\\\/\\\/www.verdieditions.com\\\/equilibre-de-vie\\\/?s={search_term_string}\"},\"query-input\":{\"@type\":\"PropertyValueSpecification\",\"valueRequired\":true,\"valueName\":\"search_term_string\"}}],\"inLanguage\":\"fr-FR\"},{\"@type\":[\"Person\",\"Organization\"],\"@id\":\"https:\\\/\\\/www.verdieditions.com\\\/equilibre-de-vie\\\/#\\\/schema\\\/person\\\/9dcb2a6759f2f5fbf43ac0b44649cecb\",\"name\":\"Sylvie VERDI\",\"image\":{\"@type\":\"ImageObject\",\"inLanguage\":\"fr-FR\",\"@id\":\"https:\\\/\\\/www.verdieditions.com\\\/equilibre-de-vie\\\/wp-content\\\/uploads\\\/2020\\\/04\\\/livres-occasion-sante-esoterisme-developpement-personnel-2.jpg\",\"url\":\"https:\\\/\\\/www.verdieditions.com\\\/equilibre-de-vie\\\/wp-content\\\/uploads\\\/2020\\\/04\\\/livres-occasion-sante-esoterisme-developpement-personnel-2.jpg\",\"contentUrl\":\"https:\\\/\\\/www.verdieditions.com\\\/equilibre-de-vie\\\/wp-content\\\/uploads\\\/2020\\\/04\\\/livres-occasion-sante-esoterisme-developpement-personnel-2.jpg\",\"width\":800,\"height\":572,\"caption\":\"Sylvie VERDI\"},\"logo\":{\"@id\":\"https:\\\/\\\/www.verdieditions.com\\\/equilibre-de-vie\\\/wp-content\\\/uploads\\\/2020\\\/04\\\/livres-occasion-sante-esoterisme-developpement-personnel-2.jpg\"},\"sameAs\":[\"https:\\\/\\\/www.verdieditions.com\\\/equilibre-de-vie\"]}]}<\/script>\n<!-- \/ Yoast SEO plugin. -->","yoast_head_json":{"title":"Pr\u00e9visions astrologiques pour le nouveau mill\u00e9naire - Andr\u00e9 BARBAULT - Equilibre de Vie","description":"Auteur : Andr\u00e9 BARBAULT Titre : Pr\u00e9visions astrologiques pour le nouveau mill\u00e9naire \u00c9diteur : Dangles, 1999, collection Symbolismes \u00c9dition originale Dim. 15 x 21 202 pages","robots":{"index":"index","follow":"follow","max-snippet":"max-snippet:-1","max-image-preview":"max-image-preview:large","max-video-preview":"max-video-preview:-1"},"canonical":"https:\/\/www.verdieditions.com\/equilibre-de-vie\/produit\/previsions-astrologiques-nouveau-millenaire-barbault\/","og_locale":"fr_FR","og_type":"article","og_title":"Pr\u00e9visions astrologiques pour le nouveau mill\u00e9naire - Andr\u00e9 BARBAULT - Equilibre de Vie","og_description":"Auteur : Andr\u00e9 BARBAULT Titre : Pr\u00e9visions astrologiques pour le nouveau mill\u00e9naire \u00c9diteur : Dangles, 1999, collection Symbolismes \u00c9dition originale Dim. 15 x 21 202 pages","og_url":"https:\/\/www.verdieditions.com\/equilibre-de-vie\/produit\/previsions-astrologiques-nouveau-millenaire-barbault\/","og_site_name":"Equilibre de Vie","article_modified_time":"2020-10-09T22:20:08+00:00","og_image":[{"width":835,"height":1140,"url":"https:\/\/www.verdieditions.com\/equilibre-de-vie\/wp-content\/uploads\/2020\/04\/previsions-astrologiques-nouveau-millenaire-Barbault.jpg","type":"image\/jpeg"}],"twitter_card":"summary_large_image","schema":{"@context":"https:\/\/schema.org","@graph":[{"@type":"WebPage","@id":"https:\/\/www.verdieditions.com\/equilibre-de-vie\/produit\/previsions-astrologiques-nouveau-millenaire-barbault\/","url":"https:\/\/www.verdieditions.com\/equilibre-de-vie\/produit\/previsions-astrologiques-nouveau-millenaire-barbault\/","name":"Pr\u00e9visions astrologiques pour le nouveau mill\u00e9naire - Andr\u00e9 BARBAULT - Equilibre de Vie","isPartOf":{"@id":"https:\/\/www.verdieditions.com\/equilibre-de-vie\/#website"},"primaryImageOfPage":{"@id":"https:\/\/www.verdieditions.com\/equilibre-de-vie\/produit\/previsions-astrologiques-nouveau-millenaire-barbault\/#primaryimage"},"image":{"@id":"https:\/\/www.verdieditions.com\/equilibre-de-vie\/produit\/previsions-astrologiques-nouveau-millenaire-barbault\/#primaryimage"},"thumbnailUrl":"https:\/\/www.verdieditions.com\/equilibre-de-vie\/wp-content\/uploads\/2020\/04\/previsions-astrologiques-nouveau-millenaire-Barbault.jpg","datePublished":"2020-04-25T14:11:31+00:00","dateModified":"2020-10-09T22:20:08+00:00","description":"Auteur : Andr\u00e9 BARBAULT Titre : Pr\u00e9visions astrologiques pour le nouveau mill\u00e9naire \u00c9diteur : Dangles, 1999, collection Symbolismes \u00c9dition originale Dim. 15 x 21 202 pages","breadcrumb":{"@id":"https:\/\/www.verdieditions.com\/equilibre-de-vie\/produit\/previsions-astrologiques-nouveau-millenaire-barbault\/#breadcrumb"},"inLanguage":"fr-FR","potentialAction":[{"@type":"ReadAction","target":["https:\/\/www.verdieditions.com\/equilibre-de-vie\/produit\/previsions-astrologiques-nouveau-millenaire-barbault\/"]}]},{"@type":"ImageObject","inLanguage":"fr-FR","@id":"https:\/\/www.verdieditions.com\/equilibre-de-vie\/produit\/previsions-astrologiques-nouveau-millenaire-barbault\/#primaryimage","url":"https:\/\/www.verdieditions.com\/equilibre-de-vie\/wp-content\/uploads\/2020\/04\/previsions-astrologiques-nouveau-millenaire-Barbault.jpg","contentUrl":"https:\/\/www.verdieditions.com\/equilibre-de-vie\/wp-content\/uploads\/2020\/04\/previsions-astrologiques-nouveau-millenaire-Barbault.jpg","width":835,"height":1140,"caption":"previsions-astrologiques-nouveau-millenaire-Barbault"},{"@type":"BreadcrumbList","@id":"https:\/\/www.verdieditions.com\/equilibre-de-vie\/produit\/previsions-astrologiques-nouveau-millenaire-barbault\/#breadcrumb","itemListElement":[{"@type":"ListItem","position":1,"name":"Accueil","item":"https:\/\/www.verdieditions.com\/equilibre-de-vie\/"},{"@type":"ListItem","position":2,"name":"La boutique","item":"https:\/\/www.verdieditions.com\/equilibre-de-vie\/boutique\/"},{"@type":"ListItem","position":3,"name":"Pr\u00e9visions astrologiques pour le nouveau mill\u00e9naire &#8211; Andr\u00e9 BARBAULT"}]},{"@type":"WebSite","@id":"https:\/\/www.verdieditions.com\/equilibre-de-vie\/#website","url":"https:\/\/www.verdieditions.com\/equilibre-de-vie\/","name":"Equilibre de Vie","description":"Ma boutique livres sant\u00e9, \u00e9sot\u00e9risme et d\u00e9veloppement personnel","publisher":{"@id":"https:\/\/www.verdieditions.com\/equilibre-de-vie\/#\/schema\/person\/9dcb2a6759f2f5fbf43ac0b44649cecb"},"potentialAction":[{"@type":"SearchAction","target":{"@type":"EntryPoint","urlTemplate":"https:\/\/www.verdieditions.com\/equilibre-de-vie\/?s={search_term_string}"},"query-input":{"@type":"PropertyValueSpecification","valueRequired":true,"valueName":"search_term_string"}}],"inLanguage":"fr-FR"},{"@type":["Person","Organization"],"@id":"https:\/\/www.verdieditions.com\/equilibre-de-vie\/#\/schema\/person\/9dcb2a6759f2f5fbf43ac0b44649cecb","name":"Sylvie VERDI","image":{"@type":"ImageObject","inLanguage":"fr-FR","@id":"https:\/\/www.verdieditions.com\/equilibre-de-vie\/wp-content\/uploads\/2020\/04\/livres-occasion-sante-esoterisme-developpement-personnel-2.jpg","url":"https:\/\/www.verdieditions.com\/equilibre-de-vie\/wp-content\/uploads\/2020\/04\/livres-occasion-sante-esoterisme-developpement-personnel-2.jpg","contentUrl":"https:\/\/www.verdieditions.com\/equilibre-de-vie\/wp-content\/uploads\/2020\/04\/livres-occasion-sante-esoterisme-developpement-personnel-2.jpg","width":800,"height":572,"caption":"Sylvie VERDI"},"logo":{"@id":"https:\/\/www.verdieditions.com\/equilibre-de-vie\/wp-content\/uploads\/2020\/04\/livres-occasion-sante-esoterisme-developpement-personnel-2.jpg"},"sameAs":["https:\/\/www.verdieditions.com\/equilibre-de-vie"]}]}},"_links":{"self":[{"href":"https:\/\/www.verdieditions.com\/equilibre-de-vie\/wp-json\/wp\/v2\/product\/609","targetHints":{"allow":["GET"]}}],"collection":[{"href":"https:\/\/www.verdieditions.com\/equilibre-de-vie\/wp-json\/wp\/v2\/product"}],"about":[{"href":"https:\/\/www.verdieditions.com\/equilibre-de-vie\/wp-json\/wp\/v2\/types\/product"}],"wp:featuredmedia":[{"embeddable":true,"href":"https:\/\/www.verdieditions.com\/equilibre-de-vie\/wp-json\/wp\/v2\/media\/610"}],"wp:attachment":[{"href":"https:\/\/www.verdieditions.com\/equilibre-de-vie\/wp-json\/wp\/v2\/media?parent=609"}],"wp:term":[{"taxonomy":"product_brand","embeddable":true,"href":"https:\/\/www.verdieditions.com\/equilibre-de-vie\/wp-json\/wp\/v2\/product_brand?post=609"},{"taxonomy":"product_cat","embeddable":true,"href":"https:\/\/www.verdieditions.com\/equilibre-de-vie\/wp-json\/wp\/v2\/product_cat?post=609"},{"taxonomy":"product_tag","embeddable":true,"href":"https:\/\/www.verdieditions.com\/equilibre-de-vie\/wp-json\/wp\/v2\/product_tag?post=609"}],"curies":[{"name":"wp","href":"https:\/\/api.w.org\/{rel}","templated":true}]}}