{"id":311,"date":"2020-04-23T16:52:12","date_gmt":"2020-04-23T14:52:12","guid":{"rendered":"https:\/\/www.verdieditions.com\/equilibre-de-vie\/?post_type=product&#038;p=311"},"modified":"2020-11-07T13:20:04","modified_gmt":"2020-11-07T12:20:04","slug":"guide-pratique-life-coaching-lefrancois","status":"publish","type":"product","link":"https:\/\/www.verdieditions.com\/equilibre-de-vie\/produit\/guide-pratique-life-coaching-lefrancois\/","title":{"rendered":"Guide pratique du Life Coaching &#8211; David LEFRAN\u00c7OIS"},"content":{"rendered":"<p>Auteur : David LEFRAN\u00c7OIS<br \/>\nTitre : Guide pratique du Life Coaching<br \/>\n\u00c9diteur : Gualino \u00e9diteur, 2004<br \/>\nEtat excellent, comme neuf<br \/>\nDim. 14,5 x 21<br \/>\n326 pages<\/p>\n<p>C&rsquo;est avec l&rsquo;enthousiasme, l&rsquo;\u00e9nergie et le professionnalisme qui ont fait sa r\u00e9putation en tant que formateur et conf\u00e9rencier que David Lefran\u00e7ois vous livre la philosophie, les techniques et les strat\u00e9gies de ce nouveau m\u00e9tier du d\u00e9veloppement personnel qu&rsquo;est le \u00ab\u00a0Life Coaching\u00a0\u00bb. Le \u00ab\u00a0Life Coaching\u00a0\u00bb tend, en effet, \u00e0 s&rsquo;imposer comme une discipline majeure de la relation d&rsquo;aide particuli\u00e8rement bien adapt\u00e9e \u00e0 notre soci\u00e9t\u00e9 d&rsquo;aujourd&rsquo;hui. Bien au-del\u00e0 d&rsquo;une simple information structur\u00e9e sur le m\u00e9tier, cet ouvrage vous apprend comment reprendre le contr\u00f4le de votre vie et vous oriente vers les voies de la sagesse et de la r\u00e9ussite. Gr\u00e2ce \u00e0 ce livre, vous saurez comment : motiver et vous auto-motiver ; d\u00e9velopper l&rsquo;\u00e9nergie qui est en vous ; sortir des jeux psychologiques ; identifier o\u00f9 se trouvent vraiment vos probl\u00e8mes ; r\u00e9soudre un probl\u00e8me ; comprendre le changement et ses cycles ; \u00e9quilibrer vie personnelle et vie professionnelle ; arr\u00eater de temporiser et passer, enfin, \u00e0 l&rsquo;action. Le \u00ab\u00a0Guide pratique du Life Coaching\u00a0\u00bb vous permet de mettre en oeuvre au quotidien les principes les plus efficaces pour r\u00e9ussir dans les diff\u00e9rents domaines qui composent votre vie. Ecrit par une personnalit\u00e9 repr\u00e9sentant s\u00fbrement le renouveau et l&rsquo;avenir du Coaching en France, vous prendrez plaisir \u00e0 d\u00e9couvrir au fil des pages les nouvelles cl\u00e9s de l&rsquo;\u00e9panouissement personnel et de l&rsquo;accompagnement.<\/p>\n","protected":false},"excerpt":{"rendered":"<p>Auteur : David LEFRAN\u00c7OIS<br \/>\nTitre : Guide pratique du Life Coaching<br \/>\n\u00c9diteur : Gualino \u00e9diteur, 2004<br \/>\nEtat excellent, comme neuf<br \/>\nDim. 14,5 x 21<br \/>\n326 pages<\/p>\n","protected":false},"featured_media":312,"template":"","meta":[],"product_brand":[],"product_cat":[22],"product_tag":[50,88,128,132,135,139,143,158,169],"class_list":{"0":"post-311","1":"product","2":"type-product","3":"status-publish","4":"has-post-thumbnail","6":"product_cat-developpement-personnel","7":"product_tag-coaching","8":"product_tag-life-coaching","9":"product_tag-preparation-mentale","10":"product_tag-professionnel","11":"product_tag-psychologie","12":"product_tag-relations-humaines","13":"product_tag-reussite","14":"product_tag-succes","15":"product_tag-travail","17":"first","18":"outofstock","19":"featured","20":"shipping-taxable","21":"product-type-simple"},"yoast_head":"<!-- This site is optimized with the Yoast SEO plugin v27.4 - https:\/\/yoast.com\/product\/yoast-seo-wordpress\/ -->\n<title>Guide pratique du Life Coaching - David LEFRAN\u00c7OIS - Equilibre de Vie<\/title>\n<meta name=\"description\" content=\"Auteur : David LEFRAN\u00c7OIS Titre : Guide pratique du Life Coaching \u00c9diteur : Gualino \u00e9diteur, 2004 Etat excellent, comme neuf Dim. 14,5 x 21 326 pages\" \/>\n<meta name=\"robots\" content=\"index, follow, max-snippet:-1, max-image-preview:large, max-video-preview:-1\" \/>\n<link rel=\"canonical\" href=\"https:\/\/www.verdieditions.com\/equilibre-de-vie\/produit\/guide-pratique-life-coaching-lefrancois\/\" \/>\n<meta property=\"og:locale\" content=\"fr_FR\" \/>\n<meta property=\"og:type\" content=\"article\" \/>\n<meta property=\"og:title\" content=\"Guide pratique du Life Coaching - David LEFRAN\u00c7OIS - Equilibre de Vie\" \/>\n<meta property=\"og:description\" content=\"Auteur : David LEFRAN\u00c7OIS Titre : Guide pratique du Life Coaching \u00c9diteur : Gualino \u00e9diteur, 2004 Etat excellent, comme neuf Dim. 14,5 x 21 326 pages\" \/>\n<meta property=\"og:url\" content=\"https:\/\/www.verdieditions.com\/equilibre-de-vie\/produit\/guide-pratique-life-coaching-lefrancois\/\" \/>\n<meta property=\"og:site_name\" content=\"Equilibre de Vie\" \/>\n<meta property=\"article:modified_time\" content=\"2020-11-07T12:20:04+00:00\" \/>\n<meta property=\"og:image\" content=\"https:\/\/www.verdieditions.com\/equilibre-de-vie\/wp-content\/uploads\/2020\/04\/Guide-pratique-life-coaching-Lefrancois.jpg\" \/>\n\t<meta property=\"og:image:width\" content=\"845\" \/>\n\t<meta property=\"og:image:height\" content=\"1184\" \/>\n\t<meta property=\"og:image:type\" content=\"image\/jpeg\" \/>\n<meta name=\"twitter:card\" content=\"summary_large_image\" \/>\n<meta name=\"twitter:label1\" content=\"Dur\u00e9e de lecture estim\u00e9e\" \/>\n\t<meta name=\"twitter:data1\" content=\"1 minute\" \/>\n<script type=\"application\/ld+json\" class=\"yoast-schema-graph\">{\"@context\":\"https:\\\/\\\/schema.org\",\"@graph\":[{\"@type\":\"WebPage\",\"@id\":\"https:\\\/\\\/www.verdieditions.com\\\/equilibre-de-vie\\\/produit\\\/guide-pratique-life-coaching-lefrancois\\\/\",\"url\":\"https:\\\/\\\/www.verdieditions.com\\\/equilibre-de-vie\\\/produit\\\/guide-pratique-life-coaching-lefrancois\\\/\",\"name\":\"Guide pratique du Life Coaching - David LEFRAN\u00c7OIS - Equilibre de Vie\",\"isPartOf\":{\"@id\":\"https:\\\/\\\/www.verdieditions.com\\\/equilibre-de-vie\\\/#website\"},\"primaryImageOfPage\":{\"@id\":\"https:\\\/\\\/www.verdieditions.com\\\/equilibre-de-vie\\\/produit\\\/guide-pratique-life-coaching-lefrancois\\\/#primaryimage\"},\"image\":{\"@id\":\"https:\\\/\\\/www.verdieditions.com\\\/equilibre-de-vie\\\/produit\\\/guide-pratique-life-coaching-lefrancois\\\/#primaryimage\"},\"thumbnailUrl\":\"https:\\\/\\\/www.verdieditions.com\\\/equilibre-de-vie\\\/wp-content\\\/uploads\\\/2020\\\/04\\\/Guide-pratique-life-coaching-Lefrancois.jpg\",\"datePublished\":\"2020-04-23T14:52:12+00:00\",\"dateModified\":\"2020-11-07T12:20:04+00:00\",\"description\":\"Auteur : David LEFRAN\u00c7OIS Titre : Guide pratique du Life Coaching \u00c9diteur : Gualino \u00e9diteur, 2004 Etat excellent, comme neuf Dim. 14,5 x 21 326 pages\",\"breadcrumb\":{\"@id\":\"https:\\\/\\\/www.verdieditions.com\\\/equilibre-de-vie\\\/produit\\\/guide-pratique-life-coaching-lefrancois\\\/#breadcrumb\"},\"inLanguage\":\"fr-FR\",\"potentialAction\":[{\"@type\":\"ReadAction\",\"target\":[\"https:\\\/\\\/www.verdieditions.com\\\/equilibre-de-vie\\\/produit\\\/guide-pratique-life-coaching-lefrancois\\\/\"]}]},{\"@type\":\"ImageObject\",\"inLanguage\":\"fr-FR\",\"@id\":\"https:\\\/\\\/www.verdieditions.com\\\/equilibre-de-vie\\\/produit\\\/guide-pratique-life-coaching-lefrancois\\\/#primaryimage\",\"url\":\"https:\\\/\\\/www.verdieditions.com\\\/equilibre-de-vie\\\/wp-content\\\/uploads\\\/2020\\\/04\\\/Guide-pratique-life-coaching-Lefrancois.jpg\",\"contentUrl\":\"https:\\\/\\\/www.verdieditions.com\\\/equilibre-de-vie\\\/wp-content\\\/uploads\\\/2020\\\/04\\\/Guide-pratique-life-coaching-Lefrancois.jpg\",\"width\":845,\"height\":1184,\"caption\":\"Guide-pratique-life-coaching-Lefrancois\"},{\"@type\":\"BreadcrumbList\",\"@id\":\"https:\\\/\\\/www.verdieditions.com\\\/equilibre-de-vie\\\/produit\\\/guide-pratique-life-coaching-lefrancois\\\/#breadcrumb\",\"itemListElement\":[{\"@type\":\"ListItem\",\"position\":1,\"name\":\"Accueil\",\"item\":\"https:\\\/\\\/www.verdieditions.com\\\/equilibre-de-vie\\\/\"},{\"@type\":\"ListItem\",\"position\":2,\"name\":\"La boutique\",\"item\":\"https:\\\/\\\/www.verdieditions.com\\\/equilibre-de-vie\\\/boutique\\\/\"},{\"@type\":\"ListItem\",\"position\":3,\"name\":\"Guide pratique du Life Coaching &#8211; David LEFRAN\u00c7OIS\"}]},{\"@type\":\"WebSite\",\"@id\":\"https:\\\/\\\/www.verdieditions.com\\\/equilibre-de-vie\\\/#website\",\"url\":\"https:\\\/\\\/www.verdieditions.com\\\/equilibre-de-vie\\\/\",\"name\":\"Equilibre de Vie\",\"description\":\"Ma boutique livres sant\u00e9, \u00e9sot\u00e9risme et d\u00e9veloppement personnel\",\"publisher\":{\"@id\":\"https:\\\/\\\/www.verdieditions.com\\\/equilibre-de-vie\\\/#\\\/schema\\\/person\\\/9dcb2a6759f2f5fbf43ac0b44649cecb\"},\"potentialAction\":[{\"@type\":\"SearchAction\",\"target\":{\"@type\":\"EntryPoint\",\"urlTemplate\":\"https:\\\/\\\/www.verdieditions.com\\\/equilibre-de-vie\\\/?s={search_term_string}\"},\"query-input\":{\"@type\":\"PropertyValueSpecification\",\"valueRequired\":true,\"valueName\":\"search_term_string\"}}],\"inLanguage\":\"fr-FR\"},{\"@type\":[\"Person\",\"Organization\"],\"@id\":\"https:\\\/\\\/www.verdieditions.com\\\/equilibre-de-vie\\\/#\\\/schema\\\/person\\\/9dcb2a6759f2f5fbf43ac0b44649cecb\",\"name\":\"Sylvie VERDI\",\"image\":{\"@type\":\"ImageObject\",\"inLanguage\":\"fr-FR\",\"@id\":\"https:\\\/\\\/www.verdieditions.com\\\/equilibre-de-vie\\\/wp-content\\\/uploads\\\/2020\\\/04\\\/livres-occasion-sante-esoterisme-developpement-personnel-2.jpg\",\"url\":\"https:\\\/\\\/www.verdieditions.com\\\/equilibre-de-vie\\\/wp-content\\\/uploads\\\/2020\\\/04\\\/livres-occasion-sante-esoterisme-developpement-personnel-2.jpg\",\"contentUrl\":\"https:\\\/\\\/www.verdieditions.com\\\/equilibre-de-vie\\\/wp-content\\\/uploads\\\/2020\\\/04\\\/livres-occasion-sante-esoterisme-developpement-personnel-2.jpg\",\"width\":800,\"height\":572,\"caption\":\"Sylvie VERDI\"},\"logo\":{\"@id\":\"https:\\\/\\\/www.verdieditions.com\\\/equilibre-de-vie\\\/wp-content\\\/uploads\\\/2020\\\/04\\\/livres-occasion-sante-esoterisme-developpement-personnel-2.jpg\"},\"sameAs\":[\"https:\\\/\\\/www.verdieditions.com\\\/equilibre-de-vie\"]}]}<\/script>\n<!-- \/ Yoast SEO plugin. -->","yoast_head_json":{"title":"Guide pratique du Life Coaching - David LEFRAN\u00c7OIS - Equilibre de Vie","description":"Auteur : David LEFRAN\u00c7OIS Titre : Guide pratique du Life Coaching \u00c9diteur : Gualino \u00e9diteur, 2004 Etat excellent, comme neuf Dim. 14,5 x 21 326 pages","robots":{"index":"index","follow":"follow","max-snippet":"max-snippet:-1","max-image-preview":"max-image-preview:large","max-video-preview":"max-video-preview:-1"},"canonical":"https:\/\/www.verdieditions.com\/equilibre-de-vie\/produit\/guide-pratique-life-coaching-lefrancois\/","og_locale":"fr_FR","og_type":"article","og_title":"Guide pratique du Life Coaching - David LEFRAN\u00c7OIS - Equilibre de Vie","og_description":"Auteur : David LEFRAN\u00c7OIS Titre : Guide pratique du Life Coaching \u00c9diteur : Gualino \u00e9diteur, 2004 Etat excellent, comme neuf Dim. 14,5 x 21 326 pages","og_url":"https:\/\/www.verdieditions.com\/equilibre-de-vie\/produit\/guide-pratique-life-coaching-lefrancois\/","og_site_name":"Equilibre de Vie","article_modified_time":"2020-11-07T12:20:04+00:00","og_image":[{"width":845,"height":1184,"url":"https:\/\/www.verdieditions.com\/equilibre-de-vie\/wp-content\/uploads\/2020\/04\/Guide-pratique-life-coaching-Lefrancois.jpg","type":"image\/jpeg"}],"twitter_card":"summary_large_image","twitter_misc":{"Dur\u00e9e de lecture estim\u00e9e":"1 minute"},"schema":{"@context":"https:\/\/schema.org","@graph":[{"@type":"WebPage","@id":"https:\/\/www.verdieditions.com\/equilibre-de-vie\/produit\/guide-pratique-life-coaching-lefrancois\/","url":"https:\/\/www.verdieditions.com\/equilibre-de-vie\/produit\/guide-pratique-life-coaching-lefrancois\/","name":"Guide pratique du Life Coaching - David LEFRAN\u00c7OIS - Equilibre de Vie","isPartOf":{"@id":"https:\/\/www.verdieditions.com\/equilibre-de-vie\/#website"},"primaryImageOfPage":{"@id":"https:\/\/www.verdieditions.com\/equilibre-de-vie\/produit\/guide-pratique-life-coaching-lefrancois\/#primaryimage"},"image":{"@id":"https:\/\/www.verdieditions.com\/equilibre-de-vie\/produit\/guide-pratique-life-coaching-lefrancois\/#primaryimage"},"thumbnailUrl":"https:\/\/www.verdieditions.com\/equilibre-de-vie\/wp-content\/uploads\/2020\/04\/Guide-pratique-life-coaching-Lefrancois.jpg","datePublished":"2020-04-23T14:52:12+00:00","dateModified":"2020-11-07T12:20:04+00:00","description":"Auteur : David LEFRAN\u00c7OIS Titre : Guide pratique du Life Coaching \u00c9diteur : Gualino \u00e9diteur, 2004 Etat excellent, comme neuf Dim. 14,5 x 21 326 pages","breadcrumb":{"@id":"https:\/\/www.verdieditions.com\/equilibre-de-vie\/produit\/guide-pratique-life-coaching-lefrancois\/#breadcrumb"},"inLanguage":"fr-FR","potentialAction":[{"@type":"ReadAction","target":["https:\/\/www.verdieditions.com\/equilibre-de-vie\/produit\/guide-pratique-life-coaching-lefrancois\/"]}]},{"@type":"ImageObject","inLanguage":"fr-FR","@id":"https:\/\/www.verdieditions.com\/equilibre-de-vie\/produit\/guide-pratique-life-coaching-lefrancois\/#primaryimage","url":"https:\/\/www.verdieditions.com\/equilibre-de-vie\/wp-content\/uploads\/2020\/04\/Guide-pratique-life-coaching-Lefrancois.jpg","contentUrl":"https:\/\/www.verdieditions.com\/equilibre-de-vie\/wp-content\/uploads\/2020\/04\/Guide-pratique-life-coaching-Lefrancois.jpg","width":845,"height":1184,"caption":"Guide-pratique-life-coaching-Lefrancois"},{"@type":"BreadcrumbList","@id":"https:\/\/www.verdieditions.com\/equilibre-de-vie\/produit\/guide-pratique-life-coaching-lefrancois\/#breadcrumb","itemListElement":[{"@type":"ListItem","position":1,"name":"Accueil","item":"https:\/\/www.verdieditions.com\/equilibre-de-vie\/"},{"@type":"ListItem","position":2,"name":"La boutique","item":"https:\/\/www.verdieditions.com\/equilibre-de-vie\/boutique\/"},{"@type":"ListItem","position":3,"name":"Guide pratique du Life Coaching &#8211; David LEFRAN\u00c7OIS"}]},{"@type":"WebSite","@id":"https:\/\/www.verdieditions.com\/equilibre-de-vie\/#website","url":"https:\/\/www.verdieditions.com\/equilibre-de-vie\/","name":"Equilibre de Vie","description":"Ma boutique livres sant\u00e9, \u00e9sot\u00e9risme et d\u00e9veloppement personnel","publisher":{"@id":"https:\/\/www.verdieditions.com\/equilibre-de-vie\/#\/schema\/person\/9dcb2a6759f2f5fbf43ac0b44649cecb"},"potentialAction":[{"@type":"SearchAction","target":{"@type":"EntryPoint","urlTemplate":"https:\/\/www.verdieditions.com\/equilibre-de-vie\/?s={search_term_string}"},"query-input":{"@type":"PropertyValueSpecification","valueRequired":true,"valueName":"search_term_string"}}],"inLanguage":"fr-FR"},{"@type":["Person","Organization"],"@id":"https:\/\/www.verdieditions.com\/equilibre-de-vie\/#\/schema\/person\/9dcb2a6759f2f5fbf43ac0b44649cecb","name":"Sylvie VERDI","image":{"@type":"ImageObject","inLanguage":"fr-FR","@id":"https:\/\/www.verdieditions.com\/equilibre-de-vie\/wp-content\/uploads\/2020\/04\/livres-occasion-sante-esoterisme-developpement-personnel-2.jpg","url":"https:\/\/www.verdieditions.com\/equilibre-de-vie\/wp-content\/uploads\/2020\/04\/livres-occasion-sante-esoterisme-developpement-personnel-2.jpg","contentUrl":"https:\/\/www.verdieditions.com\/equilibre-de-vie\/wp-content\/uploads\/2020\/04\/livres-occasion-sante-esoterisme-developpement-personnel-2.jpg","width":800,"height":572,"caption":"Sylvie VERDI"},"logo":{"@id":"https:\/\/www.verdieditions.com\/equilibre-de-vie\/wp-content\/uploads\/2020\/04\/livres-occasion-sante-esoterisme-developpement-personnel-2.jpg"},"sameAs":["https:\/\/www.verdieditions.com\/equilibre-de-vie"]}]}},"_links":{"self":[{"href":"https:\/\/www.verdieditions.com\/equilibre-de-vie\/wp-json\/wp\/v2\/product\/311","targetHints":{"allow":["GET"]}}],"collection":[{"href":"https:\/\/www.verdieditions.com\/equilibre-de-vie\/wp-json\/wp\/v2\/product"}],"about":[{"href":"https:\/\/www.verdieditions.com\/equilibre-de-vie\/wp-json\/wp\/v2\/types\/product"}],"wp:featuredmedia":[{"embeddable":true,"href":"https:\/\/www.verdieditions.com\/equilibre-de-vie\/wp-json\/wp\/v2\/media\/312"}],"wp:attachment":[{"href":"https:\/\/www.verdieditions.com\/equilibre-de-vie\/wp-json\/wp\/v2\/media?parent=311"}],"wp:term":[{"taxonomy":"product_brand","embeddable":true,"href":"https:\/\/www.verdieditions.com\/equilibre-de-vie\/wp-json\/wp\/v2\/product_brand?post=311"},{"taxonomy":"product_cat","embeddable":true,"href":"https:\/\/www.verdieditions.com\/equilibre-de-vie\/wp-json\/wp\/v2\/product_cat?post=311"},{"taxonomy":"product_tag","embeddable":true,"href":"https:\/\/www.verdieditions.com\/equilibre-de-vie\/wp-json\/wp\/v2\/product_tag?post=311"}],"curies":[{"name":"wp","href":"https:\/\/api.w.org\/{rel}","templated":true}]}}