{"id":249,"date":"2020-04-23T13:28:04","date_gmt":"2020-04-23T11:28:04","guid":{"rendered":"https:\/\/www.verdieditions.com\/equilibre-de-vie\/?post_type=product&#038;p=249"},"modified":"2024-02-06T12:36:53","modified_gmt":"2024-02-06T11:36:53","slug":"voyant-recherche-temps-futur-belline","status":"publish","type":"product","link":"https:\/\/www.verdieditions.com\/equilibre-de-vie\/produit\/voyant-recherche-temps-futur-belline\/","title":{"rendered":"Un voyant \u00e0 la recherche du temps futur &#8211; BELLINE"},"content":{"rendered":"<p>Auteur : BELLINE<br \/>\nTitre : Un voyant \u00e0 la recherche du temps futur<br \/>\n\u00c9diteur : Robert Laffont, 1975<br \/>\nEdition originale<br \/>\nDim. 13,5 x 21,5<br \/>\n334 pages<\/p>\n<p>\u00ab A la recherche du temps futur \u00bb est le r\u00e9cit sinc\u00e8re, parfois extraordinaire, de la vie professionnelle d&rsquo;un voyant c\u00e9l\u00e8bre, que la presse internationale qualifie, depuis vingt ans, de \u00ab grand visionnaire de ce temps \u00bb. Pris sur le vif, les r\u00e9cits \u00e9mouvants ou insolites de Belline nous introduisent dans les coulisses inconnues de la voyance et dans le secret de son cabinet parisien, o\u00f9 v\u00e9cut jadis Villiers de l&rsquo;Isle Adam et dans lequel aujourd&rsquo;hui encore se c\u00f4toient grands et petits de ce monde. Pour Belline, la perception extra-sensorielle, le \u00ab sixi\u00e8me sens \u00bb sont essentiellement un \u00e9tat de lucidit\u00e9 et de gr\u00e2ce o\u00f9 peuvent parvenir ceux qui associent \u00e0 une intuition hors pair le sens du respect humain. Son ouvrage fascinera \u00e0 la fois ceux qui croient et ne croient pas aux ph\u00e9nom\u00e8nes dits paranormaux.<\/p>\n","protected":false},"excerpt":{"rendered":"<p>Auteur : BELLINE<br \/>\nTitre : Un voyant \u00e0 la recherche du temps futur<br \/>\n\u00c9diteur : Robert Laffont, 1975<br \/>\nEdition originale<br \/>\nDim. 13,5 x 21,5<br \/>\n334 pages<\/p>\n","protected":false},"featured_media":250,"template":"","meta":[],"product_brand":[],"product_cat":[23],"product_tag":[32,38,187,57,193,127,176],"class_list":{"0":"post-249","1":"product","2":"type-product","3":"status-publish","4":"has-post-thumbnail","6":"product_cat-esoterisme","7":"product_tag-arts-divinatoires","8":"product_tag-avenir","9":"product_tag-clairvoyance","10":"product_tag-destin","11":"product_tag-paranormal","12":"product_tag-pouvoirs","13":"product_tag-voyance","15":"first","16":"instock","17":"shipping-taxable","18":"product-type-simple"},"yoast_head":"<!-- This site is optimized with the Yoast SEO plugin v27.4 - https:\/\/yoast.com\/product\/yoast-seo-wordpress\/ -->\n<title>Un voyant \u00e0 la recherche du temps futur - BELLINE - Equilibre de Vie<\/title>\n<meta name=\"description\" content=\"Auteur : BELLINE Titre : Un voyant \u00e0 la recherche du temps futur \u00c9diteur : Robert Laffont, 1975 Edition originale Dim. 13,5 x 21,5 334 pages\" \/>\n<meta name=\"robots\" content=\"index, follow, max-snippet:-1, max-image-preview:large, max-video-preview:-1\" \/>\n<link rel=\"canonical\" href=\"https:\/\/www.verdieditions.com\/equilibre-de-vie\/produit\/voyant-recherche-temps-futur-belline\/\" \/>\n<meta property=\"og:locale\" content=\"fr_FR\" \/>\n<meta property=\"og:type\" content=\"article\" \/>\n<meta property=\"og:title\" content=\"Un voyant \u00e0 la recherche du temps futur - BELLINE - Equilibre de Vie\" \/>\n<meta property=\"og:description\" content=\"Auteur : BELLINE Titre : Un voyant \u00e0 la recherche du temps futur \u00c9diteur : Robert Laffont, 1975 Edition originale Dim. 13,5 x 21,5 334 pages\" \/>\n<meta property=\"og:url\" content=\"https:\/\/www.verdieditions.com\/equilibre-de-vie\/produit\/voyant-recherche-temps-futur-belline\/\" \/>\n<meta property=\"og:site_name\" content=\"Equilibre de Vie\" \/>\n<meta property=\"article:modified_time\" content=\"2024-02-06T11:36:53+00:00\" \/>\n<meta property=\"og:image\" content=\"https:\/\/www.verdieditions.com\/equilibre-de-vie\/wp-content\/uploads\/2020\/04\/Belline-Voyant-Temps-Futur.jpg\" \/>\n\t<meta property=\"og:image:width\" content=\"751\" \/>\n\t<meta property=\"og:image:height\" content=\"1150\" \/>\n\t<meta property=\"og:image:type\" content=\"image\/jpeg\" \/>\n<meta name=\"twitter:card\" content=\"summary_large_image\" \/>\n<meta name=\"twitter:label1\" content=\"Dur\u00e9e de lecture estim\u00e9e\" \/>\n\t<meta name=\"twitter:data1\" content=\"1 minute\" \/>\n<script type=\"application\/ld+json\" class=\"yoast-schema-graph\">{\"@context\":\"https:\\\/\\\/schema.org\",\"@graph\":[{\"@type\":\"WebPage\",\"@id\":\"https:\\\/\\\/www.verdieditions.com\\\/equilibre-de-vie\\\/produit\\\/voyant-recherche-temps-futur-belline\\\/\",\"url\":\"https:\\\/\\\/www.verdieditions.com\\\/equilibre-de-vie\\\/produit\\\/voyant-recherche-temps-futur-belline\\\/\",\"name\":\"Un voyant \u00e0 la recherche du temps futur - BELLINE - Equilibre de Vie\",\"isPartOf\":{\"@id\":\"https:\\\/\\\/www.verdieditions.com\\\/equilibre-de-vie\\\/#website\"},\"primaryImageOfPage\":{\"@id\":\"https:\\\/\\\/www.verdieditions.com\\\/equilibre-de-vie\\\/produit\\\/voyant-recherche-temps-futur-belline\\\/#primaryimage\"},\"image\":{\"@id\":\"https:\\\/\\\/www.verdieditions.com\\\/equilibre-de-vie\\\/produit\\\/voyant-recherche-temps-futur-belline\\\/#primaryimage\"},\"thumbnailUrl\":\"https:\\\/\\\/www.verdieditions.com\\\/equilibre-de-vie\\\/wp-content\\\/uploads\\\/2020\\\/04\\\/Belline-Voyant-Temps-Futur.jpg\",\"datePublished\":\"2020-04-23T11:28:04+00:00\",\"dateModified\":\"2024-02-06T11:36:53+00:00\",\"description\":\"Auteur : BELLINE Titre : Un voyant \u00e0 la recherche du temps futur \u00c9diteur : Robert Laffont, 1975 Edition originale Dim. 13,5 x 21,5 334 pages\",\"breadcrumb\":{\"@id\":\"https:\\\/\\\/www.verdieditions.com\\\/equilibre-de-vie\\\/produit\\\/voyant-recherche-temps-futur-belline\\\/#breadcrumb\"},\"inLanguage\":\"fr-FR\",\"potentialAction\":[{\"@type\":\"ReadAction\",\"target\":[\"https:\\\/\\\/www.verdieditions.com\\\/equilibre-de-vie\\\/produit\\\/voyant-recherche-temps-futur-belline\\\/\"]}]},{\"@type\":\"ImageObject\",\"inLanguage\":\"fr-FR\",\"@id\":\"https:\\\/\\\/www.verdieditions.com\\\/equilibre-de-vie\\\/produit\\\/voyant-recherche-temps-futur-belline\\\/#primaryimage\",\"url\":\"https:\\\/\\\/www.verdieditions.com\\\/equilibre-de-vie\\\/wp-content\\\/uploads\\\/2020\\\/04\\\/Belline-Voyant-Temps-Futur.jpg\",\"contentUrl\":\"https:\\\/\\\/www.verdieditions.com\\\/equilibre-de-vie\\\/wp-content\\\/uploads\\\/2020\\\/04\\\/Belline-Voyant-Temps-Futur.jpg\",\"width\":751,\"height\":1150,\"caption\":\"Belline-Voyant-Temps-Futur\"},{\"@type\":\"BreadcrumbList\",\"@id\":\"https:\\\/\\\/www.verdieditions.com\\\/equilibre-de-vie\\\/produit\\\/voyant-recherche-temps-futur-belline\\\/#breadcrumb\",\"itemListElement\":[{\"@type\":\"ListItem\",\"position\":1,\"name\":\"Accueil\",\"item\":\"https:\\\/\\\/www.verdieditions.com\\\/equilibre-de-vie\\\/\"},{\"@type\":\"ListItem\",\"position\":2,\"name\":\"La boutique\",\"item\":\"https:\\\/\\\/www.verdieditions.com\\\/equilibre-de-vie\\\/boutique\\\/\"},{\"@type\":\"ListItem\",\"position\":3,\"name\":\"Un voyant \u00e0 la recherche du temps futur &#8211; BELLINE\"}]},{\"@type\":\"WebSite\",\"@id\":\"https:\\\/\\\/www.verdieditions.com\\\/equilibre-de-vie\\\/#website\",\"url\":\"https:\\\/\\\/www.verdieditions.com\\\/equilibre-de-vie\\\/\",\"name\":\"Equilibre de Vie\",\"description\":\"Ma boutique livres sant\u00e9, \u00e9sot\u00e9risme et d\u00e9veloppement personnel\",\"publisher\":{\"@id\":\"https:\\\/\\\/www.verdieditions.com\\\/equilibre-de-vie\\\/#\\\/schema\\\/person\\\/9dcb2a6759f2f5fbf43ac0b44649cecb\"},\"potentialAction\":[{\"@type\":\"SearchAction\",\"target\":{\"@type\":\"EntryPoint\",\"urlTemplate\":\"https:\\\/\\\/www.verdieditions.com\\\/equilibre-de-vie\\\/?s={search_term_string}\"},\"query-input\":{\"@type\":\"PropertyValueSpecification\",\"valueRequired\":true,\"valueName\":\"search_term_string\"}}],\"inLanguage\":\"fr-FR\"},{\"@type\":[\"Person\",\"Organization\"],\"@id\":\"https:\\\/\\\/www.verdieditions.com\\\/equilibre-de-vie\\\/#\\\/schema\\\/person\\\/9dcb2a6759f2f5fbf43ac0b44649cecb\",\"name\":\"Sylvie VERDI\",\"image\":{\"@type\":\"ImageObject\",\"inLanguage\":\"fr-FR\",\"@id\":\"https:\\\/\\\/www.verdieditions.com\\\/equilibre-de-vie\\\/wp-content\\\/uploads\\\/2020\\\/04\\\/livres-occasion-sante-esoterisme-developpement-personnel-2.jpg\",\"url\":\"https:\\\/\\\/www.verdieditions.com\\\/equilibre-de-vie\\\/wp-content\\\/uploads\\\/2020\\\/04\\\/livres-occasion-sante-esoterisme-developpement-personnel-2.jpg\",\"contentUrl\":\"https:\\\/\\\/www.verdieditions.com\\\/equilibre-de-vie\\\/wp-content\\\/uploads\\\/2020\\\/04\\\/livres-occasion-sante-esoterisme-developpement-personnel-2.jpg\",\"width\":800,\"height\":572,\"caption\":\"Sylvie VERDI\"},\"logo\":{\"@id\":\"https:\\\/\\\/www.verdieditions.com\\\/equilibre-de-vie\\\/wp-content\\\/uploads\\\/2020\\\/04\\\/livres-occasion-sante-esoterisme-developpement-personnel-2.jpg\"},\"sameAs\":[\"https:\\\/\\\/www.verdieditions.com\\\/equilibre-de-vie\"]}]}<\/script>\n<!-- \/ Yoast SEO plugin. -->","yoast_head_json":{"title":"Un voyant \u00e0 la recherche du temps futur - BELLINE - Equilibre de Vie","description":"Auteur : BELLINE Titre : Un voyant \u00e0 la recherche du temps futur \u00c9diteur : Robert Laffont, 1975 Edition originale Dim. 13,5 x 21,5 334 pages","robots":{"index":"index","follow":"follow","max-snippet":"max-snippet:-1","max-image-preview":"max-image-preview:large","max-video-preview":"max-video-preview:-1"},"canonical":"https:\/\/www.verdieditions.com\/equilibre-de-vie\/produit\/voyant-recherche-temps-futur-belline\/","og_locale":"fr_FR","og_type":"article","og_title":"Un voyant \u00e0 la recherche du temps futur - BELLINE - Equilibre de Vie","og_description":"Auteur : BELLINE Titre : Un voyant \u00e0 la recherche du temps futur \u00c9diteur : Robert Laffont, 1975 Edition originale Dim. 13,5 x 21,5 334 pages","og_url":"https:\/\/www.verdieditions.com\/equilibre-de-vie\/produit\/voyant-recherche-temps-futur-belline\/","og_site_name":"Equilibre de Vie","article_modified_time":"2024-02-06T11:36:53+00:00","og_image":[{"width":751,"height":1150,"url":"https:\/\/www.verdieditions.com\/equilibre-de-vie\/wp-content\/uploads\/2020\/04\/Belline-Voyant-Temps-Futur.jpg","type":"image\/jpeg"}],"twitter_card":"summary_large_image","twitter_misc":{"Dur\u00e9e de lecture estim\u00e9e":"1 minute"},"schema":{"@context":"https:\/\/schema.org","@graph":[{"@type":"WebPage","@id":"https:\/\/www.verdieditions.com\/equilibre-de-vie\/produit\/voyant-recherche-temps-futur-belline\/","url":"https:\/\/www.verdieditions.com\/equilibre-de-vie\/produit\/voyant-recherche-temps-futur-belline\/","name":"Un voyant \u00e0 la recherche du temps futur - BELLINE - Equilibre de Vie","isPartOf":{"@id":"https:\/\/www.verdieditions.com\/equilibre-de-vie\/#website"},"primaryImageOfPage":{"@id":"https:\/\/www.verdieditions.com\/equilibre-de-vie\/produit\/voyant-recherche-temps-futur-belline\/#primaryimage"},"image":{"@id":"https:\/\/www.verdieditions.com\/equilibre-de-vie\/produit\/voyant-recherche-temps-futur-belline\/#primaryimage"},"thumbnailUrl":"https:\/\/www.verdieditions.com\/equilibre-de-vie\/wp-content\/uploads\/2020\/04\/Belline-Voyant-Temps-Futur.jpg","datePublished":"2020-04-23T11:28:04+00:00","dateModified":"2024-02-06T11:36:53+00:00","description":"Auteur : BELLINE Titre : Un voyant \u00e0 la recherche du temps futur \u00c9diteur : Robert Laffont, 1975 Edition originale Dim. 13,5 x 21,5 334 pages","breadcrumb":{"@id":"https:\/\/www.verdieditions.com\/equilibre-de-vie\/produit\/voyant-recherche-temps-futur-belline\/#breadcrumb"},"inLanguage":"fr-FR","potentialAction":[{"@type":"ReadAction","target":["https:\/\/www.verdieditions.com\/equilibre-de-vie\/produit\/voyant-recherche-temps-futur-belline\/"]}]},{"@type":"ImageObject","inLanguage":"fr-FR","@id":"https:\/\/www.verdieditions.com\/equilibre-de-vie\/produit\/voyant-recherche-temps-futur-belline\/#primaryimage","url":"https:\/\/www.verdieditions.com\/equilibre-de-vie\/wp-content\/uploads\/2020\/04\/Belline-Voyant-Temps-Futur.jpg","contentUrl":"https:\/\/www.verdieditions.com\/equilibre-de-vie\/wp-content\/uploads\/2020\/04\/Belline-Voyant-Temps-Futur.jpg","width":751,"height":1150,"caption":"Belline-Voyant-Temps-Futur"},{"@type":"BreadcrumbList","@id":"https:\/\/www.verdieditions.com\/equilibre-de-vie\/produit\/voyant-recherche-temps-futur-belline\/#breadcrumb","itemListElement":[{"@type":"ListItem","position":1,"name":"Accueil","item":"https:\/\/www.verdieditions.com\/equilibre-de-vie\/"},{"@type":"ListItem","position":2,"name":"La boutique","item":"https:\/\/www.verdieditions.com\/equilibre-de-vie\/boutique\/"},{"@type":"ListItem","position":3,"name":"Un voyant \u00e0 la recherche du temps futur &#8211; BELLINE"}]},{"@type":"WebSite","@id":"https:\/\/www.verdieditions.com\/equilibre-de-vie\/#website","url":"https:\/\/www.verdieditions.com\/equilibre-de-vie\/","name":"Equilibre de Vie","description":"Ma boutique livres sant\u00e9, \u00e9sot\u00e9risme et d\u00e9veloppement personnel","publisher":{"@id":"https:\/\/www.verdieditions.com\/equilibre-de-vie\/#\/schema\/person\/9dcb2a6759f2f5fbf43ac0b44649cecb"},"potentialAction":[{"@type":"SearchAction","target":{"@type":"EntryPoint","urlTemplate":"https:\/\/www.verdieditions.com\/equilibre-de-vie\/?s={search_term_string}"},"query-input":{"@type":"PropertyValueSpecification","valueRequired":true,"valueName":"search_term_string"}}],"inLanguage":"fr-FR"},{"@type":["Person","Organization"],"@id":"https:\/\/www.verdieditions.com\/equilibre-de-vie\/#\/schema\/person\/9dcb2a6759f2f5fbf43ac0b44649cecb","name":"Sylvie VERDI","image":{"@type":"ImageObject","inLanguage":"fr-FR","@id":"https:\/\/www.verdieditions.com\/equilibre-de-vie\/wp-content\/uploads\/2020\/04\/livres-occasion-sante-esoterisme-developpement-personnel-2.jpg","url":"https:\/\/www.verdieditions.com\/equilibre-de-vie\/wp-content\/uploads\/2020\/04\/livres-occasion-sante-esoterisme-developpement-personnel-2.jpg","contentUrl":"https:\/\/www.verdieditions.com\/equilibre-de-vie\/wp-content\/uploads\/2020\/04\/livres-occasion-sante-esoterisme-developpement-personnel-2.jpg","width":800,"height":572,"caption":"Sylvie VERDI"},"logo":{"@id":"https:\/\/www.verdieditions.com\/equilibre-de-vie\/wp-content\/uploads\/2020\/04\/livres-occasion-sante-esoterisme-developpement-personnel-2.jpg"},"sameAs":["https:\/\/www.verdieditions.com\/equilibre-de-vie"]}]}},"_links":{"self":[{"href":"https:\/\/www.verdieditions.com\/equilibre-de-vie\/wp-json\/wp\/v2\/product\/249","targetHints":{"allow":["GET"]}}],"collection":[{"href":"https:\/\/www.verdieditions.com\/equilibre-de-vie\/wp-json\/wp\/v2\/product"}],"about":[{"href":"https:\/\/www.verdieditions.com\/equilibre-de-vie\/wp-json\/wp\/v2\/types\/product"}],"wp:featuredmedia":[{"embeddable":true,"href":"https:\/\/www.verdieditions.com\/equilibre-de-vie\/wp-json\/wp\/v2\/media\/250"}],"wp:attachment":[{"href":"https:\/\/www.verdieditions.com\/equilibre-de-vie\/wp-json\/wp\/v2\/media?parent=249"}],"wp:term":[{"taxonomy":"product_brand","embeddable":true,"href":"https:\/\/www.verdieditions.com\/equilibre-de-vie\/wp-json\/wp\/v2\/product_brand?post=249"},{"taxonomy":"product_cat","embeddable":true,"href":"https:\/\/www.verdieditions.com\/equilibre-de-vie\/wp-json\/wp\/v2\/product_cat?post=249"},{"taxonomy":"product_tag","embeddable":true,"href":"https:\/\/www.verdieditions.com\/equilibre-de-vie\/wp-json\/wp\/v2\/product_tag?post=249"}],"curies":[{"name":"wp","href":"https:\/\/api.w.org\/{rel}","templated":true}]}}