{"id":2302,"date":"2024-02-20T11:39:57","date_gmt":"2024-02-20T10:39:57","guid":{"rendered":"https:\/\/www.verdieditions.com\/equilibre-de-vie\/?post_type=product&#038;p=2302"},"modified":"2025-01-07T07:39:39","modified_gmt":"2025-01-07T06:39:39","slug":"anribiotiques-naturels-willem","status":"publish","type":"product","link":"https:\/\/www.verdieditions.com\/equilibre-de-vie\/produit\/anribiotiques-naturels-willem\/","title":{"rendered":"Antibiotiques naturels &#8211; Dr J.P. WILLEM"},"content":{"rendered":"<p>Auteur : Dr J.P. WILLEM<br \/>\nTitre : Antibiotiques naturels, vaincre les infections par les m\u00e9decines naturelles<br \/>\n\u00c9diteur : Grand Livre du Mois, 2003<br \/>\nCouverture souple<br \/>\nDim. 15,5 x 22,5<br \/>\n318 pages<\/p>\n<p>La prescription abusive d&rsquo;antibiotiques, d\u00e9nonc\u00e9e depuis des d\u00e9cennies par les tenants des m\u00e9decines naturelles, est aujourd&rsquo;hui reconnue par tous comme un probl\u00e8me majeur de sant\u00e9 publique. Les souches microbiennes deviennent de plus en plus r\u00e9sistantes, rendant inefficaces ces antibiotiques qui, par ailleurs, comportent des effets secondaires affaiblissant le syst\u00e8me immunitaire.<\/p>\n<p>D&rsquo;autres solutions sont pourtant possibles. II s&rsquo;agit d&rsquo;abord de renforcer le terrain et les d\u00e9fenses immunitaires afin que l&rsquo;organisme lutte efficacement contre les infections. Il s&rsquo;agit ensuite d&rsquo;utiliser des substances naturelles sp\u00e9cifiques, notamment les plantes et les huiles essentielles, au pouvoir antiseptique et anti-infectieux.<\/p>\n<p>Cet ouvrage tr\u00e8s complet propose ainsi une alternative aux antibiotiques fond\u00e9e sur l&rsquo;utilisation raisonn\u00e9e des diff\u00e9rentes m\u00e9decines naturelles (phytoth\u00e9rapie, aromath\u00e9rapie, hom\u00e9opathie, oligoth\u00e9rapie, naturopathie).<\/p>\n<p>Apr\u00e8s avoir pass\u00e9 en revue les diff\u00e9rents agents infectieux et les strat\u00e9gies th\u00e9rapeutiques pour y faire face, il d\u00e9crit de fa\u00e7on d\u00e9taill\u00e9e les substances sp\u00e9cifiques en fonction de chaque pathologie infectieuse.<\/p>\n<p>Un ouvrage de r\u00e9f\u00e9rence pour prendre en charge sa sant\u00e9 de fa\u00e7on naturelle.<\/p>\n","protected":false},"excerpt":{"rendered":"<p>Auteur : Dr J.P. WILLEM<br \/>\nTitre : Antibiotiques naturels, vaincre les infections par les m\u00e9decines naturelles<br \/>\n\u00c9diteur : Grand Livre du Mois, 2003<br \/>\nCouverture souple<br \/>\nDim. 15,5 x 22,5<br \/>\n318 pages<\/p>\n","protected":false},"featured_media":2313,"template":"","meta":[],"product_brand":[],"product_cat":[21],"product_tag":[100],"class_list":{"0":"post-2302","1":"product","2":"type-product","3":"status-publish","4":"has-post-thumbnail","6":"product_cat-sante","7":"product_tag-medecine-naturelle","9":"first","10":"outofstock","11":"shipping-taxable","12":"product-type-simple"},"yoast_head":"<!-- This site is optimized with the Yoast SEO plugin v27.4 - https:\/\/yoast.com\/product\/yoast-seo-wordpress\/ -->\n<title>Antibiotiques naturels - Dr J.P. WILLEM - Equilibre de Vie - Verdi Editions<\/title>\n<meta name=\"description\" content=\"Dr J.P. WILLEM Antibiotiques naturels, vaincre les infections par les m\u00e9decines naturelles Grand Livre du Mois, 2003 Dim. 15,5 x 22,5 318 pages\" \/>\n<meta name=\"robots\" content=\"index, follow, max-snippet:-1, max-image-preview:large, max-video-preview:-1\" \/>\n<link rel=\"canonical\" href=\"https:\/\/www.verdieditions.com\/equilibre-de-vie\/produit\/anribiotiques-naturels-willem\/\" \/>\n<meta property=\"og:locale\" content=\"fr_FR\" \/>\n<meta property=\"og:type\" content=\"article\" \/>\n<meta property=\"og:title\" content=\"Antibiotiques naturels - Dr J.P. WILLEM - Equilibre de Vie - Verdi Editions\" \/>\n<meta property=\"og:description\" content=\"Dr J.P. WILLEM Antibiotiques naturels, vaincre les infections par les m\u00e9decines naturelles Grand Livre du Mois, 2003 Dim. 15,5 x 22,5 318 pages\" \/>\n<meta property=\"og:url\" content=\"https:\/\/www.verdieditions.com\/equilibre-de-vie\/produit\/anribiotiques-naturels-willem\/\" \/>\n<meta property=\"og:site_name\" content=\"Equilibre de Vie\" \/>\n<meta property=\"article:modified_time\" content=\"2025-01-07T06:39:39+00:00\" \/>\n<meta property=\"og:image\" content=\"https:\/\/www.verdieditions.com\/equilibre-de-vie\/wp-content\/uploads\/2024\/02\/willem-antibiotiques-naturels.jpg\" \/>\n\t<meta property=\"og:image:width\" content=\"584\" \/>\n\t<meta property=\"og:image:height\" content=\"800\" \/>\n\t<meta property=\"og:image:type\" content=\"image\/jpeg\" \/>\n<meta name=\"twitter:card\" content=\"summary_large_image\" \/>\n<meta name=\"twitter:label1\" content=\"Dur\u00e9e de lecture estim\u00e9e\" \/>\n\t<meta name=\"twitter:data1\" content=\"2 minutes\" \/>\n<script type=\"application\/ld+json\" class=\"yoast-schema-graph\">{\"@context\":\"https:\\\/\\\/schema.org\",\"@graph\":[{\"@type\":\"WebPage\",\"@id\":\"https:\\\/\\\/www.verdieditions.com\\\/equilibre-de-vie\\\/produit\\\/anribiotiques-naturels-willem\\\/\",\"url\":\"https:\\\/\\\/www.verdieditions.com\\\/equilibre-de-vie\\\/produit\\\/anribiotiques-naturels-willem\\\/\",\"name\":\"Antibiotiques naturels - Dr J.P. WILLEM - Equilibre de Vie - Verdi Editions\",\"isPartOf\":{\"@id\":\"https:\\\/\\\/www.verdieditions.com\\\/equilibre-de-vie\\\/#website\"},\"primaryImageOfPage\":{\"@id\":\"https:\\\/\\\/www.verdieditions.com\\\/equilibre-de-vie\\\/produit\\\/anribiotiques-naturels-willem\\\/#primaryimage\"},\"image\":{\"@id\":\"https:\\\/\\\/www.verdieditions.com\\\/equilibre-de-vie\\\/produit\\\/anribiotiques-naturels-willem\\\/#primaryimage\"},\"thumbnailUrl\":\"https:\\\/\\\/www.verdieditions.com\\\/equilibre-de-vie\\\/wp-content\\\/uploads\\\/2024\\\/02\\\/willem-antibiotiques-naturels.jpg\",\"datePublished\":\"2024-02-20T10:39:57+00:00\",\"dateModified\":\"2025-01-07T06:39:39+00:00\",\"description\":\"Dr J.P. WILLEM Antibiotiques naturels, vaincre les infections par les m\u00e9decines naturelles Grand Livre du Mois, 2003 Dim. 15,5 x 22,5 318 pages\",\"breadcrumb\":{\"@id\":\"https:\\\/\\\/www.verdieditions.com\\\/equilibre-de-vie\\\/produit\\\/anribiotiques-naturels-willem\\\/#breadcrumb\"},\"inLanguage\":\"fr-FR\",\"potentialAction\":[{\"@type\":\"ReadAction\",\"target\":[\"https:\\\/\\\/www.verdieditions.com\\\/equilibre-de-vie\\\/produit\\\/anribiotiques-naturels-willem\\\/\"]}]},{\"@type\":\"ImageObject\",\"inLanguage\":\"fr-FR\",\"@id\":\"https:\\\/\\\/www.verdieditions.com\\\/equilibre-de-vie\\\/produit\\\/anribiotiques-naturels-willem\\\/#primaryimage\",\"url\":\"https:\\\/\\\/www.verdieditions.com\\\/equilibre-de-vie\\\/wp-content\\\/uploads\\\/2024\\\/02\\\/willem-antibiotiques-naturels.jpg\",\"contentUrl\":\"https:\\\/\\\/www.verdieditions.com\\\/equilibre-de-vie\\\/wp-content\\\/uploads\\\/2024\\\/02\\\/willem-antibiotiques-naturels.jpg\",\"width\":584,\"height\":800,\"caption\":\"willem-antibiotiques-naturels\"},{\"@type\":\"BreadcrumbList\",\"@id\":\"https:\\\/\\\/www.verdieditions.com\\\/equilibre-de-vie\\\/produit\\\/anribiotiques-naturels-willem\\\/#breadcrumb\",\"itemListElement\":[{\"@type\":\"ListItem\",\"position\":1,\"name\":\"Accueil\",\"item\":\"https:\\\/\\\/www.verdieditions.com\\\/equilibre-de-vie\\\/\"},{\"@type\":\"ListItem\",\"position\":2,\"name\":\"La boutique\",\"item\":\"https:\\\/\\\/www.verdieditions.com\\\/equilibre-de-vie\\\/boutique\\\/\"},{\"@type\":\"ListItem\",\"position\":3,\"name\":\"Antibiotiques naturels &#8211; Dr J.P. WILLEM\"}]},{\"@type\":\"WebSite\",\"@id\":\"https:\\\/\\\/www.verdieditions.com\\\/equilibre-de-vie\\\/#website\",\"url\":\"https:\\\/\\\/www.verdieditions.com\\\/equilibre-de-vie\\\/\",\"name\":\"Equilibre de Vie\",\"description\":\"Ma boutique livres sant\u00e9, \u00e9sot\u00e9risme et d\u00e9veloppement personnel\",\"publisher\":{\"@id\":\"https:\\\/\\\/www.verdieditions.com\\\/equilibre-de-vie\\\/#\\\/schema\\\/person\\\/9dcb2a6759f2f5fbf43ac0b44649cecb\"},\"potentialAction\":[{\"@type\":\"SearchAction\",\"target\":{\"@type\":\"EntryPoint\",\"urlTemplate\":\"https:\\\/\\\/www.verdieditions.com\\\/equilibre-de-vie\\\/?s={search_term_string}\"},\"query-input\":{\"@type\":\"PropertyValueSpecification\",\"valueRequired\":true,\"valueName\":\"search_term_string\"}}],\"inLanguage\":\"fr-FR\"},{\"@type\":[\"Person\",\"Organization\"],\"@id\":\"https:\\\/\\\/www.verdieditions.com\\\/equilibre-de-vie\\\/#\\\/schema\\\/person\\\/9dcb2a6759f2f5fbf43ac0b44649cecb\",\"name\":\"Sylvie VERDI\",\"image\":{\"@type\":\"ImageObject\",\"inLanguage\":\"fr-FR\",\"@id\":\"https:\\\/\\\/www.verdieditions.com\\\/equilibre-de-vie\\\/wp-content\\\/uploads\\\/2020\\\/04\\\/livres-occasion-sante-esoterisme-developpement-personnel-2.jpg\",\"url\":\"https:\\\/\\\/www.verdieditions.com\\\/equilibre-de-vie\\\/wp-content\\\/uploads\\\/2020\\\/04\\\/livres-occasion-sante-esoterisme-developpement-personnel-2.jpg\",\"contentUrl\":\"https:\\\/\\\/www.verdieditions.com\\\/equilibre-de-vie\\\/wp-content\\\/uploads\\\/2020\\\/04\\\/livres-occasion-sante-esoterisme-developpement-personnel-2.jpg\",\"width\":800,\"height\":572,\"caption\":\"Sylvie VERDI\"},\"logo\":{\"@id\":\"https:\\\/\\\/www.verdieditions.com\\\/equilibre-de-vie\\\/wp-content\\\/uploads\\\/2020\\\/04\\\/livres-occasion-sante-esoterisme-developpement-personnel-2.jpg\"},\"sameAs\":[\"https:\\\/\\\/www.verdieditions.com\\\/equilibre-de-vie\"]}]}<\/script>\n<!-- \/ Yoast SEO plugin. -->","yoast_head_json":{"title":"Antibiotiques naturels - Dr J.P. WILLEM - Equilibre de Vie - Verdi Editions","description":"Dr J.P. WILLEM Antibiotiques naturels, vaincre les infections par les m\u00e9decines naturelles Grand Livre du Mois, 2003 Dim. 15,5 x 22,5 318 pages","robots":{"index":"index","follow":"follow","max-snippet":"max-snippet:-1","max-image-preview":"max-image-preview:large","max-video-preview":"max-video-preview:-1"},"canonical":"https:\/\/www.verdieditions.com\/equilibre-de-vie\/produit\/anribiotiques-naturels-willem\/","og_locale":"fr_FR","og_type":"article","og_title":"Antibiotiques naturels - Dr J.P. WILLEM - Equilibre de Vie - Verdi Editions","og_description":"Dr J.P. WILLEM Antibiotiques naturels, vaincre les infections par les m\u00e9decines naturelles Grand Livre du Mois, 2003 Dim. 15,5 x 22,5 318 pages","og_url":"https:\/\/www.verdieditions.com\/equilibre-de-vie\/produit\/anribiotiques-naturels-willem\/","og_site_name":"Equilibre de Vie","article_modified_time":"2025-01-07T06:39:39+00:00","og_image":[{"width":584,"height":800,"url":"https:\/\/www.verdieditions.com\/equilibre-de-vie\/wp-content\/uploads\/2024\/02\/willem-antibiotiques-naturels.jpg","type":"image\/jpeg"}],"twitter_card":"summary_large_image","twitter_misc":{"Dur\u00e9e de lecture estim\u00e9e":"2 minutes"},"schema":{"@context":"https:\/\/schema.org","@graph":[{"@type":"WebPage","@id":"https:\/\/www.verdieditions.com\/equilibre-de-vie\/produit\/anribiotiques-naturels-willem\/","url":"https:\/\/www.verdieditions.com\/equilibre-de-vie\/produit\/anribiotiques-naturels-willem\/","name":"Antibiotiques naturels - Dr J.P. WILLEM - Equilibre de Vie - Verdi Editions","isPartOf":{"@id":"https:\/\/www.verdieditions.com\/equilibre-de-vie\/#website"},"primaryImageOfPage":{"@id":"https:\/\/www.verdieditions.com\/equilibre-de-vie\/produit\/anribiotiques-naturels-willem\/#primaryimage"},"image":{"@id":"https:\/\/www.verdieditions.com\/equilibre-de-vie\/produit\/anribiotiques-naturels-willem\/#primaryimage"},"thumbnailUrl":"https:\/\/www.verdieditions.com\/equilibre-de-vie\/wp-content\/uploads\/2024\/02\/willem-antibiotiques-naturels.jpg","datePublished":"2024-02-20T10:39:57+00:00","dateModified":"2025-01-07T06:39:39+00:00","description":"Dr J.P. WILLEM Antibiotiques naturels, vaincre les infections par les m\u00e9decines naturelles Grand Livre du Mois, 2003 Dim. 15,5 x 22,5 318 pages","breadcrumb":{"@id":"https:\/\/www.verdieditions.com\/equilibre-de-vie\/produit\/anribiotiques-naturels-willem\/#breadcrumb"},"inLanguage":"fr-FR","potentialAction":[{"@type":"ReadAction","target":["https:\/\/www.verdieditions.com\/equilibre-de-vie\/produit\/anribiotiques-naturels-willem\/"]}]},{"@type":"ImageObject","inLanguage":"fr-FR","@id":"https:\/\/www.verdieditions.com\/equilibre-de-vie\/produit\/anribiotiques-naturels-willem\/#primaryimage","url":"https:\/\/www.verdieditions.com\/equilibre-de-vie\/wp-content\/uploads\/2024\/02\/willem-antibiotiques-naturels.jpg","contentUrl":"https:\/\/www.verdieditions.com\/equilibre-de-vie\/wp-content\/uploads\/2024\/02\/willem-antibiotiques-naturels.jpg","width":584,"height":800,"caption":"willem-antibiotiques-naturels"},{"@type":"BreadcrumbList","@id":"https:\/\/www.verdieditions.com\/equilibre-de-vie\/produit\/anribiotiques-naturels-willem\/#breadcrumb","itemListElement":[{"@type":"ListItem","position":1,"name":"Accueil","item":"https:\/\/www.verdieditions.com\/equilibre-de-vie\/"},{"@type":"ListItem","position":2,"name":"La boutique","item":"https:\/\/www.verdieditions.com\/equilibre-de-vie\/boutique\/"},{"@type":"ListItem","position":3,"name":"Antibiotiques naturels &#8211; Dr J.P. WILLEM"}]},{"@type":"WebSite","@id":"https:\/\/www.verdieditions.com\/equilibre-de-vie\/#website","url":"https:\/\/www.verdieditions.com\/equilibre-de-vie\/","name":"Equilibre de Vie","description":"Ma boutique livres sant\u00e9, \u00e9sot\u00e9risme et d\u00e9veloppement personnel","publisher":{"@id":"https:\/\/www.verdieditions.com\/equilibre-de-vie\/#\/schema\/person\/9dcb2a6759f2f5fbf43ac0b44649cecb"},"potentialAction":[{"@type":"SearchAction","target":{"@type":"EntryPoint","urlTemplate":"https:\/\/www.verdieditions.com\/equilibre-de-vie\/?s={search_term_string}"},"query-input":{"@type":"PropertyValueSpecification","valueRequired":true,"valueName":"search_term_string"}}],"inLanguage":"fr-FR"},{"@type":["Person","Organization"],"@id":"https:\/\/www.verdieditions.com\/equilibre-de-vie\/#\/schema\/person\/9dcb2a6759f2f5fbf43ac0b44649cecb","name":"Sylvie VERDI","image":{"@type":"ImageObject","inLanguage":"fr-FR","@id":"https:\/\/www.verdieditions.com\/equilibre-de-vie\/wp-content\/uploads\/2020\/04\/livres-occasion-sante-esoterisme-developpement-personnel-2.jpg","url":"https:\/\/www.verdieditions.com\/equilibre-de-vie\/wp-content\/uploads\/2020\/04\/livres-occasion-sante-esoterisme-developpement-personnel-2.jpg","contentUrl":"https:\/\/www.verdieditions.com\/equilibre-de-vie\/wp-content\/uploads\/2020\/04\/livres-occasion-sante-esoterisme-developpement-personnel-2.jpg","width":800,"height":572,"caption":"Sylvie VERDI"},"logo":{"@id":"https:\/\/www.verdieditions.com\/equilibre-de-vie\/wp-content\/uploads\/2020\/04\/livres-occasion-sante-esoterisme-developpement-personnel-2.jpg"},"sameAs":["https:\/\/www.verdieditions.com\/equilibre-de-vie"]}]}},"_links":{"self":[{"href":"https:\/\/www.verdieditions.com\/equilibre-de-vie\/wp-json\/wp\/v2\/product\/2302","targetHints":{"allow":["GET"]}}],"collection":[{"href":"https:\/\/www.verdieditions.com\/equilibre-de-vie\/wp-json\/wp\/v2\/product"}],"about":[{"href":"https:\/\/www.verdieditions.com\/equilibre-de-vie\/wp-json\/wp\/v2\/types\/product"}],"wp:featuredmedia":[{"embeddable":true,"href":"https:\/\/www.verdieditions.com\/equilibre-de-vie\/wp-json\/wp\/v2\/media\/2313"}],"wp:attachment":[{"href":"https:\/\/www.verdieditions.com\/equilibre-de-vie\/wp-json\/wp\/v2\/media?parent=2302"}],"wp:term":[{"taxonomy":"product_brand","embeddable":true,"href":"https:\/\/www.verdieditions.com\/equilibre-de-vie\/wp-json\/wp\/v2\/product_brand?post=2302"},{"taxonomy":"product_cat","embeddable":true,"href":"https:\/\/www.verdieditions.com\/equilibre-de-vie\/wp-json\/wp\/v2\/product_cat?post=2302"},{"taxonomy":"product_tag","embeddable":true,"href":"https:\/\/www.verdieditions.com\/equilibre-de-vie\/wp-json\/wp\/v2\/product_tag?post=2302"}],"curies":[{"name":"wp","href":"https:\/\/api.w.org\/{rel}","templated":true}]}}