{"id":2214,"date":"2023-07-04T09:55:58","date_gmt":"2023-07-04T07:55:58","guid":{"rendered":"https:\/\/www.verdieditions.com\/equilibre-de-vie\/?post_type=product&#038;p=2214"},"modified":"2024-02-07T16:45:13","modified_gmt":"2024-02-07T15:45:13","slug":"troisieme-oreille-belline","status":"publish","type":"product","link":"https:\/\/www.verdieditions.com\/equilibre-de-vie\/produit\/troisieme-oreille-belline\/","title":{"rendered":"La troisi\u00e8me oreille &#8211; BELLINE"},"content":{"rendered":"<p>Auteur : BELLINE<br \/>\nTitre : La troisi\u00e8me oreille, \u00e0 l&rsquo;\u00e9coute de l&rsquo;au-del\u00e0<br \/>\n\u00c9diteur : Robert Laffont, 1976<br \/>\nAvec livret interne de photos N&#038;B<br \/>\nDim. 13,5 x 21,5<br \/>\n310 pages<\/p>\n<p>Au sommet de sa carri\u00e8re, sollicit\u00e9 dans le monde entier pour ses dons de voyance, Belline n\u2019\u00e9tait plus qu\u2019un p\u00e8re d\u00e9chir\u00e9 au lendemain de la disparition de son fils unique Michel, mort \u00e0 vingt-deux ans des suites d\u2019un accident de voiture. Accident que Belline avait pressenti, impuissant, deux heures avant.<\/p>\n<p>Bris\u00e9 par le chagrin, gagn\u00e9 par le doute, il doit \u00e0 ce que certains appelleraient un \u201cmiracle\u201d d\u2019avoir trouv\u00e9, plus que de l\u2019espoir, une certitude dans l\u2019immortalit\u00e9 des \u00eatres.<\/p>\n<p>Concentrant toutes ses facult\u00e9s devant la souffrance de sa femme, il tente l\u2019impossible : apr\u00e8s vingt mois de silence, la voix de Michel lui parvient, per\u00e7ue tout d\u2019abord sous forme de pr\u00e9sence invisible, puis de vibrations sonores et lumineuses. \u00c9tait-ce un ph\u00e9nom\u00e8ne de clair-audience, li\u00e9 \u00e0 la \u201cTroisi\u00e8me Oreille\u201d, l\u2019oreille de l\u2019oreille dont parlent aussi bien les V\u00e9das que de nombreux textes \u00e9sot\u00e9riques ou sacr\u00e9s ?<\/p>\n<p>Craignant d\u2019\u00eatre la proie d\u2019une illusion provoqu\u00e9e par sa douleur et le d\u00e9sir de faire revivre son enfant, Belline interroge ses amis, des repr\u00e9sentants \u00e9minents du monde de la science, des lettres et des arts : la plupart de leurs r\u00e9ponses l\u2019encouragent \u00e0 poursuivre son exp\u00e9rience solitaire. Certaines communications avec l\u2019invisible sont si claires qu\u2019elles d\u00e9cident Belline \u00e0 les publier, tant elles ont pris pour lui le sens d\u2019un message. Ce dialogue est ici livr\u00e9 avec une totale sinc\u00e9rit\u00e9 et d\u00e9di\u00e9 \u00e0 tous ceux qui ont, comme lui, perdu un enfant.<\/p>\n<p>Pr\u00e9fac\u00e9 par le philosophe Gabriel Marcel, \u00ab\u00a0La Troisi\u00e8me Oreille\u00a0\u00bb s\u2019ach\u00e8ve sur des Mantras de l\u2019\u00e9crivain allemand Ernst J\u00fcnger, qui a perdu, lui aussi, un fils aim\u00e9, et est compl\u00e9t\u00e9 par un grand nombre de r\u00e9ponses ou t\u00e9moignages de personnalit\u00e9s \u2014 de Wernher von Braun \u00e0 Miguel Asturias, prix Nobel, du professeur Alfred Kastler au cardinal Dani\u00e9lou \u2014, qui donnent tous leur point de vue, positif ou n\u00e9gatif, sur les possibilit\u00e9s de survie.<\/p>\n","protected":false},"excerpt":{"rendered":"<p>Auteur : BELLINE<br \/>\nTitre : La troisi\u00e8me oreille, \u00e0 l&rsquo;\u00e9coute de l&rsquo;au-del\u00e0<br \/>\n\u00c9diteur : Robert Laffont, 1976<br \/>\nAvec livret interne de photos N&#038;B<br \/>\nDim. 13,5 x 21,5<br \/>\n310 pages<\/p>\n","protected":false},"featured_media":2222,"template":"","meta":[],"product_brand":[],"product_cat":[23],"product_tag":[187,232,193,127],"class_list":{"0":"post-2214","1":"product","2":"type-product","3":"status-publish","4":"has-post-thumbnail","6":"product_cat-esoterisme","7":"product_tag-clairvoyance","8":"product_tag-mort","9":"product_tag-paranormal","10":"product_tag-pouvoirs","12":"first","13":"instock","14":"shipping-taxable","15":"product-type-simple"},"yoast_head":"<!-- This site is optimized with the Yoast SEO plugin v27.4 - https:\/\/yoast.com\/product\/yoast-seo-wordpress\/ -->\n<title>La troisi\u00e8me oreille - BELLINE - Equilibre de Vie<\/title>\n<meta name=\"description\" content=\"BELLINE Titre : La troisi\u00e8me oreille, \u00e0 l&#039;\u00e9coute de l&#039;au-del\u00e0 \u00c9diteur : Robert Laffont, 1976 Avec livret interne de photos N&amp;B Dim. 13,5 x 21,5310 p\" \/>\n<meta name=\"robots\" content=\"index, follow, max-snippet:-1, max-image-preview:large, max-video-preview:-1\" \/>\n<link rel=\"canonical\" href=\"https:\/\/www.verdieditions.com\/equilibre-de-vie\/produit\/troisieme-oreille-belline\/\" \/>\n<meta property=\"og:locale\" content=\"fr_FR\" \/>\n<meta property=\"og:type\" content=\"article\" \/>\n<meta property=\"og:title\" content=\"La troisi\u00e8me oreille - BELLINE - Equilibre de Vie\" \/>\n<meta property=\"og:description\" content=\"BELLINE Titre : La troisi\u00e8me oreille, \u00e0 l&#039;\u00e9coute de l&#039;au-del\u00e0 \u00c9diteur : Robert Laffont, 1976 Avec livret interne de photos N&amp;B Dim. 13,5 x 21,5310 p\" \/>\n<meta property=\"og:url\" content=\"https:\/\/www.verdieditions.com\/equilibre-de-vie\/produit\/troisieme-oreille-belline\/\" \/>\n<meta property=\"og:site_name\" content=\"Equilibre de Vie\" \/>\n<meta property=\"article:modified_time\" content=\"2024-02-07T15:45:13+00:00\" \/>\n<meta property=\"og:image\" content=\"https:\/\/www.verdieditions.com\/equilibre-de-vie\/wp-content\/uploads\/2023\/07\/belline-troisieme-oreille.jpg\" \/>\n\t<meta property=\"og:image:width\" content=\"532\" \/>\n\t<meta property=\"og:image:height\" content=\"800\" \/>\n\t<meta property=\"og:image:type\" content=\"image\/jpeg\" \/>\n<meta name=\"twitter:card\" content=\"summary_large_image\" \/>\n<meta name=\"twitter:label1\" content=\"Dur\u00e9e de lecture estim\u00e9e\" \/>\n\t<meta name=\"twitter:data1\" content=\"2 minutes\" \/>\n<script type=\"application\/ld+json\" class=\"yoast-schema-graph\">{\"@context\":\"https:\\\/\\\/schema.org\",\"@graph\":[{\"@type\":\"WebPage\",\"@id\":\"https:\\\/\\\/www.verdieditions.com\\\/equilibre-de-vie\\\/produit\\\/troisieme-oreille-belline\\\/\",\"url\":\"https:\\\/\\\/www.verdieditions.com\\\/equilibre-de-vie\\\/produit\\\/troisieme-oreille-belline\\\/\",\"name\":\"La troisi\u00e8me oreille - BELLINE - Equilibre de Vie\",\"isPartOf\":{\"@id\":\"https:\\\/\\\/www.verdieditions.com\\\/equilibre-de-vie\\\/#website\"},\"primaryImageOfPage\":{\"@id\":\"https:\\\/\\\/www.verdieditions.com\\\/equilibre-de-vie\\\/produit\\\/troisieme-oreille-belline\\\/#primaryimage\"},\"image\":{\"@id\":\"https:\\\/\\\/www.verdieditions.com\\\/equilibre-de-vie\\\/produit\\\/troisieme-oreille-belline\\\/#primaryimage\"},\"thumbnailUrl\":\"https:\\\/\\\/www.verdieditions.com\\\/equilibre-de-vie\\\/wp-content\\\/uploads\\\/2023\\\/07\\\/belline-troisieme-oreille.jpg\",\"datePublished\":\"2023-07-04T07:55:58+00:00\",\"dateModified\":\"2024-02-07T15:45:13+00:00\",\"description\":\"BELLINE Titre : La troisi\u00e8me oreille, \u00e0 l'\u00e9coute de l'au-del\u00e0 \u00c9diteur : Robert Laffont, 1976 Avec livret interne de photos N&B Dim. 13,5 x 21,5310 p\",\"breadcrumb\":{\"@id\":\"https:\\\/\\\/www.verdieditions.com\\\/equilibre-de-vie\\\/produit\\\/troisieme-oreille-belline\\\/#breadcrumb\"},\"inLanguage\":\"fr-FR\",\"potentialAction\":[{\"@type\":\"ReadAction\",\"target\":[\"https:\\\/\\\/www.verdieditions.com\\\/equilibre-de-vie\\\/produit\\\/troisieme-oreille-belline\\\/\"]}]},{\"@type\":\"ImageObject\",\"inLanguage\":\"fr-FR\",\"@id\":\"https:\\\/\\\/www.verdieditions.com\\\/equilibre-de-vie\\\/produit\\\/troisieme-oreille-belline\\\/#primaryimage\",\"url\":\"https:\\\/\\\/www.verdieditions.com\\\/equilibre-de-vie\\\/wp-content\\\/uploads\\\/2023\\\/07\\\/belline-troisieme-oreille.jpg\",\"contentUrl\":\"https:\\\/\\\/www.verdieditions.com\\\/equilibre-de-vie\\\/wp-content\\\/uploads\\\/2023\\\/07\\\/belline-troisieme-oreille.jpg\",\"width\":532,\"height\":800,\"caption\":\"belline-troisieme-oreille\"},{\"@type\":\"BreadcrumbList\",\"@id\":\"https:\\\/\\\/www.verdieditions.com\\\/equilibre-de-vie\\\/produit\\\/troisieme-oreille-belline\\\/#breadcrumb\",\"itemListElement\":[{\"@type\":\"ListItem\",\"position\":1,\"name\":\"Accueil\",\"item\":\"https:\\\/\\\/www.verdieditions.com\\\/equilibre-de-vie\\\/\"},{\"@type\":\"ListItem\",\"position\":2,\"name\":\"La boutique\",\"item\":\"https:\\\/\\\/www.verdieditions.com\\\/equilibre-de-vie\\\/boutique\\\/\"},{\"@type\":\"ListItem\",\"position\":3,\"name\":\"La troisi\u00e8me oreille &#8211; BELLINE\"}]},{\"@type\":\"WebSite\",\"@id\":\"https:\\\/\\\/www.verdieditions.com\\\/equilibre-de-vie\\\/#website\",\"url\":\"https:\\\/\\\/www.verdieditions.com\\\/equilibre-de-vie\\\/\",\"name\":\"Equilibre de Vie\",\"description\":\"Ma boutique livres sant\u00e9, \u00e9sot\u00e9risme et d\u00e9veloppement personnel\",\"publisher\":{\"@id\":\"https:\\\/\\\/www.verdieditions.com\\\/equilibre-de-vie\\\/#\\\/schema\\\/person\\\/9dcb2a6759f2f5fbf43ac0b44649cecb\"},\"potentialAction\":[{\"@type\":\"SearchAction\",\"target\":{\"@type\":\"EntryPoint\",\"urlTemplate\":\"https:\\\/\\\/www.verdieditions.com\\\/equilibre-de-vie\\\/?s={search_term_string}\"},\"query-input\":{\"@type\":\"PropertyValueSpecification\",\"valueRequired\":true,\"valueName\":\"search_term_string\"}}],\"inLanguage\":\"fr-FR\"},{\"@type\":[\"Person\",\"Organization\"],\"@id\":\"https:\\\/\\\/www.verdieditions.com\\\/equilibre-de-vie\\\/#\\\/schema\\\/person\\\/9dcb2a6759f2f5fbf43ac0b44649cecb\",\"name\":\"Sylvie VERDI\",\"image\":{\"@type\":\"ImageObject\",\"inLanguage\":\"fr-FR\",\"@id\":\"https:\\\/\\\/www.verdieditions.com\\\/equilibre-de-vie\\\/wp-content\\\/uploads\\\/2020\\\/04\\\/livres-occasion-sante-esoterisme-developpement-personnel-2.jpg\",\"url\":\"https:\\\/\\\/www.verdieditions.com\\\/equilibre-de-vie\\\/wp-content\\\/uploads\\\/2020\\\/04\\\/livres-occasion-sante-esoterisme-developpement-personnel-2.jpg\",\"contentUrl\":\"https:\\\/\\\/www.verdieditions.com\\\/equilibre-de-vie\\\/wp-content\\\/uploads\\\/2020\\\/04\\\/livres-occasion-sante-esoterisme-developpement-personnel-2.jpg\",\"width\":800,\"height\":572,\"caption\":\"Sylvie VERDI\"},\"logo\":{\"@id\":\"https:\\\/\\\/www.verdieditions.com\\\/equilibre-de-vie\\\/wp-content\\\/uploads\\\/2020\\\/04\\\/livres-occasion-sante-esoterisme-developpement-personnel-2.jpg\"},\"sameAs\":[\"https:\\\/\\\/www.verdieditions.com\\\/equilibre-de-vie\"]}]}<\/script>\n<!-- \/ Yoast SEO plugin. -->","yoast_head_json":{"title":"La troisi\u00e8me oreille - BELLINE - Equilibre de Vie","description":"BELLINE Titre : La troisi\u00e8me oreille, \u00e0 l'\u00e9coute de l'au-del\u00e0 \u00c9diteur : Robert Laffont, 1976 Avec livret interne de photos N&B Dim. 13,5 x 21,5310 p","robots":{"index":"index","follow":"follow","max-snippet":"max-snippet:-1","max-image-preview":"max-image-preview:large","max-video-preview":"max-video-preview:-1"},"canonical":"https:\/\/www.verdieditions.com\/equilibre-de-vie\/produit\/troisieme-oreille-belline\/","og_locale":"fr_FR","og_type":"article","og_title":"La troisi\u00e8me oreille - BELLINE - Equilibre de Vie","og_description":"BELLINE Titre : La troisi\u00e8me oreille, \u00e0 l'\u00e9coute de l'au-del\u00e0 \u00c9diteur : Robert Laffont, 1976 Avec livret interne de photos N&B Dim. 13,5 x 21,5310 p","og_url":"https:\/\/www.verdieditions.com\/equilibre-de-vie\/produit\/troisieme-oreille-belline\/","og_site_name":"Equilibre de Vie","article_modified_time":"2024-02-07T15:45:13+00:00","og_image":[{"width":532,"height":800,"url":"https:\/\/www.verdieditions.com\/equilibre-de-vie\/wp-content\/uploads\/2023\/07\/belline-troisieme-oreille.jpg","type":"image\/jpeg"}],"twitter_card":"summary_large_image","twitter_misc":{"Dur\u00e9e de lecture estim\u00e9e":"2 minutes"},"schema":{"@context":"https:\/\/schema.org","@graph":[{"@type":"WebPage","@id":"https:\/\/www.verdieditions.com\/equilibre-de-vie\/produit\/troisieme-oreille-belline\/","url":"https:\/\/www.verdieditions.com\/equilibre-de-vie\/produit\/troisieme-oreille-belline\/","name":"La troisi\u00e8me oreille - BELLINE - Equilibre de Vie","isPartOf":{"@id":"https:\/\/www.verdieditions.com\/equilibre-de-vie\/#website"},"primaryImageOfPage":{"@id":"https:\/\/www.verdieditions.com\/equilibre-de-vie\/produit\/troisieme-oreille-belline\/#primaryimage"},"image":{"@id":"https:\/\/www.verdieditions.com\/equilibre-de-vie\/produit\/troisieme-oreille-belline\/#primaryimage"},"thumbnailUrl":"https:\/\/www.verdieditions.com\/equilibre-de-vie\/wp-content\/uploads\/2023\/07\/belline-troisieme-oreille.jpg","datePublished":"2023-07-04T07:55:58+00:00","dateModified":"2024-02-07T15:45:13+00:00","description":"BELLINE Titre : La troisi\u00e8me oreille, \u00e0 l'\u00e9coute de l'au-del\u00e0 \u00c9diteur : Robert Laffont, 1976 Avec livret interne de photos N&B Dim. 13,5 x 21,5310 p","breadcrumb":{"@id":"https:\/\/www.verdieditions.com\/equilibre-de-vie\/produit\/troisieme-oreille-belline\/#breadcrumb"},"inLanguage":"fr-FR","potentialAction":[{"@type":"ReadAction","target":["https:\/\/www.verdieditions.com\/equilibre-de-vie\/produit\/troisieme-oreille-belline\/"]}]},{"@type":"ImageObject","inLanguage":"fr-FR","@id":"https:\/\/www.verdieditions.com\/equilibre-de-vie\/produit\/troisieme-oreille-belline\/#primaryimage","url":"https:\/\/www.verdieditions.com\/equilibre-de-vie\/wp-content\/uploads\/2023\/07\/belline-troisieme-oreille.jpg","contentUrl":"https:\/\/www.verdieditions.com\/equilibre-de-vie\/wp-content\/uploads\/2023\/07\/belline-troisieme-oreille.jpg","width":532,"height":800,"caption":"belline-troisieme-oreille"},{"@type":"BreadcrumbList","@id":"https:\/\/www.verdieditions.com\/equilibre-de-vie\/produit\/troisieme-oreille-belline\/#breadcrumb","itemListElement":[{"@type":"ListItem","position":1,"name":"Accueil","item":"https:\/\/www.verdieditions.com\/equilibre-de-vie\/"},{"@type":"ListItem","position":2,"name":"La boutique","item":"https:\/\/www.verdieditions.com\/equilibre-de-vie\/boutique\/"},{"@type":"ListItem","position":3,"name":"La troisi\u00e8me oreille &#8211; BELLINE"}]},{"@type":"WebSite","@id":"https:\/\/www.verdieditions.com\/equilibre-de-vie\/#website","url":"https:\/\/www.verdieditions.com\/equilibre-de-vie\/","name":"Equilibre de Vie","description":"Ma boutique livres sant\u00e9, \u00e9sot\u00e9risme et d\u00e9veloppement personnel","publisher":{"@id":"https:\/\/www.verdieditions.com\/equilibre-de-vie\/#\/schema\/person\/9dcb2a6759f2f5fbf43ac0b44649cecb"},"potentialAction":[{"@type":"SearchAction","target":{"@type":"EntryPoint","urlTemplate":"https:\/\/www.verdieditions.com\/equilibre-de-vie\/?s={search_term_string}"},"query-input":{"@type":"PropertyValueSpecification","valueRequired":true,"valueName":"search_term_string"}}],"inLanguage":"fr-FR"},{"@type":["Person","Organization"],"@id":"https:\/\/www.verdieditions.com\/equilibre-de-vie\/#\/schema\/person\/9dcb2a6759f2f5fbf43ac0b44649cecb","name":"Sylvie VERDI","image":{"@type":"ImageObject","inLanguage":"fr-FR","@id":"https:\/\/www.verdieditions.com\/equilibre-de-vie\/wp-content\/uploads\/2020\/04\/livres-occasion-sante-esoterisme-developpement-personnel-2.jpg","url":"https:\/\/www.verdieditions.com\/equilibre-de-vie\/wp-content\/uploads\/2020\/04\/livres-occasion-sante-esoterisme-developpement-personnel-2.jpg","contentUrl":"https:\/\/www.verdieditions.com\/equilibre-de-vie\/wp-content\/uploads\/2020\/04\/livres-occasion-sante-esoterisme-developpement-personnel-2.jpg","width":800,"height":572,"caption":"Sylvie VERDI"},"logo":{"@id":"https:\/\/www.verdieditions.com\/equilibre-de-vie\/wp-content\/uploads\/2020\/04\/livres-occasion-sante-esoterisme-developpement-personnel-2.jpg"},"sameAs":["https:\/\/www.verdieditions.com\/equilibre-de-vie"]}]}},"_links":{"self":[{"href":"https:\/\/www.verdieditions.com\/equilibre-de-vie\/wp-json\/wp\/v2\/product\/2214","targetHints":{"allow":["GET"]}}],"collection":[{"href":"https:\/\/www.verdieditions.com\/equilibre-de-vie\/wp-json\/wp\/v2\/product"}],"about":[{"href":"https:\/\/www.verdieditions.com\/equilibre-de-vie\/wp-json\/wp\/v2\/types\/product"}],"wp:featuredmedia":[{"embeddable":true,"href":"https:\/\/www.verdieditions.com\/equilibre-de-vie\/wp-json\/wp\/v2\/media\/2222"}],"wp:attachment":[{"href":"https:\/\/www.verdieditions.com\/equilibre-de-vie\/wp-json\/wp\/v2\/media?parent=2214"}],"wp:term":[{"taxonomy":"product_brand","embeddable":true,"href":"https:\/\/www.verdieditions.com\/equilibre-de-vie\/wp-json\/wp\/v2\/product_brand?post=2214"},{"taxonomy":"product_cat","embeddable":true,"href":"https:\/\/www.verdieditions.com\/equilibre-de-vie\/wp-json\/wp\/v2\/product_cat?post=2214"},{"taxonomy":"product_tag","embeddable":true,"href":"https:\/\/www.verdieditions.com\/equilibre-de-vie\/wp-json\/wp\/v2\/product_tag?post=2214"}],"curies":[{"name":"wp","href":"https:\/\/api.w.org\/{rel}","templated":true}]}}