{"id":2200,"date":"2023-04-07T10:34:45","date_gmt":"2023-04-07T08:34:45","guid":{"rendered":"https:\/\/www.verdieditions.com\/equilibre-de-vie\/?post_type=product&#038;p=2200"},"modified":"2024-09-02T21:37:20","modified_gmt":"2024-09-02T19:37:20","slug":"secret-jesus-gueririson-christique-beunas","status":"publish","type":"product","link":"https:\/\/www.verdieditions.com\/equilibre-de-vie\/produit\/secret-jesus-gueririson-christique-beunas\/","title":{"rendered":"Le secret de J\u00e9sus &#8211; J.P. BEUNAS (DAS)"},"content":{"rendered":"<p>Auteur : J.P. BEUNAS (DAS)<br \/>\nTitre : Le secret de J\u00e9sus, Gu\u00e9rir avec rien, La gu\u00e9rison christique<br \/>\n\u00c9diteur : Nectar, 2005<br \/>\nEdition originale<br \/>\nEtat : excellent, comme neuf<br \/>\nDim. 15 x 21<br \/>\n275 pages<\/p>\n<p>Le Secret de J\u00e9sus, la Gu\u00e9rison Christique, r\u00e9v\u00e8le la m\u00e9thode de gu\u00e9rison enseign\u00e9e et pratiqu\u00e9e par J\u00e9sus. Cette connaissance cach\u00e9e et secr\u00e8te n&rsquo;a jamais \u00e9t\u00e9 offerte au public.<\/p>\n<p>La m\u00e9thode de J\u00e9sus est une v\u00e9ritable r\u00e9v\u00e9lation, tant par son extr\u00eame simplicit\u00e9 que par sa grande puissance qui permet, avec la pratique, de vraiment obtenir des gu\u00e9risons significatives et durables.<\/p>\n<p>De fa\u00e7on simple, agr\u00e9able et p\u00e9dagogique, Das vous r\u00e9v\u00e8le comment s&rsquo;y prendre pour aboutir tr\u00e8s vite \u00e0 des r\u00e9sultats concrets et significatifs. Oui, d\u00e9couvrez comment, vous aussi, vous pouvez vous gu\u00e9rir et gu\u00e9rir les autres.<\/p>\n","protected":false},"excerpt":{"rendered":"<p>Auteur : J.P. BEUNAS (DAS)<br \/>\nTitre : Le secret de J\u00e9sus, Gu\u00e9rir avec rien, La gu\u00e9rison christique<br \/>\n\u00c9diteur : Nectar, 2005<br \/>\nEdition originale<br \/>\nEtat : excellent, comme neuf<br \/>\nDim. 15 x 21<br \/>\n275 pages<\/p>\n","protected":false},"featured_media":2205,"template":"","meta":[],"product_brand":[],"product_cat":[21],"product_tag":[73,74,75,98,100,141],"class_list":{"0":"post-2200","1":"product","2":"type-product","3":"status-publish","4":"has-post-thumbnail","6":"product_cat-sante","7":"product_tag-guerir","8":"product_tag-guerison","9":"product_tag-guerisseur","10":"product_tag-medecine-alternative","11":"product_tag-medecine-naturelle","12":"product_tag-religion","14":"first","15":"outofstock","16":"shipping-taxable","17":"product-type-simple"},"yoast_head":"<!-- This site is optimized with the Yoast SEO plugin v27.4 - https:\/\/yoast.com\/product\/yoast-seo-wordpress\/ -->\n<title>Le secret de J\u00e9sus - J.P. BEUNAS (DAS) - Equilibre de Vie<\/title>\n<meta name=\"description\" content=\"J.P. BEUNAS (DAS) - Le secret de J\u00e9sus, Gu\u00e9rir avec rien, La gu\u00e9rison christique - Nectar, 2005 Ed originale Etat : excellent, comme neuf Dim. 15 x 21 275 p\" \/>\n<meta name=\"robots\" content=\"index, follow, max-snippet:-1, max-image-preview:large, max-video-preview:-1\" \/>\n<link rel=\"canonical\" href=\"https:\/\/www.verdieditions.com\/equilibre-de-vie\/produit\/secret-jesus-gueririson-christique-beunas\/\" \/>\n<meta property=\"og:locale\" content=\"fr_FR\" \/>\n<meta property=\"og:type\" content=\"article\" \/>\n<meta property=\"og:title\" content=\"Le secret de J\u00e9sus - J.P. BEUNAS (DAS) - Equilibre de Vie\" \/>\n<meta property=\"og:description\" content=\"J.P. BEUNAS (DAS) - Le secret de J\u00e9sus, Gu\u00e9rir avec rien, La gu\u00e9rison christique - Nectar, 2005 Ed originale Etat : excellent, comme neuf Dim. 15 x 21 275 p\" \/>\n<meta property=\"og:url\" content=\"https:\/\/www.verdieditions.com\/equilibre-de-vie\/produit\/secret-jesus-gueririson-christique-beunas\/\" \/>\n<meta property=\"og:site_name\" content=\"Equilibre de Vie\" \/>\n<meta property=\"article:modified_time\" content=\"2024-09-02T19:37:20+00:00\" \/>\n<meta property=\"og:image\" content=\"https:\/\/www.verdieditions.com\/equilibre-de-vie\/wp-content\/uploads\/2023\/04\/beunas-secret-jesus-guerir-rien-guerison-christique.jpg\" \/>\n\t<meta property=\"og:image:width\" content=\"576\" \/>\n\t<meta property=\"og:image:height\" content=\"800\" \/>\n\t<meta property=\"og:image:type\" content=\"image\/jpeg\" \/>\n<meta name=\"twitter:card\" content=\"summary_large_image\" \/>\n<meta name=\"twitter:label1\" content=\"Dur\u00e9e de lecture estim\u00e9e\" \/>\n\t<meta name=\"twitter:data1\" content=\"1 minute\" \/>\n<script type=\"application\/ld+json\" class=\"yoast-schema-graph\">{\"@context\":\"https:\\\/\\\/schema.org\",\"@graph\":[{\"@type\":\"WebPage\",\"@id\":\"https:\\\/\\\/www.verdieditions.com\\\/equilibre-de-vie\\\/produit\\\/secret-jesus-gueririson-christique-beunas\\\/\",\"url\":\"https:\\\/\\\/www.verdieditions.com\\\/equilibre-de-vie\\\/produit\\\/secret-jesus-gueririson-christique-beunas\\\/\",\"name\":\"Le secret de J\u00e9sus - J.P. BEUNAS (DAS) - Equilibre de Vie\",\"isPartOf\":{\"@id\":\"https:\\\/\\\/www.verdieditions.com\\\/equilibre-de-vie\\\/#website\"},\"primaryImageOfPage\":{\"@id\":\"https:\\\/\\\/www.verdieditions.com\\\/equilibre-de-vie\\\/produit\\\/secret-jesus-gueririson-christique-beunas\\\/#primaryimage\"},\"image\":{\"@id\":\"https:\\\/\\\/www.verdieditions.com\\\/equilibre-de-vie\\\/produit\\\/secret-jesus-gueririson-christique-beunas\\\/#primaryimage\"},\"thumbnailUrl\":\"https:\\\/\\\/www.verdieditions.com\\\/equilibre-de-vie\\\/wp-content\\\/uploads\\\/2023\\\/04\\\/beunas-secret-jesus-guerir-rien-guerison-christique.jpg\",\"datePublished\":\"2023-04-07T08:34:45+00:00\",\"dateModified\":\"2024-09-02T19:37:20+00:00\",\"description\":\"J.P. BEUNAS (DAS) - Le secret de J\u00e9sus, Gu\u00e9rir avec rien, La gu\u00e9rison christique - Nectar, 2005 Ed originale Etat : excellent, comme neuf Dim. 15 x 21 275 p\",\"breadcrumb\":{\"@id\":\"https:\\\/\\\/www.verdieditions.com\\\/equilibre-de-vie\\\/produit\\\/secret-jesus-gueririson-christique-beunas\\\/#breadcrumb\"},\"inLanguage\":\"fr-FR\",\"potentialAction\":[{\"@type\":\"ReadAction\",\"target\":[\"https:\\\/\\\/www.verdieditions.com\\\/equilibre-de-vie\\\/produit\\\/secret-jesus-gueririson-christique-beunas\\\/\"]}]},{\"@type\":\"ImageObject\",\"inLanguage\":\"fr-FR\",\"@id\":\"https:\\\/\\\/www.verdieditions.com\\\/equilibre-de-vie\\\/produit\\\/secret-jesus-gueririson-christique-beunas\\\/#primaryimage\",\"url\":\"https:\\\/\\\/www.verdieditions.com\\\/equilibre-de-vie\\\/wp-content\\\/uploads\\\/2023\\\/04\\\/beunas-secret-jesus-guerir-rien-guerison-christique.jpg\",\"contentUrl\":\"https:\\\/\\\/www.verdieditions.com\\\/equilibre-de-vie\\\/wp-content\\\/uploads\\\/2023\\\/04\\\/beunas-secret-jesus-guerir-rien-guerison-christique.jpg\",\"width\":576,\"height\":800,\"caption\":\"beunas-secret-jesus-guerir-rien-guerison-christique\"},{\"@type\":\"BreadcrumbList\",\"@id\":\"https:\\\/\\\/www.verdieditions.com\\\/equilibre-de-vie\\\/produit\\\/secret-jesus-gueririson-christique-beunas\\\/#breadcrumb\",\"itemListElement\":[{\"@type\":\"ListItem\",\"position\":1,\"name\":\"Accueil\",\"item\":\"https:\\\/\\\/www.verdieditions.com\\\/equilibre-de-vie\\\/\"},{\"@type\":\"ListItem\",\"position\":2,\"name\":\"La boutique\",\"item\":\"https:\\\/\\\/www.verdieditions.com\\\/equilibre-de-vie\\\/boutique\\\/\"},{\"@type\":\"ListItem\",\"position\":3,\"name\":\"Le secret de J\u00e9sus &#8211; J.P. BEUNAS (DAS)\"}]},{\"@type\":\"WebSite\",\"@id\":\"https:\\\/\\\/www.verdieditions.com\\\/equilibre-de-vie\\\/#website\",\"url\":\"https:\\\/\\\/www.verdieditions.com\\\/equilibre-de-vie\\\/\",\"name\":\"Equilibre de Vie\",\"description\":\"Ma boutique livres sant\u00e9, \u00e9sot\u00e9risme et d\u00e9veloppement personnel\",\"publisher\":{\"@id\":\"https:\\\/\\\/www.verdieditions.com\\\/equilibre-de-vie\\\/#\\\/schema\\\/person\\\/9dcb2a6759f2f5fbf43ac0b44649cecb\"},\"potentialAction\":[{\"@type\":\"SearchAction\",\"target\":{\"@type\":\"EntryPoint\",\"urlTemplate\":\"https:\\\/\\\/www.verdieditions.com\\\/equilibre-de-vie\\\/?s={search_term_string}\"},\"query-input\":{\"@type\":\"PropertyValueSpecification\",\"valueRequired\":true,\"valueName\":\"search_term_string\"}}],\"inLanguage\":\"fr-FR\"},{\"@type\":[\"Person\",\"Organization\"],\"@id\":\"https:\\\/\\\/www.verdieditions.com\\\/equilibre-de-vie\\\/#\\\/schema\\\/person\\\/9dcb2a6759f2f5fbf43ac0b44649cecb\",\"name\":\"Sylvie VERDI\",\"image\":{\"@type\":\"ImageObject\",\"inLanguage\":\"fr-FR\",\"@id\":\"https:\\\/\\\/www.verdieditions.com\\\/equilibre-de-vie\\\/wp-content\\\/uploads\\\/2020\\\/04\\\/livres-occasion-sante-esoterisme-developpement-personnel-2.jpg\",\"url\":\"https:\\\/\\\/www.verdieditions.com\\\/equilibre-de-vie\\\/wp-content\\\/uploads\\\/2020\\\/04\\\/livres-occasion-sante-esoterisme-developpement-personnel-2.jpg\",\"contentUrl\":\"https:\\\/\\\/www.verdieditions.com\\\/equilibre-de-vie\\\/wp-content\\\/uploads\\\/2020\\\/04\\\/livres-occasion-sante-esoterisme-developpement-personnel-2.jpg\",\"width\":800,\"height\":572,\"caption\":\"Sylvie VERDI\"},\"logo\":{\"@id\":\"https:\\\/\\\/www.verdieditions.com\\\/equilibre-de-vie\\\/wp-content\\\/uploads\\\/2020\\\/04\\\/livres-occasion-sante-esoterisme-developpement-personnel-2.jpg\"},\"sameAs\":[\"https:\\\/\\\/www.verdieditions.com\\\/equilibre-de-vie\"]}]}<\/script>\n<!-- \/ Yoast SEO plugin. -->","yoast_head_json":{"title":"Le secret de J\u00e9sus - J.P. BEUNAS (DAS) - Equilibre de Vie","description":"J.P. BEUNAS (DAS) - Le secret de J\u00e9sus, Gu\u00e9rir avec rien, La gu\u00e9rison christique - Nectar, 2005 Ed originale Etat : excellent, comme neuf Dim. 15 x 21 275 p","robots":{"index":"index","follow":"follow","max-snippet":"max-snippet:-1","max-image-preview":"max-image-preview:large","max-video-preview":"max-video-preview:-1"},"canonical":"https:\/\/www.verdieditions.com\/equilibre-de-vie\/produit\/secret-jesus-gueririson-christique-beunas\/","og_locale":"fr_FR","og_type":"article","og_title":"Le secret de J\u00e9sus - J.P. BEUNAS (DAS) - Equilibre de Vie","og_description":"J.P. BEUNAS (DAS) - Le secret de J\u00e9sus, Gu\u00e9rir avec rien, La gu\u00e9rison christique - Nectar, 2005 Ed originale Etat : excellent, comme neuf Dim. 15 x 21 275 p","og_url":"https:\/\/www.verdieditions.com\/equilibre-de-vie\/produit\/secret-jesus-gueririson-christique-beunas\/","og_site_name":"Equilibre de Vie","article_modified_time":"2024-09-02T19:37:20+00:00","og_image":[{"width":576,"height":800,"url":"https:\/\/www.verdieditions.com\/equilibre-de-vie\/wp-content\/uploads\/2023\/04\/beunas-secret-jesus-guerir-rien-guerison-christique.jpg","type":"image\/jpeg"}],"twitter_card":"summary_large_image","twitter_misc":{"Dur\u00e9e de lecture estim\u00e9e":"1 minute"},"schema":{"@context":"https:\/\/schema.org","@graph":[{"@type":"WebPage","@id":"https:\/\/www.verdieditions.com\/equilibre-de-vie\/produit\/secret-jesus-gueririson-christique-beunas\/","url":"https:\/\/www.verdieditions.com\/equilibre-de-vie\/produit\/secret-jesus-gueririson-christique-beunas\/","name":"Le secret de J\u00e9sus - J.P. BEUNAS (DAS) - Equilibre de Vie","isPartOf":{"@id":"https:\/\/www.verdieditions.com\/equilibre-de-vie\/#website"},"primaryImageOfPage":{"@id":"https:\/\/www.verdieditions.com\/equilibre-de-vie\/produit\/secret-jesus-gueririson-christique-beunas\/#primaryimage"},"image":{"@id":"https:\/\/www.verdieditions.com\/equilibre-de-vie\/produit\/secret-jesus-gueririson-christique-beunas\/#primaryimage"},"thumbnailUrl":"https:\/\/www.verdieditions.com\/equilibre-de-vie\/wp-content\/uploads\/2023\/04\/beunas-secret-jesus-guerir-rien-guerison-christique.jpg","datePublished":"2023-04-07T08:34:45+00:00","dateModified":"2024-09-02T19:37:20+00:00","description":"J.P. BEUNAS (DAS) - Le secret de J\u00e9sus, Gu\u00e9rir avec rien, La gu\u00e9rison christique - Nectar, 2005 Ed originale Etat : excellent, comme neuf Dim. 15 x 21 275 p","breadcrumb":{"@id":"https:\/\/www.verdieditions.com\/equilibre-de-vie\/produit\/secret-jesus-gueririson-christique-beunas\/#breadcrumb"},"inLanguage":"fr-FR","potentialAction":[{"@type":"ReadAction","target":["https:\/\/www.verdieditions.com\/equilibre-de-vie\/produit\/secret-jesus-gueririson-christique-beunas\/"]}]},{"@type":"ImageObject","inLanguage":"fr-FR","@id":"https:\/\/www.verdieditions.com\/equilibre-de-vie\/produit\/secret-jesus-gueririson-christique-beunas\/#primaryimage","url":"https:\/\/www.verdieditions.com\/equilibre-de-vie\/wp-content\/uploads\/2023\/04\/beunas-secret-jesus-guerir-rien-guerison-christique.jpg","contentUrl":"https:\/\/www.verdieditions.com\/equilibre-de-vie\/wp-content\/uploads\/2023\/04\/beunas-secret-jesus-guerir-rien-guerison-christique.jpg","width":576,"height":800,"caption":"beunas-secret-jesus-guerir-rien-guerison-christique"},{"@type":"BreadcrumbList","@id":"https:\/\/www.verdieditions.com\/equilibre-de-vie\/produit\/secret-jesus-gueririson-christique-beunas\/#breadcrumb","itemListElement":[{"@type":"ListItem","position":1,"name":"Accueil","item":"https:\/\/www.verdieditions.com\/equilibre-de-vie\/"},{"@type":"ListItem","position":2,"name":"La boutique","item":"https:\/\/www.verdieditions.com\/equilibre-de-vie\/boutique\/"},{"@type":"ListItem","position":3,"name":"Le secret de J\u00e9sus &#8211; J.P. BEUNAS (DAS)"}]},{"@type":"WebSite","@id":"https:\/\/www.verdieditions.com\/equilibre-de-vie\/#website","url":"https:\/\/www.verdieditions.com\/equilibre-de-vie\/","name":"Equilibre de Vie","description":"Ma boutique livres sant\u00e9, \u00e9sot\u00e9risme et d\u00e9veloppement personnel","publisher":{"@id":"https:\/\/www.verdieditions.com\/equilibre-de-vie\/#\/schema\/person\/9dcb2a6759f2f5fbf43ac0b44649cecb"},"potentialAction":[{"@type":"SearchAction","target":{"@type":"EntryPoint","urlTemplate":"https:\/\/www.verdieditions.com\/equilibre-de-vie\/?s={search_term_string}"},"query-input":{"@type":"PropertyValueSpecification","valueRequired":true,"valueName":"search_term_string"}}],"inLanguage":"fr-FR"},{"@type":["Person","Organization"],"@id":"https:\/\/www.verdieditions.com\/equilibre-de-vie\/#\/schema\/person\/9dcb2a6759f2f5fbf43ac0b44649cecb","name":"Sylvie VERDI","image":{"@type":"ImageObject","inLanguage":"fr-FR","@id":"https:\/\/www.verdieditions.com\/equilibre-de-vie\/wp-content\/uploads\/2020\/04\/livres-occasion-sante-esoterisme-developpement-personnel-2.jpg","url":"https:\/\/www.verdieditions.com\/equilibre-de-vie\/wp-content\/uploads\/2020\/04\/livres-occasion-sante-esoterisme-developpement-personnel-2.jpg","contentUrl":"https:\/\/www.verdieditions.com\/equilibre-de-vie\/wp-content\/uploads\/2020\/04\/livres-occasion-sante-esoterisme-developpement-personnel-2.jpg","width":800,"height":572,"caption":"Sylvie VERDI"},"logo":{"@id":"https:\/\/www.verdieditions.com\/equilibre-de-vie\/wp-content\/uploads\/2020\/04\/livres-occasion-sante-esoterisme-developpement-personnel-2.jpg"},"sameAs":["https:\/\/www.verdieditions.com\/equilibre-de-vie"]}]}},"_links":{"self":[{"href":"https:\/\/www.verdieditions.com\/equilibre-de-vie\/wp-json\/wp\/v2\/product\/2200","targetHints":{"allow":["GET"]}}],"collection":[{"href":"https:\/\/www.verdieditions.com\/equilibre-de-vie\/wp-json\/wp\/v2\/product"}],"about":[{"href":"https:\/\/www.verdieditions.com\/equilibre-de-vie\/wp-json\/wp\/v2\/types\/product"}],"wp:featuredmedia":[{"embeddable":true,"href":"https:\/\/www.verdieditions.com\/equilibre-de-vie\/wp-json\/wp\/v2\/media\/2205"}],"wp:attachment":[{"href":"https:\/\/www.verdieditions.com\/equilibre-de-vie\/wp-json\/wp\/v2\/media?parent=2200"}],"wp:term":[{"taxonomy":"product_brand","embeddable":true,"href":"https:\/\/www.verdieditions.com\/equilibre-de-vie\/wp-json\/wp\/v2\/product_brand?post=2200"},{"taxonomy":"product_cat","embeddable":true,"href":"https:\/\/www.verdieditions.com\/equilibre-de-vie\/wp-json\/wp\/v2\/product_cat?post=2200"},{"taxonomy":"product_tag","embeddable":true,"href":"https:\/\/www.verdieditions.com\/equilibre-de-vie\/wp-json\/wp\/v2\/product_tag?post=2200"}],"curies":[{"name":"wp","href":"https:\/\/api.w.org\/{rel}","templated":true}]}}