{"id":2054,"date":"2022-06-30T14:09:26","date_gmt":"2022-06-30T12:09:26","guid":{"rendered":"https:\/\/www.verdieditions.com\/equilibre-de-vie\/?post_type=product&#038;p=2054"},"modified":"2024-02-07T16:22:49","modified_gmt":"2024-02-07T15:22:49","slug":"oeuvre-coue-emile-dumas","status":"publish","type":"product","link":"https:\/\/www.verdieditions.com\/equilibre-de-vie\/produit\/oeuvre-coue-emile-dumas\/","title":{"rendered":"L&rsquo;oeuvre de \u00c9mile COU\u00c9 &#8211; \u00c9mile COU\u00c9 &#8211; Andr\u00e9 DUMAS"},"content":{"rendered":"<p>Auteur : \u00c9mile COU\u00c9<br \/>\nTitre : L&rsquo;oeuvre de \u00c9mile COU\u00c9, pr\u00e9sent\u00e9e par Andr\u00e9 DUMAS directeur de l&rsquo;institut Cou\u00e9<br \/>\n\u00c9diteur : Astra, 1976<br \/>\nDim. 13,5 x 21,5<br \/>\n272 pages<\/p>\n<p>L&rsquo;oeuvre de Cou\u00e9 est-elle ignor\u00e9e ou oubli\u00e9e ?<br \/>\nNon seulement elle est mise en pratique en Europe et en Am\u00e9rique par des milliers de personnes qui s&rsquo;en f\u00e9licitent, mais encore est-elle utilis\u00e9e et adapt\u00e9e sous divers vocables par des syst\u00e8mes qui ont pour point commun de laisser dans l&rsquo;ombre le nom du grand pionnier.<br \/>\nOn met en doute le pouvoir de la suggestion, mais on parle avec inqui\u00e9tude des \u00ab\u00a0lavages de cerveaux\u00a0\u00bb. On sourit de Cou\u00e9 et de sa m\u00e9thode, alors qu&rsquo;on ob\u00e9it automatiquement aux formules suggestives que la Publicit\u00e9 et la Propagande reines de notre temps, d\u00e9versent dans les subconscients.<br \/>\nL&rsquo;Oeuvre de Cou\u00e9 contient d\u00e9j\u00e0 tout ce qu&rsquo;on croit ou pr\u00e9tend d\u00e9couvrir quant \u00e0 l&rsquo;utilisation m\u00e9thodique du subconscient.<br \/>\nEn langage clair et accessible \u00e0 tous, il en a indiqu\u00e9 les prolongements et les cons\u00e9quences immenses dans les domaines de la th\u00e9rapeutique, de l&rsquo;enseignement, de l&rsquo;\u00e9ducation et de la formation morale.<br \/>\nAndr\u00e9 DUMAS<br \/>\nDirecteur de l&rsquo;Institut Cou\u00e9<\/p>\n","protected":false},"excerpt":{"rendered":"<p>Auteur : \u00c9mile COU\u00c9<br \/>\nTitre : L&rsquo;oeuvre de \u00c9mile COU\u00c9, pr\u00e9sent\u00e9e par Andr\u00e9 DUMAS directeur de l&rsquo;institut Cou\u00e9<br \/>\n\u00c9diteur : Astra, 1976<br \/>\nDim. 13,5 x 21,5<br \/>\n272 pages<\/p>\n","protected":false},"featured_media":2055,"template":"","meta":[],"product_brand":[],"product_cat":[22],"product_tag":[80,104,135,142,143,173],"class_list":{"0":"post-2054","1":"product","2":"type-product","3":"status-publish","4":"has-post-thumbnail","6":"product_cat-developpement-personnel","7":"product_tag-hypnose","8":"product_tag-methode-coue","9":"product_tag-psychologie","10":"product_tag-respiration","11":"product_tag-reussite","12":"product_tag-visualisation","14":"first","15":"instock","16":"shipping-taxable","17":"product-type-simple"},"yoast_head":"<!-- This site is optimized with the Yoast SEO plugin v27.4 - https:\/\/yoast.com\/product\/yoast-seo-wordpress\/ -->\n<title>L&#039;oeuvre de \u00c9mile COU\u00c9 - \u00c9mile COU\u00c9 - Andr\u00e9 DUMAS - Equilibre de Vie<\/title>\n<meta name=\"description\" content=\"Titre : L&#039;oeuvre de \u00c9mile COU\u00c9, pr\u00e9sent\u00e9e par Andr\u00e9 DUMAS directeur de l&#039;institut Cou\u00e9 \u00c9diteur : Astra, 1976 Dim. 13,5 x 21,5 - 272 pages\" \/>\n<meta name=\"robots\" content=\"index, follow, max-snippet:-1, max-image-preview:large, max-video-preview:-1\" \/>\n<link rel=\"canonical\" href=\"https:\/\/www.verdieditions.com\/equilibre-de-vie\/produit\/oeuvre-coue-emile-dumas\/\" \/>\n<meta property=\"og:locale\" content=\"fr_FR\" \/>\n<meta property=\"og:type\" content=\"article\" \/>\n<meta property=\"og:title\" content=\"L&#039;oeuvre de \u00c9mile COU\u00c9 - \u00c9mile COU\u00c9 - Andr\u00e9 DUMAS - Equilibre de Vie\" \/>\n<meta property=\"og:description\" content=\"Titre : L&#039;oeuvre de \u00c9mile COU\u00c9, pr\u00e9sent\u00e9e par Andr\u00e9 DUMAS directeur de l&#039;institut Cou\u00e9 \u00c9diteur : Astra, 1976 Dim. 13,5 x 21,5 - 272 pages\" \/>\n<meta property=\"og:url\" content=\"https:\/\/www.verdieditions.com\/equilibre-de-vie\/produit\/oeuvre-coue-emile-dumas\/\" \/>\n<meta property=\"og:site_name\" content=\"Equilibre de Vie\" \/>\n<meta property=\"article:modified_time\" content=\"2024-02-07T15:22:49+00:00\" \/>\n<meta property=\"og:image\" content=\"https:\/\/www.verdieditions.com\/equilibre-de-vie\/wp-content\/uploads\/2022\/06\/dumas-oeuvre-emile-coue-3.jpg\" \/>\n\t<meta property=\"og:image:width\" content=\"535\" \/>\n\t<meta property=\"og:image:height\" content=\"800\" \/>\n\t<meta property=\"og:image:type\" content=\"image\/jpeg\" \/>\n<meta name=\"twitter:card\" content=\"summary_large_image\" \/>\n<meta name=\"twitter:label1\" content=\"Dur\u00e9e de lecture estim\u00e9e\" \/>\n\t<meta name=\"twitter:data1\" content=\"1 minute\" \/>\n<script type=\"application\/ld+json\" class=\"yoast-schema-graph\">{\"@context\":\"https:\\\/\\\/schema.org\",\"@graph\":[{\"@type\":\"WebPage\",\"@id\":\"https:\\\/\\\/www.verdieditions.com\\\/equilibre-de-vie\\\/produit\\\/oeuvre-coue-emile-dumas\\\/\",\"url\":\"https:\\\/\\\/www.verdieditions.com\\\/equilibre-de-vie\\\/produit\\\/oeuvre-coue-emile-dumas\\\/\",\"name\":\"L'oeuvre de \u00c9mile COU\u00c9 - \u00c9mile COU\u00c9 - Andr\u00e9 DUMAS - Equilibre de Vie\",\"isPartOf\":{\"@id\":\"https:\\\/\\\/www.verdieditions.com\\\/equilibre-de-vie\\\/#website\"},\"primaryImageOfPage\":{\"@id\":\"https:\\\/\\\/www.verdieditions.com\\\/equilibre-de-vie\\\/produit\\\/oeuvre-coue-emile-dumas\\\/#primaryimage\"},\"image\":{\"@id\":\"https:\\\/\\\/www.verdieditions.com\\\/equilibre-de-vie\\\/produit\\\/oeuvre-coue-emile-dumas\\\/#primaryimage\"},\"thumbnailUrl\":\"https:\\\/\\\/www.verdieditions.com\\\/equilibre-de-vie\\\/wp-content\\\/uploads\\\/2022\\\/06\\\/dumas-oeuvre-emile-coue-3.jpg\",\"datePublished\":\"2022-06-30T12:09:26+00:00\",\"dateModified\":\"2024-02-07T15:22:49+00:00\",\"description\":\"Titre : L'oeuvre de \u00c9mile COU\u00c9, pr\u00e9sent\u00e9e par Andr\u00e9 DUMAS directeur de l'institut Cou\u00e9 \u00c9diteur : Astra, 1976 Dim. 13,5 x 21,5 - 272 pages\",\"breadcrumb\":{\"@id\":\"https:\\\/\\\/www.verdieditions.com\\\/equilibre-de-vie\\\/produit\\\/oeuvre-coue-emile-dumas\\\/#breadcrumb\"},\"inLanguage\":\"fr-FR\",\"potentialAction\":[{\"@type\":\"ReadAction\",\"target\":[\"https:\\\/\\\/www.verdieditions.com\\\/equilibre-de-vie\\\/produit\\\/oeuvre-coue-emile-dumas\\\/\"]}]},{\"@type\":\"ImageObject\",\"inLanguage\":\"fr-FR\",\"@id\":\"https:\\\/\\\/www.verdieditions.com\\\/equilibre-de-vie\\\/produit\\\/oeuvre-coue-emile-dumas\\\/#primaryimage\",\"url\":\"https:\\\/\\\/www.verdieditions.com\\\/equilibre-de-vie\\\/wp-content\\\/uploads\\\/2022\\\/06\\\/dumas-oeuvre-emile-coue-3.jpg\",\"contentUrl\":\"https:\\\/\\\/www.verdieditions.com\\\/equilibre-de-vie\\\/wp-content\\\/uploads\\\/2022\\\/06\\\/dumas-oeuvre-emile-coue-3.jpg\",\"width\":535,\"height\":800,\"caption\":\"dumas-oeuvre-emile-coue-3\"},{\"@type\":\"BreadcrumbList\",\"@id\":\"https:\\\/\\\/www.verdieditions.com\\\/equilibre-de-vie\\\/produit\\\/oeuvre-coue-emile-dumas\\\/#breadcrumb\",\"itemListElement\":[{\"@type\":\"ListItem\",\"position\":1,\"name\":\"Accueil\",\"item\":\"https:\\\/\\\/www.verdieditions.com\\\/equilibre-de-vie\\\/\"},{\"@type\":\"ListItem\",\"position\":2,\"name\":\"La boutique\",\"item\":\"https:\\\/\\\/www.verdieditions.com\\\/equilibre-de-vie\\\/boutique\\\/\"},{\"@type\":\"ListItem\",\"position\":3,\"name\":\"L&#8217;oeuvre de \u00c9mile COU\u00c9 &#8211; \u00c9mile COU\u00c9 &#8211; Andr\u00e9 DUMAS\"}]},{\"@type\":\"WebSite\",\"@id\":\"https:\\\/\\\/www.verdieditions.com\\\/equilibre-de-vie\\\/#website\",\"url\":\"https:\\\/\\\/www.verdieditions.com\\\/equilibre-de-vie\\\/\",\"name\":\"Equilibre de Vie\",\"description\":\"Ma boutique livres sant\u00e9, \u00e9sot\u00e9risme et d\u00e9veloppement personnel\",\"publisher\":{\"@id\":\"https:\\\/\\\/www.verdieditions.com\\\/equilibre-de-vie\\\/#\\\/schema\\\/person\\\/9dcb2a6759f2f5fbf43ac0b44649cecb\"},\"potentialAction\":[{\"@type\":\"SearchAction\",\"target\":{\"@type\":\"EntryPoint\",\"urlTemplate\":\"https:\\\/\\\/www.verdieditions.com\\\/equilibre-de-vie\\\/?s={search_term_string}\"},\"query-input\":{\"@type\":\"PropertyValueSpecification\",\"valueRequired\":true,\"valueName\":\"search_term_string\"}}],\"inLanguage\":\"fr-FR\"},{\"@type\":[\"Person\",\"Organization\"],\"@id\":\"https:\\\/\\\/www.verdieditions.com\\\/equilibre-de-vie\\\/#\\\/schema\\\/person\\\/9dcb2a6759f2f5fbf43ac0b44649cecb\",\"name\":\"Sylvie VERDI\",\"image\":{\"@type\":\"ImageObject\",\"inLanguage\":\"fr-FR\",\"@id\":\"https:\\\/\\\/www.verdieditions.com\\\/equilibre-de-vie\\\/wp-content\\\/uploads\\\/2020\\\/04\\\/livres-occasion-sante-esoterisme-developpement-personnel-2.jpg\",\"url\":\"https:\\\/\\\/www.verdieditions.com\\\/equilibre-de-vie\\\/wp-content\\\/uploads\\\/2020\\\/04\\\/livres-occasion-sante-esoterisme-developpement-personnel-2.jpg\",\"contentUrl\":\"https:\\\/\\\/www.verdieditions.com\\\/equilibre-de-vie\\\/wp-content\\\/uploads\\\/2020\\\/04\\\/livres-occasion-sante-esoterisme-developpement-personnel-2.jpg\",\"width\":800,\"height\":572,\"caption\":\"Sylvie VERDI\"},\"logo\":{\"@id\":\"https:\\\/\\\/www.verdieditions.com\\\/equilibre-de-vie\\\/wp-content\\\/uploads\\\/2020\\\/04\\\/livres-occasion-sante-esoterisme-developpement-personnel-2.jpg\"},\"sameAs\":[\"https:\\\/\\\/www.verdieditions.com\\\/equilibre-de-vie\"]}]}<\/script>\n<!-- \/ Yoast SEO plugin. -->","yoast_head_json":{"title":"L'oeuvre de \u00c9mile COU\u00c9 - \u00c9mile COU\u00c9 - Andr\u00e9 DUMAS - Equilibre de Vie","description":"Titre : L'oeuvre de \u00c9mile COU\u00c9, pr\u00e9sent\u00e9e par Andr\u00e9 DUMAS directeur de l'institut Cou\u00e9 \u00c9diteur : Astra, 1976 Dim. 13,5 x 21,5 - 272 pages","robots":{"index":"index","follow":"follow","max-snippet":"max-snippet:-1","max-image-preview":"max-image-preview:large","max-video-preview":"max-video-preview:-1"},"canonical":"https:\/\/www.verdieditions.com\/equilibre-de-vie\/produit\/oeuvre-coue-emile-dumas\/","og_locale":"fr_FR","og_type":"article","og_title":"L'oeuvre de \u00c9mile COU\u00c9 - \u00c9mile COU\u00c9 - Andr\u00e9 DUMAS - Equilibre de Vie","og_description":"Titre : L'oeuvre de \u00c9mile COU\u00c9, pr\u00e9sent\u00e9e par Andr\u00e9 DUMAS directeur de l'institut Cou\u00e9 \u00c9diteur : Astra, 1976 Dim. 13,5 x 21,5 - 272 pages","og_url":"https:\/\/www.verdieditions.com\/equilibre-de-vie\/produit\/oeuvre-coue-emile-dumas\/","og_site_name":"Equilibre de Vie","article_modified_time":"2024-02-07T15:22:49+00:00","og_image":[{"width":535,"height":800,"url":"https:\/\/www.verdieditions.com\/equilibre-de-vie\/wp-content\/uploads\/2022\/06\/dumas-oeuvre-emile-coue-3.jpg","type":"image\/jpeg"}],"twitter_card":"summary_large_image","twitter_misc":{"Dur\u00e9e de lecture estim\u00e9e":"1 minute"},"schema":{"@context":"https:\/\/schema.org","@graph":[{"@type":"WebPage","@id":"https:\/\/www.verdieditions.com\/equilibre-de-vie\/produit\/oeuvre-coue-emile-dumas\/","url":"https:\/\/www.verdieditions.com\/equilibre-de-vie\/produit\/oeuvre-coue-emile-dumas\/","name":"L'oeuvre de \u00c9mile COU\u00c9 - \u00c9mile COU\u00c9 - Andr\u00e9 DUMAS - Equilibre de Vie","isPartOf":{"@id":"https:\/\/www.verdieditions.com\/equilibre-de-vie\/#website"},"primaryImageOfPage":{"@id":"https:\/\/www.verdieditions.com\/equilibre-de-vie\/produit\/oeuvre-coue-emile-dumas\/#primaryimage"},"image":{"@id":"https:\/\/www.verdieditions.com\/equilibre-de-vie\/produit\/oeuvre-coue-emile-dumas\/#primaryimage"},"thumbnailUrl":"https:\/\/www.verdieditions.com\/equilibre-de-vie\/wp-content\/uploads\/2022\/06\/dumas-oeuvre-emile-coue-3.jpg","datePublished":"2022-06-30T12:09:26+00:00","dateModified":"2024-02-07T15:22:49+00:00","description":"Titre : L'oeuvre de \u00c9mile COU\u00c9, pr\u00e9sent\u00e9e par Andr\u00e9 DUMAS directeur de l'institut Cou\u00e9 \u00c9diteur : Astra, 1976 Dim. 13,5 x 21,5 - 272 pages","breadcrumb":{"@id":"https:\/\/www.verdieditions.com\/equilibre-de-vie\/produit\/oeuvre-coue-emile-dumas\/#breadcrumb"},"inLanguage":"fr-FR","potentialAction":[{"@type":"ReadAction","target":["https:\/\/www.verdieditions.com\/equilibre-de-vie\/produit\/oeuvre-coue-emile-dumas\/"]}]},{"@type":"ImageObject","inLanguage":"fr-FR","@id":"https:\/\/www.verdieditions.com\/equilibre-de-vie\/produit\/oeuvre-coue-emile-dumas\/#primaryimage","url":"https:\/\/www.verdieditions.com\/equilibre-de-vie\/wp-content\/uploads\/2022\/06\/dumas-oeuvre-emile-coue-3.jpg","contentUrl":"https:\/\/www.verdieditions.com\/equilibre-de-vie\/wp-content\/uploads\/2022\/06\/dumas-oeuvre-emile-coue-3.jpg","width":535,"height":800,"caption":"dumas-oeuvre-emile-coue-3"},{"@type":"BreadcrumbList","@id":"https:\/\/www.verdieditions.com\/equilibre-de-vie\/produit\/oeuvre-coue-emile-dumas\/#breadcrumb","itemListElement":[{"@type":"ListItem","position":1,"name":"Accueil","item":"https:\/\/www.verdieditions.com\/equilibre-de-vie\/"},{"@type":"ListItem","position":2,"name":"La boutique","item":"https:\/\/www.verdieditions.com\/equilibre-de-vie\/boutique\/"},{"@type":"ListItem","position":3,"name":"L&#8217;oeuvre de \u00c9mile COU\u00c9 &#8211; \u00c9mile COU\u00c9 &#8211; Andr\u00e9 DUMAS"}]},{"@type":"WebSite","@id":"https:\/\/www.verdieditions.com\/equilibre-de-vie\/#website","url":"https:\/\/www.verdieditions.com\/equilibre-de-vie\/","name":"Equilibre de Vie","description":"Ma boutique livres sant\u00e9, \u00e9sot\u00e9risme et d\u00e9veloppement personnel","publisher":{"@id":"https:\/\/www.verdieditions.com\/equilibre-de-vie\/#\/schema\/person\/9dcb2a6759f2f5fbf43ac0b44649cecb"},"potentialAction":[{"@type":"SearchAction","target":{"@type":"EntryPoint","urlTemplate":"https:\/\/www.verdieditions.com\/equilibre-de-vie\/?s={search_term_string}"},"query-input":{"@type":"PropertyValueSpecification","valueRequired":true,"valueName":"search_term_string"}}],"inLanguage":"fr-FR"},{"@type":["Person","Organization"],"@id":"https:\/\/www.verdieditions.com\/equilibre-de-vie\/#\/schema\/person\/9dcb2a6759f2f5fbf43ac0b44649cecb","name":"Sylvie VERDI","image":{"@type":"ImageObject","inLanguage":"fr-FR","@id":"https:\/\/www.verdieditions.com\/equilibre-de-vie\/wp-content\/uploads\/2020\/04\/livres-occasion-sante-esoterisme-developpement-personnel-2.jpg","url":"https:\/\/www.verdieditions.com\/equilibre-de-vie\/wp-content\/uploads\/2020\/04\/livres-occasion-sante-esoterisme-developpement-personnel-2.jpg","contentUrl":"https:\/\/www.verdieditions.com\/equilibre-de-vie\/wp-content\/uploads\/2020\/04\/livres-occasion-sante-esoterisme-developpement-personnel-2.jpg","width":800,"height":572,"caption":"Sylvie VERDI"},"logo":{"@id":"https:\/\/www.verdieditions.com\/equilibre-de-vie\/wp-content\/uploads\/2020\/04\/livres-occasion-sante-esoterisme-developpement-personnel-2.jpg"},"sameAs":["https:\/\/www.verdieditions.com\/equilibre-de-vie"]}]}},"_links":{"self":[{"href":"https:\/\/www.verdieditions.com\/equilibre-de-vie\/wp-json\/wp\/v2\/product\/2054","targetHints":{"allow":["GET"]}}],"collection":[{"href":"https:\/\/www.verdieditions.com\/equilibre-de-vie\/wp-json\/wp\/v2\/product"}],"about":[{"href":"https:\/\/www.verdieditions.com\/equilibre-de-vie\/wp-json\/wp\/v2\/types\/product"}],"wp:featuredmedia":[{"embeddable":true,"href":"https:\/\/www.verdieditions.com\/equilibre-de-vie\/wp-json\/wp\/v2\/media\/2055"}],"wp:attachment":[{"href":"https:\/\/www.verdieditions.com\/equilibre-de-vie\/wp-json\/wp\/v2\/media?parent=2054"}],"wp:term":[{"taxonomy":"product_brand","embeddable":true,"href":"https:\/\/www.verdieditions.com\/equilibre-de-vie\/wp-json\/wp\/v2\/product_brand?post=2054"},{"taxonomy":"product_cat","embeddable":true,"href":"https:\/\/www.verdieditions.com\/equilibre-de-vie\/wp-json\/wp\/v2\/product_cat?post=2054"},{"taxonomy":"product_tag","embeddable":true,"href":"https:\/\/www.verdieditions.com\/equilibre-de-vie\/wp-json\/wp\/v2\/product_tag?post=2054"}],"curies":[{"name":"wp","href":"https:\/\/api.w.org\/{rel}","templated":true}]}}