{"id":1884,"date":"2022-02-22T11:25:32","date_gmt":"2022-02-22T10:25:32","guid":{"rendered":"https:\/\/www.verdieditions.com\/equilibre-de-vie\/?post_type=product&#038;p=1884"},"modified":"2024-02-06T14:10:57","modified_gmt":"2024-02-06T13:10:57","slug":"aide-memoire-hygiene-alimentaire-j-m-boutot","status":"publish","type":"product","link":"https:\/\/www.verdieditions.com\/equilibre-de-vie\/produit\/aide-memoire-hygiene-alimentaire-j-m-boutot\/","title":{"rendered":"Aide m\u00e9moire d&rsquo;hygi\u00e8ne alimentaire &#8211; J.M. BOUTOT"},"content":{"rendered":"<p>Auteur : J.M. BOUTOT<br \/>\nTitre : Aide m\u00e9moire d&rsquo;hygi\u00e8ne alimentaire<br \/>\n\u00c9diteur : Librairie Jacques Lanore, Paris, 1981<br \/>\nAvec de nombreux tableaux, sch\u00e9mas, illustrations<br \/>\nDim. 14 x 20<br \/>\n104 pages <\/p>\n<p>1\/ Connaissance des aliments :<br \/>\nIl faut manger pour vivre ;<br \/>\nLes besoins de l&rsquo;homme ;<br \/>\nLes six groupes d&rsquo;aliments ;<br \/>\nLes aliments d&rsquo;origine animale ;<br \/>\nLes aliments d&rsquo;origine v\u00e9g\u00e9tale ;<br \/>\nLes aliments sucr\u00e9s ;<br \/>\nLes boissons ;<br \/>\nLes condiments ;<br \/>\nLes conserves<\/p>\n<p>2\/ Etude des constituants de la ration :<br \/>\nLes glucides ;<br \/>\nLes lipides ;<br \/>\nLes protides ;<br \/>\nLes sels min\u00e9raux ;<br \/>\nLes vitamines ;<br \/>\nLa chaleur ;<br \/>\nLa digestion ;<br \/>\nLa ration ;<br \/>\nLes lois de l&rsquo;alimentation ;<br \/>\nLes menus \u00e9quilibr\u00e9s ;<br \/>\nLes accidents alimentaires ;<br \/>\nLes r\u00e9gimes<\/p>\n","protected":false},"excerpt":{"rendered":"<p>Auteur : J.M. BOUTOT<br \/>\nTitre : Aide m\u00e9moire d&rsquo;hygi\u00e8ne alimentaire<br \/>\n\u00c9diteur : Librairie Jacques Lanore, Paris, 1981<br \/>\nAvec de nombreux tableaux, sch\u00e9mas, illustrations<br \/>\nDim. 14 x 20<br \/>\n104 pages <\/p>\n","protected":false},"featured_media":1887,"template":"","meta":[],"product_brand":[],"product_cat":[21],"product_tag":[238,209,235],"class_list":{"0":"post-1884","1":"product","2":"type-product","3":"status-publish","4":"has-post-thumbnail","6":"product_cat-sante","7":"product_tag-alimentation","8":"product_tag-dietetique","9":"product_tag-hygiene","11":"first","12":"instock","13":"shipping-taxable","14":"product-type-simple"},"yoast_head":"<!-- This site is optimized with the Yoast SEO plugin v27.4 - https:\/\/yoast.com\/product\/yoast-seo-wordpress\/ -->\n<title>Aide m\u00e9moire d&#039;hygi\u00e8ne alimentaire - J.M. BOUTOT<\/title>\n<meta name=\"description\" content=\"J.M. BOUTOT - Aide m\u00e9moire d&#039;hygi\u00e8ne alimentaire - Librairie Jacques Lanore, Paris, 1981- Dim. 14 x 20 - 104 pages\" \/>\n<meta name=\"robots\" content=\"index, follow, max-snippet:-1, max-image-preview:large, max-video-preview:-1\" \/>\n<link rel=\"canonical\" href=\"https:\/\/www.verdieditions.com\/equilibre-de-vie\/produit\/aide-memoire-hygiene-alimentaire-j-m-boutot\/\" \/>\n<meta property=\"og:locale\" content=\"fr_FR\" \/>\n<meta property=\"og:type\" content=\"article\" \/>\n<meta property=\"og:title\" content=\"Aide m\u00e9moire d&#039;hygi\u00e8ne alimentaire - J.M. BOUTOT\" \/>\n<meta property=\"og:description\" content=\"J.M. BOUTOT - Aide m\u00e9moire d&#039;hygi\u00e8ne alimentaire - Librairie Jacques Lanore, Paris, 1981- Dim. 14 x 20 - 104 pages\" \/>\n<meta property=\"og:url\" content=\"https:\/\/www.verdieditions.com\/equilibre-de-vie\/produit\/aide-memoire-hygiene-alimentaire-j-m-boutot\/\" \/>\n<meta property=\"og:site_name\" content=\"Equilibre de Vie\" \/>\n<meta property=\"article:modified_time\" content=\"2024-02-06T13:10:57+00:00\" \/>\n<meta property=\"og:image\" content=\"https:\/\/www.verdieditions.com\/equilibre-de-vie\/wp-content\/uploads\/2022\/02\/aide-memoire-hygiene-alimentaire-boulot.jpg\" \/>\n\t<meta property=\"og:image:width\" content=\"561\" \/>\n\t<meta property=\"og:image:height\" content=\"800\" \/>\n\t<meta property=\"og:image:type\" content=\"image\/jpeg\" \/>\n<meta name=\"twitter:card\" content=\"summary_large_image\" \/>\n<meta name=\"twitter:label1\" content=\"Dur\u00e9e de lecture estim\u00e9e\" \/>\n\t<meta name=\"twitter:data1\" content=\"1 minute\" \/>\n<script type=\"application\/ld+json\" class=\"yoast-schema-graph\">{\"@context\":\"https:\\\/\\\/schema.org\",\"@graph\":[{\"@type\":\"WebPage\",\"@id\":\"https:\\\/\\\/www.verdieditions.com\\\/equilibre-de-vie\\\/produit\\\/aide-memoire-hygiene-alimentaire-j-m-boutot\\\/\",\"url\":\"https:\\\/\\\/www.verdieditions.com\\\/equilibre-de-vie\\\/produit\\\/aide-memoire-hygiene-alimentaire-j-m-boutot\\\/\",\"name\":\"Aide m\u00e9moire d'hygi\u00e8ne alimentaire - J.M. BOUTOT\",\"isPartOf\":{\"@id\":\"https:\\\/\\\/www.verdieditions.com\\\/equilibre-de-vie\\\/#website\"},\"primaryImageOfPage\":{\"@id\":\"https:\\\/\\\/www.verdieditions.com\\\/equilibre-de-vie\\\/produit\\\/aide-memoire-hygiene-alimentaire-j-m-boutot\\\/#primaryimage\"},\"image\":{\"@id\":\"https:\\\/\\\/www.verdieditions.com\\\/equilibre-de-vie\\\/produit\\\/aide-memoire-hygiene-alimentaire-j-m-boutot\\\/#primaryimage\"},\"thumbnailUrl\":\"https:\\\/\\\/www.verdieditions.com\\\/equilibre-de-vie\\\/wp-content\\\/uploads\\\/2022\\\/02\\\/aide-memoire-hygiene-alimentaire-boulot.jpg\",\"datePublished\":\"2022-02-22T10:25:32+00:00\",\"dateModified\":\"2024-02-06T13:10:57+00:00\",\"description\":\"J.M. BOUTOT - Aide m\u00e9moire d'hygi\u00e8ne alimentaire - Librairie Jacques Lanore, Paris, 1981- Dim. 14 x 20 - 104 pages\",\"breadcrumb\":{\"@id\":\"https:\\\/\\\/www.verdieditions.com\\\/equilibre-de-vie\\\/produit\\\/aide-memoire-hygiene-alimentaire-j-m-boutot\\\/#breadcrumb\"},\"inLanguage\":\"fr-FR\",\"potentialAction\":[{\"@type\":\"ReadAction\",\"target\":[\"https:\\\/\\\/www.verdieditions.com\\\/equilibre-de-vie\\\/produit\\\/aide-memoire-hygiene-alimentaire-j-m-boutot\\\/\"]}]},{\"@type\":\"ImageObject\",\"inLanguage\":\"fr-FR\",\"@id\":\"https:\\\/\\\/www.verdieditions.com\\\/equilibre-de-vie\\\/produit\\\/aide-memoire-hygiene-alimentaire-j-m-boutot\\\/#primaryimage\",\"url\":\"https:\\\/\\\/www.verdieditions.com\\\/equilibre-de-vie\\\/wp-content\\\/uploads\\\/2022\\\/02\\\/aide-memoire-hygiene-alimentaire-boulot.jpg\",\"contentUrl\":\"https:\\\/\\\/www.verdieditions.com\\\/equilibre-de-vie\\\/wp-content\\\/uploads\\\/2022\\\/02\\\/aide-memoire-hygiene-alimentaire-boulot.jpg\",\"width\":561,\"height\":800,\"caption\":\"aide-memoire-hygiene-alimentaire-boulot\"},{\"@type\":\"BreadcrumbList\",\"@id\":\"https:\\\/\\\/www.verdieditions.com\\\/equilibre-de-vie\\\/produit\\\/aide-memoire-hygiene-alimentaire-j-m-boutot\\\/#breadcrumb\",\"itemListElement\":[{\"@type\":\"ListItem\",\"position\":1,\"name\":\"Accueil\",\"item\":\"https:\\\/\\\/www.verdieditions.com\\\/equilibre-de-vie\\\/\"},{\"@type\":\"ListItem\",\"position\":2,\"name\":\"La boutique\",\"item\":\"https:\\\/\\\/www.verdieditions.com\\\/equilibre-de-vie\\\/boutique\\\/\"},{\"@type\":\"ListItem\",\"position\":3,\"name\":\"Aide m\u00e9moire d&#8217;hygi\u00e8ne alimentaire &#8211; J.M. BOUTOT\"}]},{\"@type\":\"WebSite\",\"@id\":\"https:\\\/\\\/www.verdieditions.com\\\/equilibre-de-vie\\\/#website\",\"url\":\"https:\\\/\\\/www.verdieditions.com\\\/equilibre-de-vie\\\/\",\"name\":\"Equilibre de Vie\",\"description\":\"Ma boutique livres sant\u00e9, \u00e9sot\u00e9risme et d\u00e9veloppement personnel\",\"publisher\":{\"@id\":\"https:\\\/\\\/www.verdieditions.com\\\/equilibre-de-vie\\\/#\\\/schema\\\/person\\\/9dcb2a6759f2f5fbf43ac0b44649cecb\"},\"potentialAction\":[{\"@type\":\"SearchAction\",\"target\":{\"@type\":\"EntryPoint\",\"urlTemplate\":\"https:\\\/\\\/www.verdieditions.com\\\/equilibre-de-vie\\\/?s={search_term_string}\"},\"query-input\":{\"@type\":\"PropertyValueSpecification\",\"valueRequired\":true,\"valueName\":\"search_term_string\"}}],\"inLanguage\":\"fr-FR\"},{\"@type\":[\"Person\",\"Organization\"],\"@id\":\"https:\\\/\\\/www.verdieditions.com\\\/equilibre-de-vie\\\/#\\\/schema\\\/person\\\/9dcb2a6759f2f5fbf43ac0b44649cecb\",\"name\":\"Sylvie VERDI\",\"image\":{\"@type\":\"ImageObject\",\"inLanguage\":\"fr-FR\",\"@id\":\"https:\\\/\\\/www.verdieditions.com\\\/equilibre-de-vie\\\/wp-content\\\/uploads\\\/2020\\\/04\\\/livres-occasion-sante-esoterisme-developpement-personnel-2.jpg\",\"url\":\"https:\\\/\\\/www.verdieditions.com\\\/equilibre-de-vie\\\/wp-content\\\/uploads\\\/2020\\\/04\\\/livres-occasion-sante-esoterisme-developpement-personnel-2.jpg\",\"contentUrl\":\"https:\\\/\\\/www.verdieditions.com\\\/equilibre-de-vie\\\/wp-content\\\/uploads\\\/2020\\\/04\\\/livres-occasion-sante-esoterisme-developpement-personnel-2.jpg\",\"width\":800,\"height\":572,\"caption\":\"Sylvie VERDI\"},\"logo\":{\"@id\":\"https:\\\/\\\/www.verdieditions.com\\\/equilibre-de-vie\\\/wp-content\\\/uploads\\\/2020\\\/04\\\/livres-occasion-sante-esoterisme-developpement-personnel-2.jpg\"},\"sameAs\":[\"https:\\\/\\\/www.verdieditions.com\\\/equilibre-de-vie\"]}]}<\/script>\n<!-- \/ Yoast SEO plugin. -->","yoast_head_json":{"title":"Aide m\u00e9moire d'hygi\u00e8ne alimentaire - J.M. BOUTOT","description":"J.M. BOUTOT - Aide m\u00e9moire d'hygi\u00e8ne alimentaire - Librairie Jacques Lanore, Paris, 1981- Dim. 14 x 20 - 104 pages","robots":{"index":"index","follow":"follow","max-snippet":"max-snippet:-1","max-image-preview":"max-image-preview:large","max-video-preview":"max-video-preview:-1"},"canonical":"https:\/\/www.verdieditions.com\/equilibre-de-vie\/produit\/aide-memoire-hygiene-alimentaire-j-m-boutot\/","og_locale":"fr_FR","og_type":"article","og_title":"Aide m\u00e9moire d'hygi\u00e8ne alimentaire - J.M. BOUTOT","og_description":"J.M. BOUTOT - Aide m\u00e9moire d'hygi\u00e8ne alimentaire - Librairie Jacques Lanore, Paris, 1981- Dim. 14 x 20 - 104 pages","og_url":"https:\/\/www.verdieditions.com\/equilibre-de-vie\/produit\/aide-memoire-hygiene-alimentaire-j-m-boutot\/","og_site_name":"Equilibre de Vie","article_modified_time":"2024-02-06T13:10:57+00:00","og_image":[{"width":561,"height":800,"url":"https:\/\/www.verdieditions.com\/equilibre-de-vie\/wp-content\/uploads\/2022\/02\/aide-memoire-hygiene-alimentaire-boulot.jpg","type":"image\/jpeg"}],"twitter_card":"summary_large_image","twitter_misc":{"Dur\u00e9e de lecture estim\u00e9e":"1 minute"},"schema":{"@context":"https:\/\/schema.org","@graph":[{"@type":"WebPage","@id":"https:\/\/www.verdieditions.com\/equilibre-de-vie\/produit\/aide-memoire-hygiene-alimentaire-j-m-boutot\/","url":"https:\/\/www.verdieditions.com\/equilibre-de-vie\/produit\/aide-memoire-hygiene-alimentaire-j-m-boutot\/","name":"Aide m\u00e9moire d'hygi\u00e8ne alimentaire - J.M. BOUTOT","isPartOf":{"@id":"https:\/\/www.verdieditions.com\/equilibre-de-vie\/#website"},"primaryImageOfPage":{"@id":"https:\/\/www.verdieditions.com\/equilibre-de-vie\/produit\/aide-memoire-hygiene-alimentaire-j-m-boutot\/#primaryimage"},"image":{"@id":"https:\/\/www.verdieditions.com\/equilibre-de-vie\/produit\/aide-memoire-hygiene-alimentaire-j-m-boutot\/#primaryimage"},"thumbnailUrl":"https:\/\/www.verdieditions.com\/equilibre-de-vie\/wp-content\/uploads\/2022\/02\/aide-memoire-hygiene-alimentaire-boulot.jpg","datePublished":"2022-02-22T10:25:32+00:00","dateModified":"2024-02-06T13:10:57+00:00","description":"J.M. BOUTOT - Aide m\u00e9moire d'hygi\u00e8ne alimentaire - Librairie Jacques Lanore, Paris, 1981- Dim. 14 x 20 - 104 pages","breadcrumb":{"@id":"https:\/\/www.verdieditions.com\/equilibre-de-vie\/produit\/aide-memoire-hygiene-alimentaire-j-m-boutot\/#breadcrumb"},"inLanguage":"fr-FR","potentialAction":[{"@type":"ReadAction","target":["https:\/\/www.verdieditions.com\/equilibre-de-vie\/produit\/aide-memoire-hygiene-alimentaire-j-m-boutot\/"]}]},{"@type":"ImageObject","inLanguage":"fr-FR","@id":"https:\/\/www.verdieditions.com\/equilibre-de-vie\/produit\/aide-memoire-hygiene-alimentaire-j-m-boutot\/#primaryimage","url":"https:\/\/www.verdieditions.com\/equilibre-de-vie\/wp-content\/uploads\/2022\/02\/aide-memoire-hygiene-alimentaire-boulot.jpg","contentUrl":"https:\/\/www.verdieditions.com\/equilibre-de-vie\/wp-content\/uploads\/2022\/02\/aide-memoire-hygiene-alimentaire-boulot.jpg","width":561,"height":800,"caption":"aide-memoire-hygiene-alimentaire-boulot"},{"@type":"BreadcrumbList","@id":"https:\/\/www.verdieditions.com\/equilibre-de-vie\/produit\/aide-memoire-hygiene-alimentaire-j-m-boutot\/#breadcrumb","itemListElement":[{"@type":"ListItem","position":1,"name":"Accueil","item":"https:\/\/www.verdieditions.com\/equilibre-de-vie\/"},{"@type":"ListItem","position":2,"name":"La boutique","item":"https:\/\/www.verdieditions.com\/equilibre-de-vie\/boutique\/"},{"@type":"ListItem","position":3,"name":"Aide m\u00e9moire d&#8217;hygi\u00e8ne alimentaire &#8211; J.M. BOUTOT"}]},{"@type":"WebSite","@id":"https:\/\/www.verdieditions.com\/equilibre-de-vie\/#website","url":"https:\/\/www.verdieditions.com\/equilibre-de-vie\/","name":"Equilibre de Vie","description":"Ma boutique livres sant\u00e9, \u00e9sot\u00e9risme et d\u00e9veloppement personnel","publisher":{"@id":"https:\/\/www.verdieditions.com\/equilibre-de-vie\/#\/schema\/person\/9dcb2a6759f2f5fbf43ac0b44649cecb"},"potentialAction":[{"@type":"SearchAction","target":{"@type":"EntryPoint","urlTemplate":"https:\/\/www.verdieditions.com\/equilibre-de-vie\/?s={search_term_string}"},"query-input":{"@type":"PropertyValueSpecification","valueRequired":true,"valueName":"search_term_string"}}],"inLanguage":"fr-FR"},{"@type":["Person","Organization"],"@id":"https:\/\/www.verdieditions.com\/equilibre-de-vie\/#\/schema\/person\/9dcb2a6759f2f5fbf43ac0b44649cecb","name":"Sylvie VERDI","image":{"@type":"ImageObject","inLanguage":"fr-FR","@id":"https:\/\/www.verdieditions.com\/equilibre-de-vie\/wp-content\/uploads\/2020\/04\/livres-occasion-sante-esoterisme-developpement-personnel-2.jpg","url":"https:\/\/www.verdieditions.com\/equilibre-de-vie\/wp-content\/uploads\/2020\/04\/livres-occasion-sante-esoterisme-developpement-personnel-2.jpg","contentUrl":"https:\/\/www.verdieditions.com\/equilibre-de-vie\/wp-content\/uploads\/2020\/04\/livres-occasion-sante-esoterisme-developpement-personnel-2.jpg","width":800,"height":572,"caption":"Sylvie VERDI"},"logo":{"@id":"https:\/\/www.verdieditions.com\/equilibre-de-vie\/wp-content\/uploads\/2020\/04\/livres-occasion-sante-esoterisme-developpement-personnel-2.jpg"},"sameAs":["https:\/\/www.verdieditions.com\/equilibre-de-vie"]}]}},"_links":{"self":[{"href":"https:\/\/www.verdieditions.com\/equilibre-de-vie\/wp-json\/wp\/v2\/product\/1884","targetHints":{"allow":["GET"]}}],"collection":[{"href":"https:\/\/www.verdieditions.com\/equilibre-de-vie\/wp-json\/wp\/v2\/product"}],"about":[{"href":"https:\/\/www.verdieditions.com\/equilibre-de-vie\/wp-json\/wp\/v2\/types\/product"}],"wp:featuredmedia":[{"embeddable":true,"href":"https:\/\/www.verdieditions.com\/equilibre-de-vie\/wp-json\/wp\/v2\/media\/1887"}],"wp:attachment":[{"href":"https:\/\/www.verdieditions.com\/equilibre-de-vie\/wp-json\/wp\/v2\/media?parent=1884"}],"wp:term":[{"taxonomy":"product_brand","embeddable":true,"href":"https:\/\/www.verdieditions.com\/equilibre-de-vie\/wp-json\/wp\/v2\/product_brand?post=1884"},{"taxonomy":"product_cat","embeddable":true,"href":"https:\/\/www.verdieditions.com\/equilibre-de-vie\/wp-json\/wp\/v2\/product_cat?post=1884"},{"taxonomy":"product_tag","embeddable":true,"href":"https:\/\/www.verdieditions.com\/equilibre-de-vie\/wp-json\/wp\/v2\/product_tag?post=1884"}],"curies":[{"name":"wp","href":"https:\/\/api.w.org\/{rel}","templated":true}]}}