{"id":185,"date":"2020-04-22T17:10:23","date_gmt":"2020-04-22T15:10:23","guid":{"rendered":"https:\/\/www.verdieditions.com\/equilibre-de-vie\/?post_type=product&#038;p=185"},"modified":"2020-12-15T15:55:55","modified_gmt":"2020-12-15T14:55:55","slug":"astrologie-mondiale-hades","status":"publish","type":"product","link":"https:\/\/www.verdieditions.com\/equilibre-de-vie\/produit\/astrologie-mondiale-hades\/","title":{"rendered":"Astrologie mondiale &#8211; HAD\u00c8S"},"content":{"rendered":"<p>Auteur : HAD\u00c8S<br \/>\nTitre : Les myst\u00e8res du zodiaque<br \/>\n\u00c9diteur : Editions Had\u00e8s, 1996<br \/>\nDim. 15,5 x 24<br \/>\nEtat neuf<br \/>\n185 pages<\/p>\n<p>Had\u00e8s est consid\u00e9r\u00e9 aujourd&rsquo;hui comme le plus grand astrologue du XXe si\u00e8cle. Son oeuvre \u00e9sot\u00e9rique -47 ouvrages- comprend aussi bien des manuels d&rsquo;\u00e9tude de l&rsquo;Astrologie les plus clairs et les plus complets jamais publi\u00e9s que des livres sur l&rsquo;astrologie mondiale, l&rsquo;astrologie m\u00e9dicale, le Tarot, le Yi-King, le Bouddhisme tib\u00e9tain etc.. Avec ne force et une intensit\u00e9 in\u00e9gal\u00e9es, il a fait revivre la Tradition, ce qui s&rsquo;oppose au caract\u00e8re corrupteur du temps. Il a cern\u00e9 avec le plus extr\u00eame vigueur toutes les erreurs modernes, restituant lumineusement \u00e0 l&rsquo;\u00eatre humain, dans notre actuel \u00e2ge sombre, sa place dans l&rsquo;univers et guidant chacun vers l&rsquo;Unit\u00e9, le divin et la Lib\u00e9ration. Suivant le mot de l&rsquo;un de ses lecteurs, la rencontre avec son oeuvre est la rencontre avec la v\u00e9rit\u00e9.<\/p>\n<p>Had\u00e8s a \u00e9t\u00e9 l&rsquo;astrologue donnant un panorama complet des \u00e9v\u00e9nements de mai 1968 en France ou r\u00e9v\u00e9lant la date exacte de la bombe H chinoise.<br \/>\nIl explique ici comment en \u00e9tudiant une carte du ciel, on peut p\u00e9n\u00e9trer les myst\u00e8res de l&rsquo;histoire.<br \/>\nMais il \u00e9tudie aussi -et cela rend son livre passionnant- comment notre temps a rendez-vous avec le Kali Yuga, l&rsquo;\u00e2ge noir, l&rsquo;\u00e9nergie atomique non ma\u00eetris\u00e9, la pollution de l&rsquo;environnement, la corruption de la g\u00e9n\u00e9tique et la guerre des races.<\/p>\n","protected":false},"excerpt":{"rendered":"<p>Auteur : HAD\u00c8S<br \/>\nTitre : Les myst\u00e8res du zodiaque<br \/>\n\u00c9diteur : Editions Had\u00e8s, 1996<br \/>\nDim. 15,5 x 24<br \/>\nEtat neuf<br \/>\n185 pages<\/p>\n","protected":false},"featured_media":186,"template":"","meta":[],"product_brand":[],"product_cat":[23],"product_tag":[34,38,108,129,180],"class_list":{"0":"post-185","1":"product","2":"type-product","3":"status-publish","4":"has-post-thumbnail","6":"product_cat-esoterisme","7":"product_tag-astrologie","8":"product_tag-avenir","9":"product_tag-mysteres","10":"product_tag-previsions","11":"product_tag-zodiaque","13":"first","14":"outofstock","15":"shipping-taxable","16":"product-type-simple"},"yoast_head":"<!-- This site is optimized with the Yoast SEO plugin v27.4 - https:\/\/yoast.com\/product\/yoast-seo-wordpress\/ -->\n<title>Astrologie mondiale - HAD\u00c8S - Equilibre de Vie<\/title>\n<meta name=\"description\" content=\"Auteur : HAD\u00c8S Titre : Les myst\u00e8res du zodiaque \u00c9diteur : Editions Had\u00e8s, 1996 Dim. 15,5 x 24 Etat neuf 185 pages\" \/>\n<meta name=\"robots\" content=\"index, follow, max-snippet:-1, max-image-preview:large, max-video-preview:-1\" \/>\n<link rel=\"canonical\" href=\"https:\/\/www.verdieditions.com\/equilibre-de-vie\/produit\/astrologie-mondiale-hades\/\" \/>\n<meta property=\"og:locale\" content=\"fr_FR\" \/>\n<meta property=\"og:type\" content=\"article\" \/>\n<meta property=\"og:title\" content=\"Astrologie mondiale - HAD\u00c8S - Equilibre de Vie\" \/>\n<meta property=\"og:description\" content=\"Auteur : HAD\u00c8S Titre : Les myst\u00e8res du zodiaque \u00c9diteur : Editions Had\u00e8s, 1996 Dim. 15,5 x 24 Etat neuf 185 pages\" \/>\n<meta property=\"og:url\" content=\"https:\/\/www.verdieditions.com\/equilibre-de-vie\/produit\/astrologie-mondiale-hades\/\" \/>\n<meta property=\"og:site_name\" content=\"Equilibre de Vie\" \/>\n<meta property=\"article:modified_time\" content=\"2020-12-15T14:55:55+00:00\" \/>\n<meta property=\"og:image\" content=\"https:\/\/www.verdieditions.com\/equilibre-de-vie\/wp-content\/uploads\/2020\/04\/Astrologie-Mondiale-Hades-1.jpg\" \/>\n\t<meta property=\"og:image:width\" content=\"809\" \/>\n\t<meta property=\"og:image:height\" content=\"1198\" \/>\n\t<meta property=\"og:image:type\" content=\"image\/jpeg\" \/>\n<meta name=\"twitter:card\" content=\"summary_large_image\" \/>\n<meta name=\"twitter:label1\" content=\"Dur\u00e9e de lecture estim\u00e9e\" \/>\n\t<meta name=\"twitter:data1\" content=\"1 minute\" \/>\n<script type=\"application\/ld+json\" class=\"yoast-schema-graph\">{\"@context\":\"https:\\\/\\\/schema.org\",\"@graph\":[{\"@type\":\"WebPage\",\"@id\":\"https:\\\/\\\/www.verdieditions.com\\\/equilibre-de-vie\\\/produit\\\/astrologie-mondiale-hades\\\/\",\"url\":\"https:\\\/\\\/www.verdieditions.com\\\/equilibre-de-vie\\\/produit\\\/astrologie-mondiale-hades\\\/\",\"name\":\"Astrologie mondiale - HAD\u00c8S - Equilibre de Vie\",\"isPartOf\":{\"@id\":\"https:\\\/\\\/www.verdieditions.com\\\/equilibre-de-vie\\\/#website\"},\"primaryImageOfPage\":{\"@id\":\"https:\\\/\\\/www.verdieditions.com\\\/equilibre-de-vie\\\/produit\\\/astrologie-mondiale-hades\\\/#primaryimage\"},\"image\":{\"@id\":\"https:\\\/\\\/www.verdieditions.com\\\/equilibre-de-vie\\\/produit\\\/astrologie-mondiale-hades\\\/#primaryimage\"},\"thumbnailUrl\":\"https:\\\/\\\/www.verdieditions.com\\\/equilibre-de-vie\\\/wp-content\\\/uploads\\\/2020\\\/04\\\/Astrologie-Mondiale-Hades-1.jpg\",\"datePublished\":\"2020-04-22T15:10:23+00:00\",\"dateModified\":\"2020-12-15T14:55:55+00:00\",\"description\":\"Auteur : HAD\u00c8S Titre : Les myst\u00e8res du zodiaque \u00c9diteur : Editions Had\u00e8s, 1996 Dim. 15,5 x 24 Etat neuf 185 pages\",\"breadcrumb\":{\"@id\":\"https:\\\/\\\/www.verdieditions.com\\\/equilibre-de-vie\\\/produit\\\/astrologie-mondiale-hades\\\/#breadcrumb\"},\"inLanguage\":\"fr-FR\",\"potentialAction\":[{\"@type\":\"ReadAction\",\"target\":[\"https:\\\/\\\/www.verdieditions.com\\\/equilibre-de-vie\\\/produit\\\/astrologie-mondiale-hades\\\/\"]}]},{\"@type\":\"ImageObject\",\"inLanguage\":\"fr-FR\",\"@id\":\"https:\\\/\\\/www.verdieditions.com\\\/equilibre-de-vie\\\/produit\\\/astrologie-mondiale-hades\\\/#primaryimage\",\"url\":\"https:\\\/\\\/www.verdieditions.com\\\/equilibre-de-vie\\\/wp-content\\\/uploads\\\/2020\\\/04\\\/Astrologie-Mondiale-Hades-1.jpg\",\"contentUrl\":\"https:\\\/\\\/www.verdieditions.com\\\/equilibre-de-vie\\\/wp-content\\\/uploads\\\/2020\\\/04\\\/Astrologie-Mondiale-Hades-1.jpg\",\"width\":809,\"height\":1198,\"caption\":\"Astrologie-Mondiale-Hades-1\"},{\"@type\":\"BreadcrumbList\",\"@id\":\"https:\\\/\\\/www.verdieditions.com\\\/equilibre-de-vie\\\/produit\\\/astrologie-mondiale-hades\\\/#breadcrumb\",\"itemListElement\":[{\"@type\":\"ListItem\",\"position\":1,\"name\":\"Accueil\",\"item\":\"https:\\\/\\\/www.verdieditions.com\\\/equilibre-de-vie\\\/\"},{\"@type\":\"ListItem\",\"position\":2,\"name\":\"La boutique\",\"item\":\"https:\\\/\\\/www.verdieditions.com\\\/equilibre-de-vie\\\/boutique\\\/\"},{\"@type\":\"ListItem\",\"position\":3,\"name\":\"Astrologie mondiale &#8211; HAD\u00c8S\"}]},{\"@type\":\"WebSite\",\"@id\":\"https:\\\/\\\/www.verdieditions.com\\\/equilibre-de-vie\\\/#website\",\"url\":\"https:\\\/\\\/www.verdieditions.com\\\/equilibre-de-vie\\\/\",\"name\":\"Equilibre de Vie\",\"description\":\"Ma boutique livres sant\u00e9, \u00e9sot\u00e9risme et d\u00e9veloppement personnel\",\"publisher\":{\"@id\":\"https:\\\/\\\/www.verdieditions.com\\\/equilibre-de-vie\\\/#\\\/schema\\\/person\\\/9dcb2a6759f2f5fbf43ac0b44649cecb\"},\"potentialAction\":[{\"@type\":\"SearchAction\",\"target\":{\"@type\":\"EntryPoint\",\"urlTemplate\":\"https:\\\/\\\/www.verdieditions.com\\\/equilibre-de-vie\\\/?s={search_term_string}\"},\"query-input\":{\"@type\":\"PropertyValueSpecification\",\"valueRequired\":true,\"valueName\":\"search_term_string\"}}],\"inLanguage\":\"fr-FR\"},{\"@type\":[\"Person\",\"Organization\"],\"@id\":\"https:\\\/\\\/www.verdieditions.com\\\/equilibre-de-vie\\\/#\\\/schema\\\/person\\\/9dcb2a6759f2f5fbf43ac0b44649cecb\",\"name\":\"Sylvie VERDI\",\"image\":{\"@type\":\"ImageObject\",\"inLanguage\":\"fr-FR\",\"@id\":\"https:\\\/\\\/www.verdieditions.com\\\/equilibre-de-vie\\\/wp-content\\\/uploads\\\/2020\\\/04\\\/livres-occasion-sante-esoterisme-developpement-personnel-2.jpg\",\"url\":\"https:\\\/\\\/www.verdieditions.com\\\/equilibre-de-vie\\\/wp-content\\\/uploads\\\/2020\\\/04\\\/livres-occasion-sante-esoterisme-developpement-personnel-2.jpg\",\"contentUrl\":\"https:\\\/\\\/www.verdieditions.com\\\/equilibre-de-vie\\\/wp-content\\\/uploads\\\/2020\\\/04\\\/livres-occasion-sante-esoterisme-developpement-personnel-2.jpg\",\"width\":800,\"height\":572,\"caption\":\"Sylvie VERDI\"},\"logo\":{\"@id\":\"https:\\\/\\\/www.verdieditions.com\\\/equilibre-de-vie\\\/wp-content\\\/uploads\\\/2020\\\/04\\\/livres-occasion-sante-esoterisme-developpement-personnel-2.jpg\"},\"sameAs\":[\"https:\\\/\\\/www.verdieditions.com\\\/equilibre-de-vie\"]}]}<\/script>\n<!-- \/ Yoast SEO plugin. -->","yoast_head_json":{"title":"Astrologie mondiale - HAD\u00c8S - Equilibre de Vie","description":"Auteur : HAD\u00c8S Titre : Les myst\u00e8res du zodiaque \u00c9diteur : Editions Had\u00e8s, 1996 Dim. 15,5 x 24 Etat neuf 185 pages","robots":{"index":"index","follow":"follow","max-snippet":"max-snippet:-1","max-image-preview":"max-image-preview:large","max-video-preview":"max-video-preview:-1"},"canonical":"https:\/\/www.verdieditions.com\/equilibre-de-vie\/produit\/astrologie-mondiale-hades\/","og_locale":"fr_FR","og_type":"article","og_title":"Astrologie mondiale - HAD\u00c8S - Equilibre de Vie","og_description":"Auteur : HAD\u00c8S Titre : Les myst\u00e8res du zodiaque \u00c9diteur : Editions Had\u00e8s, 1996 Dim. 15,5 x 24 Etat neuf 185 pages","og_url":"https:\/\/www.verdieditions.com\/equilibre-de-vie\/produit\/astrologie-mondiale-hades\/","og_site_name":"Equilibre de Vie","article_modified_time":"2020-12-15T14:55:55+00:00","og_image":[{"width":809,"height":1198,"url":"https:\/\/www.verdieditions.com\/equilibre-de-vie\/wp-content\/uploads\/2020\/04\/Astrologie-Mondiale-Hades-1.jpg","type":"image\/jpeg"}],"twitter_card":"summary_large_image","twitter_misc":{"Dur\u00e9e de lecture estim\u00e9e":"1 minute"},"schema":{"@context":"https:\/\/schema.org","@graph":[{"@type":"WebPage","@id":"https:\/\/www.verdieditions.com\/equilibre-de-vie\/produit\/astrologie-mondiale-hades\/","url":"https:\/\/www.verdieditions.com\/equilibre-de-vie\/produit\/astrologie-mondiale-hades\/","name":"Astrologie mondiale - HAD\u00c8S - Equilibre de Vie","isPartOf":{"@id":"https:\/\/www.verdieditions.com\/equilibre-de-vie\/#website"},"primaryImageOfPage":{"@id":"https:\/\/www.verdieditions.com\/equilibre-de-vie\/produit\/astrologie-mondiale-hades\/#primaryimage"},"image":{"@id":"https:\/\/www.verdieditions.com\/equilibre-de-vie\/produit\/astrologie-mondiale-hades\/#primaryimage"},"thumbnailUrl":"https:\/\/www.verdieditions.com\/equilibre-de-vie\/wp-content\/uploads\/2020\/04\/Astrologie-Mondiale-Hades-1.jpg","datePublished":"2020-04-22T15:10:23+00:00","dateModified":"2020-12-15T14:55:55+00:00","description":"Auteur : HAD\u00c8S Titre : Les myst\u00e8res du zodiaque \u00c9diteur : Editions Had\u00e8s, 1996 Dim. 15,5 x 24 Etat neuf 185 pages","breadcrumb":{"@id":"https:\/\/www.verdieditions.com\/equilibre-de-vie\/produit\/astrologie-mondiale-hades\/#breadcrumb"},"inLanguage":"fr-FR","potentialAction":[{"@type":"ReadAction","target":["https:\/\/www.verdieditions.com\/equilibre-de-vie\/produit\/astrologie-mondiale-hades\/"]}]},{"@type":"ImageObject","inLanguage":"fr-FR","@id":"https:\/\/www.verdieditions.com\/equilibre-de-vie\/produit\/astrologie-mondiale-hades\/#primaryimage","url":"https:\/\/www.verdieditions.com\/equilibre-de-vie\/wp-content\/uploads\/2020\/04\/Astrologie-Mondiale-Hades-1.jpg","contentUrl":"https:\/\/www.verdieditions.com\/equilibre-de-vie\/wp-content\/uploads\/2020\/04\/Astrologie-Mondiale-Hades-1.jpg","width":809,"height":1198,"caption":"Astrologie-Mondiale-Hades-1"},{"@type":"BreadcrumbList","@id":"https:\/\/www.verdieditions.com\/equilibre-de-vie\/produit\/astrologie-mondiale-hades\/#breadcrumb","itemListElement":[{"@type":"ListItem","position":1,"name":"Accueil","item":"https:\/\/www.verdieditions.com\/equilibre-de-vie\/"},{"@type":"ListItem","position":2,"name":"La boutique","item":"https:\/\/www.verdieditions.com\/equilibre-de-vie\/boutique\/"},{"@type":"ListItem","position":3,"name":"Astrologie mondiale &#8211; HAD\u00c8S"}]},{"@type":"WebSite","@id":"https:\/\/www.verdieditions.com\/equilibre-de-vie\/#website","url":"https:\/\/www.verdieditions.com\/equilibre-de-vie\/","name":"Equilibre de Vie","description":"Ma boutique livres sant\u00e9, \u00e9sot\u00e9risme et d\u00e9veloppement personnel","publisher":{"@id":"https:\/\/www.verdieditions.com\/equilibre-de-vie\/#\/schema\/person\/9dcb2a6759f2f5fbf43ac0b44649cecb"},"potentialAction":[{"@type":"SearchAction","target":{"@type":"EntryPoint","urlTemplate":"https:\/\/www.verdieditions.com\/equilibre-de-vie\/?s={search_term_string}"},"query-input":{"@type":"PropertyValueSpecification","valueRequired":true,"valueName":"search_term_string"}}],"inLanguage":"fr-FR"},{"@type":["Person","Organization"],"@id":"https:\/\/www.verdieditions.com\/equilibre-de-vie\/#\/schema\/person\/9dcb2a6759f2f5fbf43ac0b44649cecb","name":"Sylvie VERDI","image":{"@type":"ImageObject","inLanguage":"fr-FR","@id":"https:\/\/www.verdieditions.com\/equilibre-de-vie\/wp-content\/uploads\/2020\/04\/livres-occasion-sante-esoterisme-developpement-personnel-2.jpg","url":"https:\/\/www.verdieditions.com\/equilibre-de-vie\/wp-content\/uploads\/2020\/04\/livres-occasion-sante-esoterisme-developpement-personnel-2.jpg","contentUrl":"https:\/\/www.verdieditions.com\/equilibre-de-vie\/wp-content\/uploads\/2020\/04\/livres-occasion-sante-esoterisme-developpement-personnel-2.jpg","width":800,"height":572,"caption":"Sylvie VERDI"},"logo":{"@id":"https:\/\/www.verdieditions.com\/equilibre-de-vie\/wp-content\/uploads\/2020\/04\/livres-occasion-sante-esoterisme-developpement-personnel-2.jpg"},"sameAs":["https:\/\/www.verdieditions.com\/equilibre-de-vie"]}]}},"_links":{"self":[{"href":"https:\/\/www.verdieditions.com\/equilibre-de-vie\/wp-json\/wp\/v2\/product\/185","targetHints":{"allow":["GET"]}}],"collection":[{"href":"https:\/\/www.verdieditions.com\/equilibre-de-vie\/wp-json\/wp\/v2\/product"}],"about":[{"href":"https:\/\/www.verdieditions.com\/equilibre-de-vie\/wp-json\/wp\/v2\/types\/product"}],"wp:featuredmedia":[{"embeddable":true,"href":"https:\/\/www.verdieditions.com\/equilibre-de-vie\/wp-json\/wp\/v2\/media\/186"}],"wp:attachment":[{"href":"https:\/\/www.verdieditions.com\/equilibre-de-vie\/wp-json\/wp\/v2\/media?parent=185"}],"wp:term":[{"taxonomy":"product_brand","embeddable":true,"href":"https:\/\/www.verdieditions.com\/equilibre-de-vie\/wp-json\/wp\/v2\/product_brand?post=185"},{"taxonomy":"product_cat","embeddable":true,"href":"https:\/\/www.verdieditions.com\/equilibre-de-vie\/wp-json\/wp\/v2\/product_cat?post=185"},{"taxonomy":"product_tag","embeddable":true,"href":"https:\/\/www.verdieditions.com\/equilibre-de-vie\/wp-json\/wp\/v2\/product_tag?post=185"}],"curies":[{"name":"wp","href":"https:\/\/api.w.org\/{rel}","templated":true}]}}