{"id":1737,"date":"2022-09-06T09:16:23","date_gmt":"2022-09-06T07:16:23","guid":{"rendered":"https:\/\/www.verdieditions.com\/equilibre-de-vie\/?post_type=product&#038;p=1737"},"modified":"2024-12-16T09:48:18","modified_gmt":"2024-12-16T08:48:18","slug":"homeopathie-gesta","status":"publish","type":"product","link":"https:\/\/www.verdieditions.com\/equilibre-de-vie\/produit\/homeopathie-gesta\/","title":{"rendered":"L&rsquo;hom\u00e9opathie, une m\u00e9decine sur mesure &#8211; Dr Adrien GESTA"},"content":{"rendered":"<p>Auteur : Dr Adrien GESTA<br \/>\nTitre : L&rsquo;hom\u00e9opathie, une m\u00e9decine sur mesure<br \/>\n\u00c9diteur : France Loisirs, 1984<br \/>\nCouverture rigide<br \/>\nDim. 14,5 x 23<br \/>\n192 pages <\/p>\n<p>Pratiquant l&rsquo;hom\u00e9opathie, le docteur Gesta vous pr\u00e9sente ici un ouvrage d&rsquo;initiation \u00e0 cette m\u00e9decine diff\u00e9rente et vous en explique les fondements. Il \u00e9tudie les grands types de maladies et commente, cas par cas, le d\u00e9tail d&rsquo;une ordonnance hom\u00e9opathique, dont il d\u00e9monte tous les m\u00e9canismes. L&rsquo;Hom\u00e9opathie, une m\u00e9decine sur mesure : un ouvrage qui s&rsquo;adresse \u00e0 tous et qui vous rendra s\u00fbrement service.<\/p>\n","protected":false},"excerpt":{"rendered":"<p>Auteur : Dr Adrien GESTA<br \/>\nTitre : L&rsquo;hom\u00e9opathie, une m\u00e9decine sur mesure<br \/>\n\u00c9diteur : France Loisirs, 1984<br \/>\nCouverture rigide<br \/>\nDim. 14,5 x 23<br \/>\n192 pages <\/p>\n","protected":false},"featured_media":2089,"template":"","meta":[],"product_brand":[],"product_cat":[21],"product_tag":[73,270,99],"class_list":{"0":"post-1737","1":"product","2":"type-product","3":"status-publish","4":"has-post-thumbnail","6":"product_cat-sante","7":"product_tag-guerir","8":"product_tag-homeopathie","9":"product_tag-medecine-douce","11":"first","12":"instock","13":"shipping-taxable","14":"product-type-simple"},"yoast_head":"<!-- This site is optimized with the Yoast SEO plugin v27.0 - https:\/\/yoast.com\/product\/yoast-seo-wordpress\/ -->\n<title>L&#039;hom\u00e9opathie, une m\u00e9decine sur mesure - Dr Adrien GESTA<\/title>\n<meta name=\"description\" content=\"Auteur : Dr Adrien GESTA Titre : L&#039;hom\u00e9opathie, une m\u00e9decine sur mesure \u00c9diteur : France Loisirs, 1984 Couverture rigide Dim. 14,5 x 23 192 p\" \/>\n<meta name=\"robots\" content=\"index, follow, max-snippet:-1, max-image-preview:large, max-video-preview:-1\" \/>\n<link rel=\"canonical\" href=\"https:\/\/www.verdieditions.com\/equilibre-de-vie\/produit\/homeopathie-gesta\/\" \/>\n<meta property=\"og:locale\" content=\"fr_FR\" \/>\n<meta property=\"og:type\" content=\"article\" \/>\n<meta property=\"og:title\" content=\"L&#039;hom\u00e9opathie, une m\u00e9decine sur mesure - Dr Adrien GESTA\" \/>\n<meta property=\"og:description\" content=\"Auteur : Dr Adrien GESTA Titre : L&#039;hom\u00e9opathie, une m\u00e9decine sur mesure \u00c9diteur : France Loisirs, 1984 Couverture rigide Dim. 14,5 x 23 192 p\" \/>\n<meta property=\"og:url\" content=\"https:\/\/www.verdieditions.com\/equilibre-de-vie\/produit\/homeopathie-gesta\/\" \/>\n<meta property=\"og:site_name\" content=\"Equilibre de Vie\" \/>\n<meta property=\"article:modified_time\" content=\"2024-12-16T08:48:18+00:00\" \/>\n<meta property=\"og:image\" content=\"https:\/\/www.verdieditions.com\/equilibre-de-vie\/wp-content\/uploads\/2021\/06\/gesta-homeopathie-medecine-mesure-2.jpg\" \/>\n\t<meta property=\"og:image:width\" content=\"505\" \/>\n\t<meta property=\"og:image:height\" content=\"800\" \/>\n\t<meta property=\"og:image:type\" content=\"image\/jpeg\" \/>\n<meta name=\"twitter:card\" content=\"summary_large_image\" \/>\n<meta name=\"twitter:label1\" content=\"Dur\u00e9e de lecture estim\u00e9e\" \/>\n\t<meta name=\"twitter:data1\" content=\"1 minute\" \/>\n<script type=\"application\/ld+json\" class=\"yoast-schema-graph\">{\"@context\":\"https:\/\/schema.org\",\"@graph\":[{\"@type\":\"WebPage\",\"@id\":\"https:\/\/www.verdieditions.com\/equilibre-de-vie\/produit\/homeopathie-gesta\/\",\"url\":\"https:\/\/www.verdieditions.com\/equilibre-de-vie\/produit\/homeopathie-gesta\/\",\"name\":\"L'hom\u00e9opathie, une m\u00e9decine sur mesure - Dr Adrien GESTA\",\"isPartOf\":{\"@id\":\"https:\/\/www.verdieditions.com\/equilibre-de-vie\/#website\"},\"primaryImageOfPage\":{\"@id\":\"https:\/\/www.verdieditions.com\/equilibre-de-vie\/produit\/homeopathie-gesta\/#primaryimage\"},\"image\":{\"@id\":\"https:\/\/www.verdieditions.com\/equilibre-de-vie\/produit\/homeopathie-gesta\/#primaryimage\"},\"thumbnailUrl\":\"https:\/\/www.verdieditions.com\/equilibre-de-vie\/wp-content\/uploads\/2021\/06\/gesta-homeopathie-medecine-mesure-2.jpg\",\"datePublished\":\"2022-09-06T07:16:23+00:00\",\"dateModified\":\"2024-12-16T08:48:18+00:00\",\"description\":\"Auteur : Dr Adrien GESTA Titre : L'hom\u00e9opathie, une m\u00e9decine sur mesure \u00c9diteur : France Loisirs, 1984 Couverture rigide Dim. 14,5 x 23 192 p\",\"breadcrumb\":{\"@id\":\"https:\/\/www.verdieditions.com\/equilibre-de-vie\/produit\/homeopathie-gesta\/#breadcrumb\"},\"inLanguage\":\"fr-FR\",\"potentialAction\":[{\"@type\":\"ReadAction\",\"target\":[\"https:\/\/www.verdieditions.com\/equilibre-de-vie\/produit\/homeopathie-gesta\/\"]}]},{\"@type\":\"ImageObject\",\"inLanguage\":\"fr-FR\",\"@id\":\"https:\/\/www.verdieditions.com\/equilibre-de-vie\/produit\/homeopathie-gesta\/#primaryimage\",\"url\":\"https:\/\/www.verdieditions.com\/equilibre-de-vie\/wp-content\/uploads\/2021\/06\/gesta-homeopathie-medecine-mesure-2.jpg\",\"contentUrl\":\"https:\/\/www.verdieditions.com\/equilibre-de-vie\/wp-content\/uploads\/2021\/06\/gesta-homeopathie-medecine-mesure-2.jpg\",\"width\":505,\"height\":800,\"caption\":\"gesta-homeopathie-medecine-mesure-2\"},{\"@type\":\"BreadcrumbList\",\"@id\":\"https:\/\/www.verdieditions.com\/equilibre-de-vie\/produit\/homeopathie-gesta\/#breadcrumb\",\"itemListElement\":[{\"@type\":\"ListItem\",\"position\":1,\"name\":\"Accueil\",\"item\":\"https:\/\/www.verdieditions.com\/equilibre-de-vie\/\"},{\"@type\":\"ListItem\",\"position\":2,\"name\":\"La boutique\",\"item\":\"https:\/\/www.verdieditions.com\/equilibre-de-vie\/boutique\/\"},{\"@type\":\"ListItem\",\"position\":3,\"name\":\"L&rsquo;hom\u00e9opathie, une m\u00e9decine sur mesure &#8211; Dr Adrien GESTA\"}]},{\"@type\":\"WebSite\",\"@id\":\"https:\/\/www.verdieditions.com\/equilibre-de-vie\/#website\",\"url\":\"https:\/\/www.verdieditions.com\/equilibre-de-vie\/\",\"name\":\"Equilibre de Vie\",\"description\":\"Ma boutique livres sant\u00e9, \u00e9sot\u00e9risme et d\u00e9veloppement personnel\",\"publisher\":{\"@id\":\"https:\/\/www.verdieditions.com\/equilibre-de-vie\/#\/schema\/person\/9dcb2a6759f2f5fbf43ac0b44649cecb\"},\"potentialAction\":[{\"@type\":\"SearchAction\",\"target\":{\"@type\":\"EntryPoint\",\"urlTemplate\":\"https:\/\/www.verdieditions.com\/equilibre-de-vie\/?s={search_term_string}\"},\"query-input\":{\"@type\":\"PropertyValueSpecification\",\"valueRequired\":true,\"valueName\":\"search_term_string\"}}],\"inLanguage\":\"fr-FR\"},{\"@type\":[\"Person\",\"Organization\"],\"@id\":\"https:\/\/www.verdieditions.com\/equilibre-de-vie\/#\/schema\/person\/9dcb2a6759f2f5fbf43ac0b44649cecb\",\"name\":\"Sylvie VERDI\",\"image\":{\"@type\":\"ImageObject\",\"inLanguage\":\"fr-FR\",\"@id\":\"https:\/\/www.verdieditions.com\/equilibre-de-vie\/#\/schema\/person\/image\/\",\"url\":\"https:\/\/www.verdieditions.com\/equilibre-de-vie\/wp-content\/uploads\/2020\/04\/livres-occasion-sante-esoterisme-developpement-personnel-2.jpg\",\"contentUrl\":\"https:\/\/www.verdieditions.com\/equilibre-de-vie\/wp-content\/uploads\/2020\/04\/livres-occasion-sante-esoterisme-developpement-personnel-2.jpg\",\"width\":800,\"height\":572,\"caption\":\"Sylvie VERDI\"},\"logo\":{\"@id\":\"https:\/\/www.verdieditions.com\/equilibre-de-vie\/#\/schema\/person\/image\/\"},\"sameAs\":[\"https:\/\/www.verdieditions.com\/equilibre-de-vie\"]}]}<\/script>\n<!-- \/ Yoast SEO plugin. -->","yoast_head_json":{"title":"L'hom\u00e9opathie, une m\u00e9decine sur mesure - Dr Adrien GESTA","description":"Auteur : Dr Adrien GESTA Titre : L'hom\u00e9opathie, une m\u00e9decine sur mesure \u00c9diteur : France Loisirs, 1984 Couverture rigide Dim. 14,5 x 23 192 p","robots":{"index":"index","follow":"follow","max-snippet":"max-snippet:-1","max-image-preview":"max-image-preview:large","max-video-preview":"max-video-preview:-1"},"canonical":"https:\/\/www.verdieditions.com\/equilibre-de-vie\/produit\/homeopathie-gesta\/","og_locale":"fr_FR","og_type":"article","og_title":"L'hom\u00e9opathie, une m\u00e9decine sur mesure - Dr Adrien GESTA","og_description":"Auteur : Dr Adrien GESTA Titre : L'hom\u00e9opathie, une m\u00e9decine sur mesure \u00c9diteur : France Loisirs, 1984 Couverture rigide Dim. 14,5 x 23 192 p","og_url":"https:\/\/www.verdieditions.com\/equilibre-de-vie\/produit\/homeopathie-gesta\/","og_site_name":"Equilibre de Vie","article_modified_time":"2024-12-16T08:48:18+00:00","og_image":[{"width":505,"height":800,"url":"https:\/\/www.verdieditions.com\/equilibre-de-vie\/wp-content\/uploads\/2021\/06\/gesta-homeopathie-medecine-mesure-2.jpg","type":"image\/jpeg"}],"twitter_card":"summary_large_image","twitter_misc":{"Dur\u00e9e de lecture estim\u00e9e":"1 minute"},"schema":{"@context":"https:\/\/schema.org","@graph":[{"@type":"WebPage","@id":"https:\/\/www.verdieditions.com\/equilibre-de-vie\/produit\/homeopathie-gesta\/","url":"https:\/\/www.verdieditions.com\/equilibre-de-vie\/produit\/homeopathie-gesta\/","name":"L'hom\u00e9opathie, une m\u00e9decine sur mesure - Dr Adrien GESTA","isPartOf":{"@id":"https:\/\/www.verdieditions.com\/equilibre-de-vie\/#website"},"primaryImageOfPage":{"@id":"https:\/\/www.verdieditions.com\/equilibre-de-vie\/produit\/homeopathie-gesta\/#primaryimage"},"image":{"@id":"https:\/\/www.verdieditions.com\/equilibre-de-vie\/produit\/homeopathie-gesta\/#primaryimage"},"thumbnailUrl":"https:\/\/www.verdieditions.com\/equilibre-de-vie\/wp-content\/uploads\/2021\/06\/gesta-homeopathie-medecine-mesure-2.jpg","datePublished":"2022-09-06T07:16:23+00:00","dateModified":"2024-12-16T08:48:18+00:00","description":"Auteur : Dr Adrien GESTA Titre : L'hom\u00e9opathie, une m\u00e9decine sur mesure \u00c9diteur : France Loisirs, 1984 Couverture rigide Dim. 14,5 x 23 192 p","breadcrumb":{"@id":"https:\/\/www.verdieditions.com\/equilibre-de-vie\/produit\/homeopathie-gesta\/#breadcrumb"},"inLanguage":"fr-FR","potentialAction":[{"@type":"ReadAction","target":["https:\/\/www.verdieditions.com\/equilibre-de-vie\/produit\/homeopathie-gesta\/"]}]},{"@type":"ImageObject","inLanguage":"fr-FR","@id":"https:\/\/www.verdieditions.com\/equilibre-de-vie\/produit\/homeopathie-gesta\/#primaryimage","url":"https:\/\/www.verdieditions.com\/equilibre-de-vie\/wp-content\/uploads\/2021\/06\/gesta-homeopathie-medecine-mesure-2.jpg","contentUrl":"https:\/\/www.verdieditions.com\/equilibre-de-vie\/wp-content\/uploads\/2021\/06\/gesta-homeopathie-medecine-mesure-2.jpg","width":505,"height":800,"caption":"gesta-homeopathie-medecine-mesure-2"},{"@type":"BreadcrumbList","@id":"https:\/\/www.verdieditions.com\/equilibre-de-vie\/produit\/homeopathie-gesta\/#breadcrumb","itemListElement":[{"@type":"ListItem","position":1,"name":"Accueil","item":"https:\/\/www.verdieditions.com\/equilibre-de-vie\/"},{"@type":"ListItem","position":2,"name":"La boutique","item":"https:\/\/www.verdieditions.com\/equilibre-de-vie\/boutique\/"},{"@type":"ListItem","position":3,"name":"L&rsquo;hom\u00e9opathie, une m\u00e9decine sur mesure &#8211; Dr Adrien GESTA"}]},{"@type":"WebSite","@id":"https:\/\/www.verdieditions.com\/equilibre-de-vie\/#website","url":"https:\/\/www.verdieditions.com\/equilibre-de-vie\/","name":"Equilibre de Vie","description":"Ma boutique livres sant\u00e9, \u00e9sot\u00e9risme et d\u00e9veloppement personnel","publisher":{"@id":"https:\/\/www.verdieditions.com\/equilibre-de-vie\/#\/schema\/person\/9dcb2a6759f2f5fbf43ac0b44649cecb"},"potentialAction":[{"@type":"SearchAction","target":{"@type":"EntryPoint","urlTemplate":"https:\/\/www.verdieditions.com\/equilibre-de-vie\/?s={search_term_string}"},"query-input":{"@type":"PropertyValueSpecification","valueRequired":true,"valueName":"search_term_string"}}],"inLanguage":"fr-FR"},{"@type":["Person","Organization"],"@id":"https:\/\/www.verdieditions.com\/equilibre-de-vie\/#\/schema\/person\/9dcb2a6759f2f5fbf43ac0b44649cecb","name":"Sylvie VERDI","image":{"@type":"ImageObject","inLanguage":"fr-FR","@id":"https:\/\/www.verdieditions.com\/equilibre-de-vie\/#\/schema\/person\/image\/","url":"https:\/\/www.verdieditions.com\/equilibre-de-vie\/wp-content\/uploads\/2020\/04\/livres-occasion-sante-esoterisme-developpement-personnel-2.jpg","contentUrl":"https:\/\/www.verdieditions.com\/equilibre-de-vie\/wp-content\/uploads\/2020\/04\/livres-occasion-sante-esoterisme-developpement-personnel-2.jpg","width":800,"height":572,"caption":"Sylvie VERDI"},"logo":{"@id":"https:\/\/www.verdieditions.com\/equilibre-de-vie\/#\/schema\/person\/image\/"},"sameAs":["https:\/\/www.verdieditions.com\/equilibre-de-vie"]}]}},"_links":{"self":[{"href":"https:\/\/www.verdieditions.com\/equilibre-de-vie\/wp-json\/wp\/v2\/product\/1737","targetHints":{"allow":["GET"]}}],"collection":[{"href":"https:\/\/www.verdieditions.com\/equilibre-de-vie\/wp-json\/wp\/v2\/product"}],"about":[{"href":"https:\/\/www.verdieditions.com\/equilibre-de-vie\/wp-json\/wp\/v2\/types\/product"}],"wp:featuredmedia":[{"embeddable":true,"href":"https:\/\/www.verdieditions.com\/equilibre-de-vie\/wp-json\/wp\/v2\/media\/2089"}],"wp:attachment":[{"href":"https:\/\/www.verdieditions.com\/equilibre-de-vie\/wp-json\/wp\/v2\/media?parent=1737"}],"wp:term":[{"taxonomy":"product_brand","embeddable":true,"href":"https:\/\/www.verdieditions.com\/equilibre-de-vie\/wp-json\/wp\/v2\/product_brand?post=1737"},{"taxonomy":"product_cat","embeddable":true,"href":"https:\/\/www.verdieditions.com\/equilibre-de-vie\/wp-json\/wp\/v2\/product_cat?post=1737"},{"taxonomy":"product_tag","embeddable":true,"href":"https:\/\/www.verdieditions.com\/equilibre-de-vie\/wp-json\/wp\/v2\/product_tag?post=1737"}],"curies":[{"name":"wp","href":"https:\/\/api.w.org\/{rel}","templated":true}]}}