{"id":163,"date":"2020-04-22T16:14:31","date_gmt":"2020-04-22T14:14:31","guid":{"rendered":"https:\/\/www.verdieditions.com\/equilibre-de-vie\/?post_type=product&#038;p=163"},"modified":"2024-02-06T13:19:19","modified_gmt":"2024-02-06T12:19:19","slug":"jeux-gemeaux-signes-couturiau","status":"publish","type":"product","link":"https:\/\/www.verdieditions.com\/equilibre-de-vie\/produit\/jeux-gemeaux-signes-couturiau\/","title":{"rendered":"Les jeux du G\u00e9meaux et autres signes &#8211; Marie COUTURIAU"},"content":{"rendered":"<p>Auteur : Marie COUTURIAU<br \/>\nTitre : Les jeux du G\u00e9meaux et autres signes<br \/>\n\u00c9diteur : Editions du Rocher, 2002<br \/>\nDim. 14 x 22,5<br \/>\n192 pages<\/p>\n<p>L&rsquo;astrologie est-elle un moyen de pr\u00e9dire l&rsquo;avenir, de mieux comprendre les autres et soi-m\u00eame ? Ou alors de s&rsquo;amuser \u00e0 \u00e9tiqueter ceux que l&rsquo;on conna\u00eet plus ou moins bien : \u00ab\u00a0Oh, celui-l\u00e0, c&rsquo;est un B\u00e9lier, il est tellement fonceur&#8230;\u00a0\u00bb ? Sans tomber dans le pi\u00e8ge d&rsquo;une simplification abusive, Marie Couturiau observe les ressemblances de comportement et de r\u00e9actions chez des personnes n\u00e9es sous le m\u00eame signe. Sur un mode \u00e9minemment ludique, Les Jeux du G\u00e9meaux et autres signes proposent une s\u00e9rie de portraits astrologiques sans pour autant oublier que chaque \u00eatre est unique. Chaque cas est associ\u00e9 au point de vue des autres signes, comme des miroirs r\u00e9v\u00e9lateurs d&rsquo;une v\u00e9rit\u00e9 diff\u00e9rente et compl\u00e9mentaire : n&rsquo;existons-nous pas d&rsquo;abord par le regard des autres ? Dans la lign\u00e9e de Tristesse de la Balance, voici un livre d&rsquo;astrologie o\u00f9 chacun pourra s&rsquo;amuser \u00e0 se reconna\u00eetre.<\/p>\n","protected":false},"excerpt":{"rendered":"<p>Auteur : Marie COUTURIAU<br \/>\nTitre : Les jeux du G\u00e9meaux et autres signes<br \/>\n\u00c9diteur : Editions du Rocher, 2002<br \/>\nDim. 14 x 22,5<br \/>\n192 pages<\/p>\n","protected":false},"featured_media":164,"template":"","meta":[],"product_brand":[],"product_cat":[23],"product_tag":[30,34,139,186,180],"class_list":{"0":"post-163","1":"product","2":"type-product","3":"status-publish","4":"has-post-thumbnail","6":"product_cat-esoterisme","7":"product_tag-amour","8":"product_tag-astrologie","9":"product_tag-relations-humaines","10":"product_tag-signes","11":"product_tag-zodiaque","13":"first","14":"instock","15":"shipping-taxable","16":"product-type-simple"},"yoast_head":"<!-- This site is optimized with the Yoast SEO plugin v27.4 - https:\/\/yoast.com\/product\/yoast-seo-wordpress\/ -->\n<title>Les jeux du G\u00e9meaux et autres signes - Marie COUTURIAU - Equilibre de Vie<\/title>\n<meta name=\"description\" content=\"Auteur : Marie COUTURIAU Titre : Les jeux du G\u00e9meaux et autres signes \u00c9diteur : Editions du Rocher, 2002 Dim. 14 x 22,5 192 pages\" \/>\n<meta name=\"robots\" content=\"index, follow, max-snippet:-1, max-image-preview:large, max-video-preview:-1\" \/>\n<link rel=\"canonical\" href=\"https:\/\/www.verdieditions.com\/equilibre-de-vie\/produit\/jeux-gemeaux-signes-couturiau\/\" \/>\n<meta property=\"og:locale\" content=\"fr_FR\" \/>\n<meta property=\"og:type\" content=\"article\" \/>\n<meta property=\"og:title\" content=\"Les jeux du G\u00e9meaux et autres signes - Marie COUTURIAU - Equilibre de Vie\" \/>\n<meta property=\"og:description\" content=\"Auteur : Marie COUTURIAU Titre : Les jeux du G\u00e9meaux et autres signes \u00c9diteur : Editions du Rocher, 2002 Dim. 14 x 22,5 192 pages\" \/>\n<meta property=\"og:url\" content=\"https:\/\/www.verdieditions.com\/equilibre-de-vie\/produit\/jeux-gemeaux-signes-couturiau\/\" \/>\n<meta property=\"og:site_name\" content=\"Equilibre de Vie\" \/>\n<meta property=\"article:modified_time\" content=\"2024-02-06T12:19:19+00:00\" \/>\n<meta property=\"og:image\" content=\"https:\/\/www.verdieditions.com\/equilibre-de-vie\/wp-content\/uploads\/2020\/04\/Jeux-Gemeaux-signes-Couturiau-1.jpg\" \/>\n\t<meta property=\"og:image:width\" content=\"745\" \/>\n\t<meta property=\"og:image:height\" content=\"1150\" \/>\n\t<meta property=\"og:image:type\" content=\"image\/jpeg\" \/>\n<meta name=\"twitter:card\" content=\"summary_large_image\" \/>\n<meta name=\"twitter:label1\" content=\"Dur\u00e9e de lecture estim\u00e9e\" \/>\n\t<meta name=\"twitter:data1\" content=\"1 minute\" \/>\n<script type=\"application\/ld+json\" class=\"yoast-schema-graph\">{\"@context\":\"https:\\\/\\\/schema.org\",\"@graph\":[{\"@type\":\"WebPage\",\"@id\":\"https:\\\/\\\/www.verdieditions.com\\\/equilibre-de-vie\\\/produit\\\/jeux-gemeaux-signes-couturiau\\\/\",\"url\":\"https:\\\/\\\/www.verdieditions.com\\\/equilibre-de-vie\\\/produit\\\/jeux-gemeaux-signes-couturiau\\\/\",\"name\":\"Les jeux du G\u00e9meaux et autres signes - Marie COUTURIAU - Equilibre de Vie\",\"isPartOf\":{\"@id\":\"https:\\\/\\\/www.verdieditions.com\\\/equilibre-de-vie\\\/#website\"},\"primaryImageOfPage\":{\"@id\":\"https:\\\/\\\/www.verdieditions.com\\\/equilibre-de-vie\\\/produit\\\/jeux-gemeaux-signes-couturiau\\\/#primaryimage\"},\"image\":{\"@id\":\"https:\\\/\\\/www.verdieditions.com\\\/equilibre-de-vie\\\/produit\\\/jeux-gemeaux-signes-couturiau\\\/#primaryimage\"},\"thumbnailUrl\":\"https:\\\/\\\/www.verdieditions.com\\\/equilibre-de-vie\\\/wp-content\\\/uploads\\\/2020\\\/04\\\/Jeux-Gemeaux-signes-Couturiau-1.jpg\",\"datePublished\":\"2020-04-22T14:14:31+00:00\",\"dateModified\":\"2024-02-06T12:19:19+00:00\",\"description\":\"Auteur : Marie COUTURIAU Titre : Les jeux du G\u00e9meaux et autres signes \u00c9diteur : Editions du Rocher, 2002 Dim. 14 x 22,5 192 pages\",\"breadcrumb\":{\"@id\":\"https:\\\/\\\/www.verdieditions.com\\\/equilibre-de-vie\\\/produit\\\/jeux-gemeaux-signes-couturiau\\\/#breadcrumb\"},\"inLanguage\":\"fr-FR\",\"potentialAction\":[{\"@type\":\"ReadAction\",\"target\":[\"https:\\\/\\\/www.verdieditions.com\\\/equilibre-de-vie\\\/produit\\\/jeux-gemeaux-signes-couturiau\\\/\"]}]},{\"@type\":\"ImageObject\",\"inLanguage\":\"fr-FR\",\"@id\":\"https:\\\/\\\/www.verdieditions.com\\\/equilibre-de-vie\\\/produit\\\/jeux-gemeaux-signes-couturiau\\\/#primaryimage\",\"url\":\"https:\\\/\\\/www.verdieditions.com\\\/equilibre-de-vie\\\/wp-content\\\/uploads\\\/2020\\\/04\\\/Jeux-Gemeaux-signes-Couturiau-1.jpg\",\"contentUrl\":\"https:\\\/\\\/www.verdieditions.com\\\/equilibre-de-vie\\\/wp-content\\\/uploads\\\/2020\\\/04\\\/Jeux-Gemeaux-signes-Couturiau-1.jpg\",\"width\":745,\"height\":1150,\"caption\":\"Jeux-Gemeaux-signes-Couturiau-1\"},{\"@type\":\"BreadcrumbList\",\"@id\":\"https:\\\/\\\/www.verdieditions.com\\\/equilibre-de-vie\\\/produit\\\/jeux-gemeaux-signes-couturiau\\\/#breadcrumb\",\"itemListElement\":[{\"@type\":\"ListItem\",\"position\":1,\"name\":\"Accueil\",\"item\":\"https:\\\/\\\/www.verdieditions.com\\\/equilibre-de-vie\\\/\"},{\"@type\":\"ListItem\",\"position\":2,\"name\":\"La boutique\",\"item\":\"https:\\\/\\\/www.verdieditions.com\\\/equilibre-de-vie\\\/boutique\\\/\"},{\"@type\":\"ListItem\",\"position\":3,\"name\":\"Les jeux du G\u00e9meaux et autres signes &#8211; Marie COUTURIAU\"}]},{\"@type\":\"WebSite\",\"@id\":\"https:\\\/\\\/www.verdieditions.com\\\/equilibre-de-vie\\\/#website\",\"url\":\"https:\\\/\\\/www.verdieditions.com\\\/equilibre-de-vie\\\/\",\"name\":\"Equilibre de Vie\",\"description\":\"Ma boutique livres sant\u00e9, \u00e9sot\u00e9risme et d\u00e9veloppement personnel\",\"publisher\":{\"@id\":\"https:\\\/\\\/www.verdieditions.com\\\/equilibre-de-vie\\\/#\\\/schema\\\/person\\\/9dcb2a6759f2f5fbf43ac0b44649cecb\"},\"potentialAction\":[{\"@type\":\"SearchAction\",\"target\":{\"@type\":\"EntryPoint\",\"urlTemplate\":\"https:\\\/\\\/www.verdieditions.com\\\/equilibre-de-vie\\\/?s={search_term_string}\"},\"query-input\":{\"@type\":\"PropertyValueSpecification\",\"valueRequired\":true,\"valueName\":\"search_term_string\"}}],\"inLanguage\":\"fr-FR\"},{\"@type\":[\"Person\",\"Organization\"],\"@id\":\"https:\\\/\\\/www.verdieditions.com\\\/equilibre-de-vie\\\/#\\\/schema\\\/person\\\/9dcb2a6759f2f5fbf43ac0b44649cecb\",\"name\":\"Sylvie VERDI\",\"image\":{\"@type\":\"ImageObject\",\"inLanguage\":\"fr-FR\",\"@id\":\"https:\\\/\\\/www.verdieditions.com\\\/equilibre-de-vie\\\/wp-content\\\/uploads\\\/2020\\\/04\\\/livres-occasion-sante-esoterisme-developpement-personnel-2.jpg\",\"url\":\"https:\\\/\\\/www.verdieditions.com\\\/equilibre-de-vie\\\/wp-content\\\/uploads\\\/2020\\\/04\\\/livres-occasion-sante-esoterisme-developpement-personnel-2.jpg\",\"contentUrl\":\"https:\\\/\\\/www.verdieditions.com\\\/equilibre-de-vie\\\/wp-content\\\/uploads\\\/2020\\\/04\\\/livres-occasion-sante-esoterisme-developpement-personnel-2.jpg\",\"width\":800,\"height\":572,\"caption\":\"Sylvie VERDI\"},\"logo\":{\"@id\":\"https:\\\/\\\/www.verdieditions.com\\\/equilibre-de-vie\\\/wp-content\\\/uploads\\\/2020\\\/04\\\/livres-occasion-sante-esoterisme-developpement-personnel-2.jpg\"},\"sameAs\":[\"https:\\\/\\\/www.verdieditions.com\\\/equilibre-de-vie\"]}]}<\/script>\n<!-- \/ Yoast SEO plugin. -->","yoast_head_json":{"title":"Les jeux du G\u00e9meaux et autres signes - Marie COUTURIAU - Equilibre de Vie","description":"Auteur : Marie COUTURIAU Titre : Les jeux du G\u00e9meaux et autres signes \u00c9diteur : Editions du Rocher, 2002 Dim. 14 x 22,5 192 pages","robots":{"index":"index","follow":"follow","max-snippet":"max-snippet:-1","max-image-preview":"max-image-preview:large","max-video-preview":"max-video-preview:-1"},"canonical":"https:\/\/www.verdieditions.com\/equilibre-de-vie\/produit\/jeux-gemeaux-signes-couturiau\/","og_locale":"fr_FR","og_type":"article","og_title":"Les jeux du G\u00e9meaux et autres signes - Marie COUTURIAU - Equilibre de Vie","og_description":"Auteur : Marie COUTURIAU Titre : Les jeux du G\u00e9meaux et autres signes \u00c9diteur : Editions du Rocher, 2002 Dim. 14 x 22,5 192 pages","og_url":"https:\/\/www.verdieditions.com\/equilibre-de-vie\/produit\/jeux-gemeaux-signes-couturiau\/","og_site_name":"Equilibre de Vie","article_modified_time":"2024-02-06T12:19:19+00:00","og_image":[{"width":745,"height":1150,"url":"https:\/\/www.verdieditions.com\/equilibre-de-vie\/wp-content\/uploads\/2020\/04\/Jeux-Gemeaux-signes-Couturiau-1.jpg","type":"image\/jpeg"}],"twitter_card":"summary_large_image","twitter_misc":{"Dur\u00e9e de lecture estim\u00e9e":"1 minute"},"schema":{"@context":"https:\/\/schema.org","@graph":[{"@type":"WebPage","@id":"https:\/\/www.verdieditions.com\/equilibre-de-vie\/produit\/jeux-gemeaux-signes-couturiau\/","url":"https:\/\/www.verdieditions.com\/equilibre-de-vie\/produit\/jeux-gemeaux-signes-couturiau\/","name":"Les jeux du G\u00e9meaux et autres signes - Marie COUTURIAU - Equilibre de Vie","isPartOf":{"@id":"https:\/\/www.verdieditions.com\/equilibre-de-vie\/#website"},"primaryImageOfPage":{"@id":"https:\/\/www.verdieditions.com\/equilibre-de-vie\/produit\/jeux-gemeaux-signes-couturiau\/#primaryimage"},"image":{"@id":"https:\/\/www.verdieditions.com\/equilibre-de-vie\/produit\/jeux-gemeaux-signes-couturiau\/#primaryimage"},"thumbnailUrl":"https:\/\/www.verdieditions.com\/equilibre-de-vie\/wp-content\/uploads\/2020\/04\/Jeux-Gemeaux-signes-Couturiau-1.jpg","datePublished":"2020-04-22T14:14:31+00:00","dateModified":"2024-02-06T12:19:19+00:00","description":"Auteur : Marie COUTURIAU Titre : Les jeux du G\u00e9meaux et autres signes \u00c9diteur : Editions du Rocher, 2002 Dim. 14 x 22,5 192 pages","breadcrumb":{"@id":"https:\/\/www.verdieditions.com\/equilibre-de-vie\/produit\/jeux-gemeaux-signes-couturiau\/#breadcrumb"},"inLanguage":"fr-FR","potentialAction":[{"@type":"ReadAction","target":["https:\/\/www.verdieditions.com\/equilibre-de-vie\/produit\/jeux-gemeaux-signes-couturiau\/"]}]},{"@type":"ImageObject","inLanguage":"fr-FR","@id":"https:\/\/www.verdieditions.com\/equilibre-de-vie\/produit\/jeux-gemeaux-signes-couturiau\/#primaryimage","url":"https:\/\/www.verdieditions.com\/equilibre-de-vie\/wp-content\/uploads\/2020\/04\/Jeux-Gemeaux-signes-Couturiau-1.jpg","contentUrl":"https:\/\/www.verdieditions.com\/equilibre-de-vie\/wp-content\/uploads\/2020\/04\/Jeux-Gemeaux-signes-Couturiau-1.jpg","width":745,"height":1150,"caption":"Jeux-Gemeaux-signes-Couturiau-1"},{"@type":"BreadcrumbList","@id":"https:\/\/www.verdieditions.com\/equilibre-de-vie\/produit\/jeux-gemeaux-signes-couturiau\/#breadcrumb","itemListElement":[{"@type":"ListItem","position":1,"name":"Accueil","item":"https:\/\/www.verdieditions.com\/equilibre-de-vie\/"},{"@type":"ListItem","position":2,"name":"La boutique","item":"https:\/\/www.verdieditions.com\/equilibre-de-vie\/boutique\/"},{"@type":"ListItem","position":3,"name":"Les jeux du G\u00e9meaux et autres signes &#8211; Marie COUTURIAU"}]},{"@type":"WebSite","@id":"https:\/\/www.verdieditions.com\/equilibre-de-vie\/#website","url":"https:\/\/www.verdieditions.com\/equilibre-de-vie\/","name":"Equilibre de Vie","description":"Ma boutique livres sant\u00e9, \u00e9sot\u00e9risme et d\u00e9veloppement personnel","publisher":{"@id":"https:\/\/www.verdieditions.com\/equilibre-de-vie\/#\/schema\/person\/9dcb2a6759f2f5fbf43ac0b44649cecb"},"potentialAction":[{"@type":"SearchAction","target":{"@type":"EntryPoint","urlTemplate":"https:\/\/www.verdieditions.com\/equilibre-de-vie\/?s={search_term_string}"},"query-input":{"@type":"PropertyValueSpecification","valueRequired":true,"valueName":"search_term_string"}}],"inLanguage":"fr-FR"},{"@type":["Person","Organization"],"@id":"https:\/\/www.verdieditions.com\/equilibre-de-vie\/#\/schema\/person\/9dcb2a6759f2f5fbf43ac0b44649cecb","name":"Sylvie VERDI","image":{"@type":"ImageObject","inLanguage":"fr-FR","@id":"https:\/\/www.verdieditions.com\/equilibre-de-vie\/wp-content\/uploads\/2020\/04\/livres-occasion-sante-esoterisme-developpement-personnel-2.jpg","url":"https:\/\/www.verdieditions.com\/equilibre-de-vie\/wp-content\/uploads\/2020\/04\/livres-occasion-sante-esoterisme-developpement-personnel-2.jpg","contentUrl":"https:\/\/www.verdieditions.com\/equilibre-de-vie\/wp-content\/uploads\/2020\/04\/livres-occasion-sante-esoterisme-developpement-personnel-2.jpg","width":800,"height":572,"caption":"Sylvie VERDI"},"logo":{"@id":"https:\/\/www.verdieditions.com\/equilibre-de-vie\/wp-content\/uploads\/2020\/04\/livres-occasion-sante-esoterisme-developpement-personnel-2.jpg"},"sameAs":["https:\/\/www.verdieditions.com\/equilibre-de-vie"]}]}},"_links":{"self":[{"href":"https:\/\/www.verdieditions.com\/equilibre-de-vie\/wp-json\/wp\/v2\/product\/163","targetHints":{"allow":["GET"]}}],"collection":[{"href":"https:\/\/www.verdieditions.com\/equilibre-de-vie\/wp-json\/wp\/v2\/product"}],"about":[{"href":"https:\/\/www.verdieditions.com\/equilibre-de-vie\/wp-json\/wp\/v2\/types\/product"}],"wp:featuredmedia":[{"embeddable":true,"href":"https:\/\/www.verdieditions.com\/equilibre-de-vie\/wp-json\/wp\/v2\/media\/164"}],"wp:attachment":[{"href":"https:\/\/www.verdieditions.com\/equilibre-de-vie\/wp-json\/wp\/v2\/media?parent=163"}],"wp:term":[{"taxonomy":"product_brand","embeddable":true,"href":"https:\/\/www.verdieditions.com\/equilibre-de-vie\/wp-json\/wp\/v2\/product_brand?post=163"},{"taxonomy":"product_cat","embeddable":true,"href":"https:\/\/www.verdieditions.com\/equilibre-de-vie\/wp-json\/wp\/v2\/product_cat?post=163"},{"taxonomy":"product_tag","embeddable":true,"href":"https:\/\/www.verdieditions.com\/equilibre-de-vie\/wp-json\/wp\/v2\/product_tag?post=163"}],"curies":[{"name":"wp","href":"https:\/\/api.w.org\/{rel}","templated":true}]}}