{"id":1609,"date":"2021-03-03T13:38:14","date_gmt":"2021-03-03T12:38:14","guid":{"rendered":"https:\/\/www.verdieditions.com\/equilibre-de-vie\/?post_type=product&#038;p=1609"},"modified":"2024-02-06T12:45:34","modified_gmt":"2024-02-06T11:45:34","slug":"avenir-revele-tarots-feslikenian","status":"publish","type":"product","link":"https:\/\/www.verdieditions.com\/equilibre-de-vie\/produit\/avenir-revele-tarots-feslikenian\/","title":{"rendered":"L&rsquo;avenir r\u00e9v\u00e9l\u00e9 par les Tarots &#8211; F. FESLIKENIAN &#8211; M. PICOLLO"},"content":{"rendered":"<p>Auteur : Franca FESLIKENIAN &#8211; Maristella PICOLLO<br \/>\nTitre : L&rsquo;avenir r\u00e9v\u00e9l\u00e9 par les Tarots<br \/>\n\u00c9diteur : De Vecchi, 1993<br \/>\nAvec de nombreuses reproductions N&#038;B des cartes et, su papier glac\u00e9, 2 planches couleur des arcanes majeures du Tarot de marseille + 6 planches couleur du Grand jeu de Mlle Lenormand<br \/>\nDim. 14 x 20,5<br \/>\n150 pages<\/p>\n","protected":false},"excerpt":{"rendered":"<p>Auteur : Franca FESLIKENIAN &#8211; Maristella PICOLLO<br \/>\nTitre : L&rsquo;avenir r\u00e9v\u00e9l\u00e9 par les Tarots<br \/>\n\u00c9diteur : De Vecchi, 1993<br \/>\nAvec de nombreuses reproductions N&#038;B des cartes et, su papier glac\u00e9, 2 planches couleur des arcanes majeures du Tarot de marseille + 6 planches couleur du Grand jeu de Mlle Lenormand<br \/>\nDim. 14 x 20,5<br \/>\n150 pages<\/p>\n","protected":false},"featured_media":1629,"template":"","meta":[],"product_brand":[],"product_cat":[23],"product_tag":[32,38,44,45,162],"class_list":{"0":"post-1609","1":"product","2":"type-product","3":"status-publish","4":"has-post-thumbnail","6":"product_cat-esoterisme","7":"product_tag-arts-divinatoires","8":"product_tag-avenir","9":"product_tag-cartes","10":"product_tag-cartomancie","11":"product_tag-tarot","13":"first","14":"instock","15":"shipping-taxable","16":"product-type-simple"},"yoast_head":"<!-- This site is optimized with the Yoast SEO plugin v27.4 - https:\/\/yoast.com\/product\/yoast-seo-wordpress\/ -->\n<title>L&#039;avenir r\u00e9v\u00e9l\u00e9 par les Tarots - F. FESLIKENIAN - M. PICOLLO<\/title>\n<meta name=\"description\" content=\"F. FESLIKENIAN - M. PICOLLO - L&#039;avenir r\u00e9v\u00e9l\u00e9 par les Tarots - De Vecchi, 1993 - Illustr\u00e9 N&amp;B + 8 planches cartes couleur - 14 x 20,5 - 150 p\" \/>\n<meta name=\"robots\" content=\"index, follow, max-snippet:-1, max-image-preview:large, max-video-preview:-1\" \/>\n<link rel=\"canonical\" href=\"https:\/\/www.verdieditions.com\/equilibre-de-vie\/produit\/avenir-revele-tarots-feslikenian\/\" \/>\n<meta property=\"og:locale\" content=\"fr_FR\" \/>\n<meta property=\"og:type\" content=\"article\" \/>\n<meta property=\"og:title\" content=\"L&#039;avenir r\u00e9v\u00e9l\u00e9 par les Tarots - F. FESLIKENIAN - M. PICOLLO\" \/>\n<meta property=\"og:description\" content=\"F. FESLIKENIAN - M. PICOLLO - L&#039;avenir r\u00e9v\u00e9l\u00e9 par les Tarots - De Vecchi, 1993 - Illustr\u00e9 N&amp;B + 8 planches cartes couleur - 14 x 20,5 - 150 p\" \/>\n<meta property=\"og:url\" content=\"https:\/\/www.verdieditions.com\/equilibre-de-vie\/produit\/avenir-revele-tarots-feslikenian\/\" \/>\n<meta property=\"og:site_name\" content=\"Equilibre de Vie\" \/>\n<meta property=\"article:modified_time\" content=\"2024-02-06T11:45:34+00:00\" \/>\n<meta property=\"og:image\" content=\"https:\/\/www.verdieditions.com\/equilibre-de-vie\/wp-content\/uploads\/2021\/03\/avenir-revele-tarots-picollo-feslikenian.jpg\" \/>\n\t<meta property=\"og:image:width\" content=\"800\" \/>\n\t<meta property=\"og:image:height\" content=\"1131\" \/>\n\t<meta property=\"og:image:type\" content=\"image\/jpeg\" \/>\n<meta name=\"twitter:card\" content=\"summary_large_image\" \/>\n<script type=\"application\/ld+json\" class=\"yoast-schema-graph\">{\"@context\":\"https:\\\/\\\/schema.org\",\"@graph\":[{\"@type\":\"WebPage\",\"@id\":\"https:\\\/\\\/www.verdieditions.com\\\/equilibre-de-vie\\\/produit\\\/avenir-revele-tarots-feslikenian\\\/\",\"url\":\"https:\\\/\\\/www.verdieditions.com\\\/equilibre-de-vie\\\/produit\\\/avenir-revele-tarots-feslikenian\\\/\",\"name\":\"L'avenir r\u00e9v\u00e9l\u00e9 par les Tarots - F. FESLIKENIAN - M. PICOLLO\",\"isPartOf\":{\"@id\":\"https:\\\/\\\/www.verdieditions.com\\\/equilibre-de-vie\\\/#website\"},\"primaryImageOfPage\":{\"@id\":\"https:\\\/\\\/www.verdieditions.com\\\/equilibre-de-vie\\\/produit\\\/avenir-revele-tarots-feslikenian\\\/#primaryimage\"},\"image\":{\"@id\":\"https:\\\/\\\/www.verdieditions.com\\\/equilibre-de-vie\\\/produit\\\/avenir-revele-tarots-feslikenian\\\/#primaryimage\"},\"thumbnailUrl\":\"https:\\\/\\\/www.verdieditions.com\\\/equilibre-de-vie\\\/wp-content\\\/uploads\\\/2021\\\/03\\\/avenir-revele-tarots-picollo-feslikenian.jpg\",\"datePublished\":\"2021-03-03T12:38:14+00:00\",\"dateModified\":\"2024-02-06T11:45:34+00:00\",\"description\":\"F. FESLIKENIAN - M. PICOLLO - L'avenir r\u00e9v\u00e9l\u00e9 par les Tarots - De Vecchi, 1993 - Illustr\u00e9 N&B + 8 planches cartes couleur - 14 x 20,5 - 150 p\",\"breadcrumb\":{\"@id\":\"https:\\\/\\\/www.verdieditions.com\\\/equilibre-de-vie\\\/produit\\\/avenir-revele-tarots-feslikenian\\\/#breadcrumb\"},\"inLanguage\":\"fr-FR\",\"potentialAction\":[{\"@type\":\"ReadAction\",\"target\":[\"https:\\\/\\\/www.verdieditions.com\\\/equilibre-de-vie\\\/produit\\\/avenir-revele-tarots-feslikenian\\\/\"]}]},{\"@type\":\"ImageObject\",\"inLanguage\":\"fr-FR\",\"@id\":\"https:\\\/\\\/www.verdieditions.com\\\/equilibre-de-vie\\\/produit\\\/avenir-revele-tarots-feslikenian\\\/#primaryimage\",\"url\":\"https:\\\/\\\/www.verdieditions.com\\\/equilibre-de-vie\\\/wp-content\\\/uploads\\\/2021\\\/03\\\/avenir-revele-tarots-picollo-feslikenian.jpg\",\"contentUrl\":\"https:\\\/\\\/www.verdieditions.com\\\/equilibre-de-vie\\\/wp-content\\\/uploads\\\/2021\\\/03\\\/avenir-revele-tarots-picollo-feslikenian.jpg\",\"width\":800,\"height\":1131,\"caption\":\"avenir-revele-tarots-picollo-feslikenian\"},{\"@type\":\"BreadcrumbList\",\"@id\":\"https:\\\/\\\/www.verdieditions.com\\\/equilibre-de-vie\\\/produit\\\/avenir-revele-tarots-feslikenian\\\/#breadcrumb\",\"itemListElement\":[{\"@type\":\"ListItem\",\"position\":1,\"name\":\"Accueil\",\"item\":\"https:\\\/\\\/www.verdieditions.com\\\/equilibre-de-vie\\\/\"},{\"@type\":\"ListItem\",\"position\":2,\"name\":\"La boutique\",\"item\":\"https:\\\/\\\/www.verdieditions.com\\\/equilibre-de-vie\\\/boutique\\\/\"},{\"@type\":\"ListItem\",\"position\":3,\"name\":\"L&#8217;avenir r\u00e9v\u00e9l\u00e9 par les Tarots &#8211; F. FESLIKENIAN &#8211; M. PICOLLO\"}]},{\"@type\":\"WebSite\",\"@id\":\"https:\\\/\\\/www.verdieditions.com\\\/equilibre-de-vie\\\/#website\",\"url\":\"https:\\\/\\\/www.verdieditions.com\\\/equilibre-de-vie\\\/\",\"name\":\"Equilibre de Vie\",\"description\":\"Ma boutique livres sant\u00e9, \u00e9sot\u00e9risme et d\u00e9veloppement personnel\",\"publisher\":{\"@id\":\"https:\\\/\\\/www.verdieditions.com\\\/equilibre-de-vie\\\/#\\\/schema\\\/person\\\/9dcb2a6759f2f5fbf43ac0b44649cecb\"},\"potentialAction\":[{\"@type\":\"SearchAction\",\"target\":{\"@type\":\"EntryPoint\",\"urlTemplate\":\"https:\\\/\\\/www.verdieditions.com\\\/equilibre-de-vie\\\/?s={search_term_string}\"},\"query-input\":{\"@type\":\"PropertyValueSpecification\",\"valueRequired\":true,\"valueName\":\"search_term_string\"}}],\"inLanguage\":\"fr-FR\"},{\"@type\":[\"Person\",\"Organization\"],\"@id\":\"https:\\\/\\\/www.verdieditions.com\\\/equilibre-de-vie\\\/#\\\/schema\\\/person\\\/9dcb2a6759f2f5fbf43ac0b44649cecb\",\"name\":\"Sylvie VERDI\",\"image\":{\"@type\":\"ImageObject\",\"inLanguage\":\"fr-FR\",\"@id\":\"https:\\\/\\\/www.verdieditions.com\\\/equilibre-de-vie\\\/wp-content\\\/uploads\\\/2020\\\/04\\\/livres-occasion-sante-esoterisme-developpement-personnel-2.jpg\",\"url\":\"https:\\\/\\\/www.verdieditions.com\\\/equilibre-de-vie\\\/wp-content\\\/uploads\\\/2020\\\/04\\\/livres-occasion-sante-esoterisme-developpement-personnel-2.jpg\",\"contentUrl\":\"https:\\\/\\\/www.verdieditions.com\\\/equilibre-de-vie\\\/wp-content\\\/uploads\\\/2020\\\/04\\\/livres-occasion-sante-esoterisme-developpement-personnel-2.jpg\",\"width\":800,\"height\":572,\"caption\":\"Sylvie VERDI\"},\"logo\":{\"@id\":\"https:\\\/\\\/www.verdieditions.com\\\/equilibre-de-vie\\\/wp-content\\\/uploads\\\/2020\\\/04\\\/livres-occasion-sante-esoterisme-developpement-personnel-2.jpg\"},\"sameAs\":[\"https:\\\/\\\/www.verdieditions.com\\\/equilibre-de-vie\"]}]}<\/script>\n<!-- \/ Yoast SEO plugin. -->","yoast_head_json":{"title":"L'avenir r\u00e9v\u00e9l\u00e9 par les Tarots - F. FESLIKENIAN - M. PICOLLO","description":"F. FESLIKENIAN - M. PICOLLO - L'avenir r\u00e9v\u00e9l\u00e9 par les Tarots - De Vecchi, 1993 - Illustr\u00e9 N&B + 8 planches cartes couleur - 14 x 20,5 - 150 p","robots":{"index":"index","follow":"follow","max-snippet":"max-snippet:-1","max-image-preview":"max-image-preview:large","max-video-preview":"max-video-preview:-1"},"canonical":"https:\/\/www.verdieditions.com\/equilibre-de-vie\/produit\/avenir-revele-tarots-feslikenian\/","og_locale":"fr_FR","og_type":"article","og_title":"L'avenir r\u00e9v\u00e9l\u00e9 par les Tarots - F. FESLIKENIAN - M. PICOLLO","og_description":"F. FESLIKENIAN - M. PICOLLO - L'avenir r\u00e9v\u00e9l\u00e9 par les Tarots - De Vecchi, 1993 - Illustr\u00e9 N&B + 8 planches cartes couleur - 14 x 20,5 - 150 p","og_url":"https:\/\/www.verdieditions.com\/equilibre-de-vie\/produit\/avenir-revele-tarots-feslikenian\/","og_site_name":"Equilibre de Vie","article_modified_time":"2024-02-06T11:45:34+00:00","og_image":[{"width":800,"height":1131,"url":"https:\/\/www.verdieditions.com\/equilibre-de-vie\/wp-content\/uploads\/2021\/03\/avenir-revele-tarots-picollo-feslikenian.jpg","type":"image\/jpeg"}],"twitter_card":"summary_large_image","schema":{"@context":"https:\/\/schema.org","@graph":[{"@type":"WebPage","@id":"https:\/\/www.verdieditions.com\/equilibre-de-vie\/produit\/avenir-revele-tarots-feslikenian\/","url":"https:\/\/www.verdieditions.com\/equilibre-de-vie\/produit\/avenir-revele-tarots-feslikenian\/","name":"L'avenir r\u00e9v\u00e9l\u00e9 par les Tarots - F. FESLIKENIAN - M. PICOLLO","isPartOf":{"@id":"https:\/\/www.verdieditions.com\/equilibre-de-vie\/#website"},"primaryImageOfPage":{"@id":"https:\/\/www.verdieditions.com\/equilibre-de-vie\/produit\/avenir-revele-tarots-feslikenian\/#primaryimage"},"image":{"@id":"https:\/\/www.verdieditions.com\/equilibre-de-vie\/produit\/avenir-revele-tarots-feslikenian\/#primaryimage"},"thumbnailUrl":"https:\/\/www.verdieditions.com\/equilibre-de-vie\/wp-content\/uploads\/2021\/03\/avenir-revele-tarots-picollo-feslikenian.jpg","datePublished":"2021-03-03T12:38:14+00:00","dateModified":"2024-02-06T11:45:34+00:00","description":"F. FESLIKENIAN - M. PICOLLO - L'avenir r\u00e9v\u00e9l\u00e9 par les Tarots - De Vecchi, 1993 - Illustr\u00e9 N&B + 8 planches cartes couleur - 14 x 20,5 - 150 p","breadcrumb":{"@id":"https:\/\/www.verdieditions.com\/equilibre-de-vie\/produit\/avenir-revele-tarots-feslikenian\/#breadcrumb"},"inLanguage":"fr-FR","potentialAction":[{"@type":"ReadAction","target":["https:\/\/www.verdieditions.com\/equilibre-de-vie\/produit\/avenir-revele-tarots-feslikenian\/"]}]},{"@type":"ImageObject","inLanguage":"fr-FR","@id":"https:\/\/www.verdieditions.com\/equilibre-de-vie\/produit\/avenir-revele-tarots-feslikenian\/#primaryimage","url":"https:\/\/www.verdieditions.com\/equilibre-de-vie\/wp-content\/uploads\/2021\/03\/avenir-revele-tarots-picollo-feslikenian.jpg","contentUrl":"https:\/\/www.verdieditions.com\/equilibre-de-vie\/wp-content\/uploads\/2021\/03\/avenir-revele-tarots-picollo-feslikenian.jpg","width":800,"height":1131,"caption":"avenir-revele-tarots-picollo-feslikenian"},{"@type":"BreadcrumbList","@id":"https:\/\/www.verdieditions.com\/equilibre-de-vie\/produit\/avenir-revele-tarots-feslikenian\/#breadcrumb","itemListElement":[{"@type":"ListItem","position":1,"name":"Accueil","item":"https:\/\/www.verdieditions.com\/equilibre-de-vie\/"},{"@type":"ListItem","position":2,"name":"La boutique","item":"https:\/\/www.verdieditions.com\/equilibre-de-vie\/boutique\/"},{"@type":"ListItem","position":3,"name":"L&#8217;avenir r\u00e9v\u00e9l\u00e9 par les Tarots &#8211; F. FESLIKENIAN &#8211; M. PICOLLO"}]},{"@type":"WebSite","@id":"https:\/\/www.verdieditions.com\/equilibre-de-vie\/#website","url":"https:\/\/www.verdieditions.com\/equilibre-de-vie\/","name":"Equilibre de Vie","description":"Ma boutique livres sant\u00e9, \u00e9sot\u00e9risme et d\u00e9veloppement personnel","publisher":{"@id":"https:\/\/www.verdieditions.com\/equilibre-de-vie\/#\/schema\/person\/9dcb2a6759f2f5fbf43ac0b44649cecb"},"potentialAction":[{"@type":"SearchAction","target":{"@type":"EntryPoint","urlTemplate":"https:\/\/www.verdieditions.com\/equilibre-de-vie\/?s={search_term_string}"},"query-input":{"@type":"PropertyValueSpecification","valueRequired":true,"valueName":"search_term_string"}}],"inLanguage":"fr-FR"},{"@type":["Person","Organization"],"@id":"https:\/\/www.verdieditions.com\/equilibre-de-vie\/#\/schema\/person\/9dcb2a6759f2f5fbf43ac0b44649cecb","name":"Sylvie VERDI","image":{"@type":"ImageObject","inLanguage":"fr-FR","@id":"https:\/\/www.verdieditions.com\/equilibre-de-vie\/wp-content\/uploads\/2020\/04\/livres-occasion-sante-esoterisme-developpement-personnel-2.jpg","url":"https:\/\/www.verdieditions.com\/equilibre-de-vie\/wp-content\/uploads\/2020\/04\/livres-occasion-sante-esoterisme-developpement-personnel-2.jpg","contentUrl":"https:\/\/www.verdieditions.com\/equilibre-de-vie\/wp-content\/uploads\/2020\/04\/livres-occasion-sante-esoterisme-developpement-personnel-2.jpg","width":800,"height":572,"caption":"Sylvie VERDI"},"logo":{"@id":"https:\/\/www.verdieditions.com\/equilibre-de-vie\/wp-content\/uploads\/2020\/04\/livres-occasion-sante-esoterisme-developpement-personnel-2.jpg"},"sameAs":["https:\/\/www.verdieditions.com\/equilibre-de-vie"]}]}},"_links":{"self":[{"href":"https:\/\/www.verdieditions.com\/equilibre-de-vie\/wp-json\/wp\/v2\/product\/1609","targetHints":{"allow":["GET"]}}],"collection":[{"href":"https:\/\/www.verdieditions.com\/equilibre-de-vie\/wp-json\/wp\/v2\/product"}],"about":[{"href":"https:\/\/www.verdieditions.com\/equilibre-de-vie\/wp-json\/wp\/v2\/types\/product"}],"wp:featuredmedia":[{"embeddable":true,"href":"https:\/\/www.verdieditions.com\/equilibre-de-vie\/wp-json\/wp\/v2\/media\/1629"}],"wp:attachment":[{"href":"https:\/\/www.verdieditions.com\/equilibre-de-vie\/wp-json\/wp\/v2\/media?parent=1609"}],"wp:term":[{"taxonomy":"product_brand","embeddable":true,"href":"https:\/\/www.verdieditions.com\/equilibre-de-vie\/wp-json\/wp\/v2\/product_brand?post=1609"},{"taxonomy":"product_cat","embeddable":true,"href":"https:\/\/www.verdieditions.com\/equilibre-de-vie\/wp-json\/wp\/v2\/product_cat?post=1609"},{"taxonomy":"product_tag","embeddable":true,"href":"https:\/\/www.verdieditions.com\/equilibre-de-vie\/wp-json\/wp\/v2\/product_tag?post=1609"}],"curies":[{"name":"wp","href":"https:\/\/api.w.org\/{rel}","templated":true}]}}