{"id":1600,"date":"2021-03-03T10:39:34","date_gmt":"2021-03-03T09:39:34","guid":{"rendered":"https:\/\/www.verdieditions.com\/equilibre-de-vie\/?post_type=product&#038;p=1600"},"modified":"2024-02-07T15:47:22","modified_gmt":"2024-02-07T14:47:22","slug":"supprimez-douleurs-doigt-dalet","status":"publish","type":"product","link":"https:\/\/www.verdieditions.com\/equilibre-de-vie\/produit\/supprimez-douleurs-doigt-dalet\/","title":{"rendered":"Supprimez vous-m\u00eame vos douleurs &#8211; Dr Roger DALET"},"content":{"rendered":"<p>Auteur : Dr Roger DALET<br \/>\nTitre : Supprimez vous-m\u00eame vos douleurs par simple pression d&rsquo;un doigt<br \/>\n\u00c9diteur : France Loisirs, 1980<br \/>\nCouverture cartonn\u00e9e \u00e9diteur avec jaquette<br \/>\nAvec de nombreux sch\u00e9mas et photos N&#038;B<br \/>\nDim. 16,5 x 24,5<br \/>\n160 pages<\/p>\n<p>L&rsquo;acupuncture, cette technique qui nous vient d&rsquo;Extr\u00eame-Orient, nous semble bien myst\u00e9rieuse&#8230; Pourtant, notre scepticisme initial a d\u00fb baisser pavillon devant ses r\u00e9ussites, et ceux qui font appel \u00e0 l&rsquo;acupuncture sont de plus en plus nombreux. Il y a un second pas \u00e0 franchir : pourquoi ne sauriez-vous pas, comme le font des milliers de Chinois, soulager vos proches, et vous-m\u00eame, par simple stimulation du doigt ? Il ne s&rsquo;agit pas, bien s\u00fbr, de traitements complets, r\u00e9serv\u00e9s aux m\u00e9decins acupuncteurs, mais de calmer rapidement, aussi bien qu&rsquo;avec gouttes ou cachets, les petits maux de chaque jour.<br \/>\nLe docteur Roger Dalet, interne des h\u00f4pitaux, ancien chef de clinique, est charg\u00e9 de former les \u00e9tudiants et les jeunes m\u00e9decins \u00e0 la connaissance et \u00e0 la pratique de l&rsquo;acupuncture. Aujourd&rsquo; hui, c&rsquo;est \u00e0 vous qu&rsquo;il destine ce manuel pratique.<\/p>\n","protected":false},"excerpt":{"rendered":"<p>Auteur : Dr Roger DALET<br \/>\nTitre : Supprimez vous-m\u00eame vos douleurs par simple pression d&rsquo;un doigt<br \/>\n\u00c9diteur : France Loisirs, 1980<br \/>\nCouverture cartonn\u00e9e \u00e9diteur avec jaquette<br \/>\nAvec de nombreux sch\u00e9mas et photos N&#038;B<br \/>\nDim. 16,5 x 24,5<br \/>\n160 pages<\/p>\n","protected":false},"featured_media":1645,"template":"","meta":[],"product_brand":[],"product_cat":[21],"product_tag":[25,99],"class_list":{"0":"post-1600","1":"product","2":"type-product","3":"status-publish","4":"has-post-thumbnail","6":"product_cat-sante","7":"product_tag-acupuncture","8":"product_tag-medecine-douce","10":"first","11":"outofstock","12":"shipping-taxable","13":"product-type-simple"},"yoast_head":"<!-- This site is optimized with the Yoast SEO plugin v27.4 - https:\/\/yoast.com\/product\/yoast-seo-wordpress\/ -->\n<title>Supprimez vous-m\u00eame vos douleurs - Dr Roger DALET<\/title>\n<meta name=\"description\" content=\"Dr Roger DALET - Supprimez vous-m\u00eame vos douleurs par simple pression d&#039;un doigt - France Loisirs, 1980 - Dim. 16,5 x 24,5 - 160 pages\" \/>\n<meta name=\"robots\" content=\"index, follow, max-snippet:-1, max-image-preview:large, max-video-preview:-1\" \/>\n<link rel=\"canonical\" href=\"https:\/\/www.verdieditions.com\/equilibre-de-vie\/produit\/supprimez-douleurs-doigt-dalet\/\" \/>\n<meta property=\"og:locale\" content=\"fr_FR\" \/>\n<meta property=\"og:type\" content=\"article\" \/>\n<meta property=\"og:title\" content=\"Supprimez vous-m\u00eame vos douleurs - Dr Roger DALET\" \/>\n<meta property=\"og:description\" content=\"Dr Roger DALET - Supprimez vous-m\u00eame vos douleurs par simple pression d&#039;un doigt - France Loisirs, 1980 - Dim. 16,5 x 24,5 - 160 pages\" \/>\n<meta property=\"og:url\" content=\"https:\/\/www.verdieditions.com\/equilibre-de-vie\/produit\/supprimez-douleurs-doigt-dalet\/\" \/>\n<meta property=\"og:site_name\" content=\"Equilibre de Vie\" \/>\n<meta property=\"article:modified_time\" content=\"2024-02-07T14:47:22+00:00\" \/>\n<meta property=\"og:image\" content=\"https:\/\/www.verdieditions.com\/equilibre-de-vie\/wp-content\/uploads\/2021\/03\/supprimez-douleurs-dalet-pression-doigt.jpg\" \/>\n\t<meta property=\"og:image:width\" content=\"800\" \/>\n\t<meta property=\"og:image:height\" content=\"1193\" \/>\n\t<meta property=\"og:image:type\" content=\"image\/jpeg\" \/>\n<meta name=\"twitter:card\" content=\"summary_large_image\" \/>\n<meta name=\"twitter:label1\" content=\"Dur\u00e9e de lecture estim\u00e9e\" \/>\n\t<meta name=\"twitter:data1\" content=\"1 minute\" \/>\n<script type=\"application\/ld+json\" class=\"yoast-schema-graph\">{\"@context\":\"https:\\\/\\\/schema.org\",\"@graph\":[{\"@type\":\"WebPage\",\"@id\":\"https:\\\/\\\/www.verdieditions.com\\\/equilibre-de-vie\\\/produit\\\/supprimez-douleurs-doigt-dalet\\\/\",\"url\":\"https:\\\/\\\/www.verdieditions.com\\\/equilibre-de-vie\\\/produit\\\/supprimez-douleurs-doigt-dalet\\\/\",\"name\":\"Supprimez vous-m\u00eame vos douleurs - Dr Roger DALET\",\"isPartOf\":{\"@id\":\"https:\\\/\\\/www.verdieditions.com\\\/equilibre-de-vie\\\/#website\"},\"primaryImageOfPage\":{\"@id\":\"https:\\\/\\\/www.verdieditions.com\\\/equilibre-de-vie\\\/produit\\\/supprimez-douleurs-doigt-dalet\\\/#primaryimage\"},\"image\":{\"@id\":\"https:\\\/\\\/www.verdieditions.com\\\/equilibre-de-vie\\\/produit\\\/supprimez-douleurs-doigt-dalet\\\/#primaryimage\"},\"thumbnailUrl\":\"https:\\\/\\\/www.verdieditions.com\\\/equilibre-de-vie\\\/wp-content\\\/uploads\\\/2021\\\/03\\\/supprimez-douleurs-dalet-pression-doigt.jpg\",\"datePublished\":\"2021-03-03T09:39:34+00:00\",\"dateModified\":\"2024-02-07T14:47:22+00:00\",\"description\":\"Dr Roger DALET - Supprimez vous-m\u00eame vos douleurs par simple pression d'un doigt - France Loisirs, 1980 - Dim. 16,5 x 24,5 - 160 pages\",\"breadcrumb\":{\"@id\":\"https:\\\/\\\/www.verdieditions.com\\\/equilibre-de-vie\\\/produit\\\/supprimez-douleurs-doigt-dalet\\\/#breadcrumb\"},\"inLanguage\":\"fr-FR\",\"potentialAction\":[{\"@type\":\"ReadAction\",\"target\":[\"https:\\\/\\\/www.verdieditions.com\\\/equilibre-de-vie\\\/produit\\\/supprimez-douleurs-doigt-dalet\\\/\"]}]},{\"@type\":\"ImageObject\",\"inLanguage\":\"fr-FR\",\"@id\":\"https:\\\/\\\/www.verdieditions.com\\\/equilibre-de-vie\\\/produit\\\/supprimez-douleurs-doigt-dalet\\\/#primaryimage\",\"url\":\"https:\\\/\\\/www.verdieditions.com\\\/equilibre-de-vie\\\/wp-content\\\/uploads\\\/2021\\\/03\\\/supprimez-douleurs-dalet-pression-doigt.jpg\",\"contentUrl\":\"https:\\\/\\\/www.verdieditions.com\\\/equilibre-de-vie\\\/wp-content\\\/uploads\\\/2021\\\/03\\\/supprimez-douleurs-dalet-pression-doigt.jpg\",\"width\":800,\"height\":1193,\"caption\":\"supprimez-douleurs-dalet-pression-doigt\"},{\"@type\":\"BreadcrumbList\",\"@id\":\"https:\\\/\\\/www.verdieditions.com\\\/equilibre-de-vie\\\/produit\\\/supprimez-douleurs-doigt-dalet\\\/#breadcrumb\",\"itemListElement\":[{\"@type\":\"ListItem\",\"position\":1,\"name\":\"Accueil\",\"item\":\"https:\\\/\\\/www.verdieditions.com\\\/equilibre-de-vie\\\/\"},{\"@type\":\"ListItem\",\"position\":2,\"name\":\"La boutique\",\"item\":\"https:\\\/\\\/www.verdieditions.com\\\/equilibre-de-vie\\\/boutique\\\/\"},{\"@type\":\"ListItem\",\"position\":3,\"name\":\"Supprimez vous-m\u00eame vos douleurs &#8211; Dr Roger DALET\"}]},{\"@type\":\"WebSite\",\"@id\":\"https:\\\/\\\/www.verdieditions.com\\\/equilibre-de-vie\\\/#website\",\"url\":\"https:\\\/\\\/www.verdieditions.com\\\/equilibre-de-vie\\\/\",\"name\":\"Equilibre de Vie\",\"description\":\"Ma boutique livres sant\u00e9, \u00e9sot\u00e9risme et d\u00e9veloppement personnel\",\"publisher\":{\"@id\":\"https:\\\/\\\/www.verdieditions.com\\\/equilibre-de-vie\\\/#\\\/schema\\\/person\\\/9dcb2a6759f2f5fbf43ac0b44649cecb\"},\"potentialAction\":[{\"@type\":\"SearchAction\",\"target\":{\"@type\":\"EntryPoint\",\"urlTemplate\":\"https:\\\/\\\/www.verdieditions.com\\\/equilibre-de-vie\\\/?s={search_term_string}\"},\"query-input\":{\"@type\":\"PropertyValueSpecification\",\"valueRequired\":true,\"valueName\":\"search_term_string\"}}],\"inLanguage\":\"fr-FR\"},{\"@type\":[\"Person\",\"Organization\"],\"@id\":\"https:\\\/\\\/www.verdieditions.com\\\/equilibre-de-vie\\\/#\\\/schema\\\/person\\\/9dcb2a6759f2f5fbf43ac0b44649cecb\",\"name\":\"Sylvie VERDI\",\"image\":{\"@type\":\"ImageObject\",\"inLanguage\":\"fr-FR\",\"@id\":\"https:\\\/\\\/www.verdieditions.com\\\/equilibre-de-vie\\\/wp-content\\\/uploads\\\/2020\\\/04\\\/livres-occasion-sante-esoterisme-developpement-personnel-2.jpg\",\"url\":\"https:\\\/\\\/www.verdieditions.com\\\/equilibre-de-vie\\\/wp-content\\\/uploads\\\/2020\\\/04\\\/livres-occasion-sante-esoterisme-developpement-personnel-2.jpg\",\"contentUrl\":\"https:\\\/\\\/www.verdieditions.com\\\/equilibre-de-vie\\\/wp-content\\\/uploads\\\/2020\\\/04\\\/livres-occasion-sante-esoterisme-developpement-personnel-2.jpg\",\"width\":800,\"height\":572,\"caption\":\"Sylvie VERDI\"},\"logo\":{\"@id\":\"https:\\\/\\\/www.verdieditions.com\\\/equilibre-de-vie\\\/wp-content\\\/uploads\\\/2020\\\/04\\\/livres-occasion-sante-esoterisme-developpement-personnel-2.jpg\"},\"sameAs\":[\"https:\\\/\\\/www.verdieditions.com\\\/equilibre-de-vie\"]}]}<\/script>\n<!-- \/ Yoast SEO plugin. -->","yoast_head_json":{"title":"Supprimez vous-m\u00eame vos douleurs - Dr Roger DALET","description":"Dr Roger DALET - Supprimez vous-m\u00eame vos douleurs par simple pression d'un doigt - France Loisirs, 1980 - Dim. 16,5 x 24,5 - 160 pages","robots":{"index":"index","follow":"follow","max-snippet":"max-snippet:-1","max-image-preview":"max-image-preview:large","max-video-preview":"max-video-preview:-1"},"canonical":"https:\/\/www.verdieditions.com\/equilibre-de-vie\/produit\/supprimez-douleurs-doigt-dalet\/","og_locale":"fr_FR","og_type":"article","og_title":"Supprimez vous-m\u00eame vos douleurs - Dr Roger DALET","og_description":"Dr Roger DALET - Supprimez vous-m\u00eame vos douleurs par simple pression d'un doigt - France Loisirs, 1980 - Dim. 16,5 x 24,5 - 160 pages","og_url":"https:\/\/www.verdieditions.com\/equilibre-de-vie\/produit\/supprimez-douleurs-doigt-dalet\/","og_site_name":"Equilibre de Vie","article_modified_time":"2024-02-07T14:47:22+00:00","og_image":[{"width":800,"height":1193,"url":"https:\/\/www.verdieditions.com\/equilibre-de-vie\/wp-content\/uploads\/2021\/03\/supprimez-douleurs-dalet-pression-doigt.jpg","type":"image\/jpeg"}],"twitter_card":"summary_large_image","twitter_misc":{"Dur\u00e9e de lecture estim\u00e9e":"1 minute"},"schema":{"@context":"https:\/\/schema.org","@graph":[{"@type":"WebPage","@id":"https:\/\/www.verdieditions.com\/equilibre-de-vie\/produit\/supprimez-douleurs-doigt-dalet\/","url":"https:\/\/www.verdieditions.com\/equilibre-de-vie\/produit\/supprimez-douleurs-doigt-dalet\/","name":"Supprimez vous-m\u00eame vos douleurs - Dr Roger DALET","isPartOf":{"@id":"https:\/\/www.verdieditions.com\/equilibre-de-vie\/#website"},"primaryImageOfPage":{"@id":"https:\/\/www.verdieditions.com\/equilibre-de-vie\/produit\/supprimez-douleurs-doigt-dalet\/#primaryimage"},"image":{"@id":"https:\/\/www.verdieditions.com\/equilibre-de-vie\/produit\/supprimez-douleurs-doigt-dalet\/#primaryimage"},"thumbnailUrl":"https:\/\/www.verdieditions.com\/equilibre-de-vie\/wp-content\/uploads\/2021\/03\/supprimez-douleurs-dalet-pression-doigt.jpg","datePublished":"2021-03-03T09:39:34+00:00","dateModified":"2024-02-07T14:47:22+00:00","description":"Dr Roger DALET - Supprimez vous-m\u00eame vos douleurs par simple pression d'un doigt - France Loisirs, 1980 - Dim. 16,5 x 24,5 - 160 pages","breadcrumb":{"@id":"https:\/\/www.verdieditions.com\/equilibre-de-vie\/produit\/supprimez-douleurs-doigt-dalet\/#breadcrumb"},"inLanguage":"fr-FR","potentialAction":[{"@type":"ReadAction","target":["https:\/\/www.verdieditions.com\/equilibre-de-vie\/produit\/supprimez-douleurs-doigt-dalet\/"]}]},{"@type":"ImageObject","inLanguage":"fr-FR","@id":"https:\/\/www.verdieditions.com\/equilibre-de-vie\/produit\/supprimez-douleurs-doigt-dalet\/#primaryimage","url":"https:\/\/www.verdieditions.com\/equilibre-de-vie\/wp-content\/uploads\/2021\/03\/supprimez-douleurs-dalet-pression-doigt.jpg","contentUrl":"https:\/\/www.verdieditions.com\/equilibre-de-vie\/wp-content\/uploads\/2021\/03\/supprimez-douleurs-dalet-pression-doigt.jpg","width":800,"height":1193,"caption":"supprimez-douleurs-dalet-pression-doigt"},{"@type":"BreadcrumbList","@id":"https:\/\/www.verdieditions.com\/equilibre-de-vie\/produit\/supprimez-douleurs-doigt-dalet\/#breadcrumb","itemListElement":[{"@type":"ListItem","position":1,"name":"Accueil","item":"https:\/\/www.verdieditions.com\/equilibre-de-vie\/"},{"@type":"ListItem","position":2,"name":"La boutique","item":"https:\/\/www.verdieditions.com\/equilibre-de-vie\/boutique\/"},{"@type":"ListItem","position":3,"name":"Supprimez vous-m\u00eame vos douleurs &#8211; Dr Roger DALET"}]},{"@type":"WebSite","@id":"https:\/\/www.verdieditions.com\/equilibre-de-vie\/#website","url":"https:\/\/www.verdieditions.com\/equilibre-de-vie\/","name":"Equilibre de Vie","description":"Ma boutique livres sant\u00e9, \u00e9sot\u00e9risme et d\u00e9veloppement personnel","publisher":{"@id":"https:\/\/www.verdieditions.com\/equilibre-de-vie\/#\/schema\/person\/9dcb2a6759f2f5fbf43ac0b44649cecb"},"potentialAction":[{"@type":"SearchAction","target":{"@type":"EntryPoint","urlTemplate":"https:\/\/www.verdieditions.com\/equilibre-de-vie\/?s={search_term_string}"},"query-input":{"@type":"PropertyValueSpecification","valueRequired":true,"valueName":"search_term_string"}}],"inLanguage":"fr-FR"},{"@type":["Person","Organization"],"@id":"https:\/\/www.verdieditions.com\/equilibre-de-vie\/#\/schema\/person\/9dcb2a6759f2f5fbf43ac0b44649cecb","name":"Sylvie VERDI","image":{"@type":"ImageObject","inLanguage":"fr-FR","@id":"https:\/\/www.verdieditions.com\/equilibre-de-vie\/wp-content\/uploads\/2020\/04\/livres-occasion-sante-esoterisme-developpement-personnel-2.jpg","url":"https:\/\/www.verdieditions.com\/equilibre-de-vie\/wp-content\/uploads\/2020\/04\/livres-occasion-sante-esoterisme-developpement-personnel-2.jpg","contentUrl":"https:\/\/www.verdieditions.com\/equilibre-de-vie\/wp-content\/uploads\/2020\/04\/livres-occasion-sante-esoterisme-developpement-personnel-2.jpg","width":800,"height":572,"caption":"Sylvie VERDI"},"logo":{"@id":"https:\/\/www.verdieditions.com\/equilibre-de-vie\/wp-content\/uploads\/2020\/04\/livres-occasion-sante-esoterisme-developpement-personnel-2.jpg"},"sameAs":["https:\/\/www.verdieditions.com\/equilibre-de-vie"]}]}},"_links":{"self":[{"href":"https:\/\/www.verdieditions.com\/equilibre-de-vie\/wp-json\/wp\/v2\/product\/1600","targetHints":{"allow":["GET"]}}],"collection":[{"href":"https:\/\/www.verdieditions.com\/equilibre-de-vie\/wp-json\/wp\/v2\/product"}],"about":[{"href":"https:\/\/www.verdieditions.com\/equilibre-de-vie\/wp-json\/wp\/v2\/types\/product"}],"wp:featuredmedia":[{"embeddable":true,"href":"https:\/\/www.verdieditions.com\/equilibre-de-vie\/wp-json\/wp\/v2\/media\/1645"}],"wp:attachment":[{"href":"https:\/\/www.verdieditions.com\/equilibre-de-vie\/wp-json\/wp\/v2\/media?parent=1600"}],"wp:term":[{"taxonomy":"product_brand","embeddable":true,"href":"https:\/\/www.verdieditions.com\/equilibre-de-vie\/wp-json\/wp\/v2\/product_brand?post=1600"},{"taxonomy":"product_cat","embeddable":true,"href":"https:\/\/www.verdieditions.com\/equilibre-de-vie\/wp-json\/wp\/v2\/product_cat?post=1600"},{"taxonomy":"product_tag","embeddable":true,"href":"https:\/\/www.verdieditions.com\/equilibre-de-vie\/wp-json\/wp\/v2\/product_tag?post=1600"}],"curies":[{"name":"wp","href":"https:\/\/api.w.org\/{rel}","templated":true}]}}