{"id":1188,"date":"2020-07-20T14:47:50","date_gmt":"2020-07-20T12:47:50","guid":{"rendered":"https:\/\/www.verdieditions.com\/equilibre-de-vie\/?post_type=product&#038;p=1188"},"modified":"2024-02-06T14:03:24","modified_gmt":"2024-02-06T13:03:24","slug":"loin-liberte-memoires-dalai-lama","status":"publish","type":"product","link":"https:\/\/www.verdieditions.com\/equilibre-de-vie\/produit\/loin-liberte-memoires-dalai-lama\/","title":{"rendered":"Au loin la libert\u00e9 &#8211; M\u00e9moires &#8211; S.S. Le Dala\u00ef Lama"},"content":{"rendered":"<p>Auteur : S.S. Le Dala\u00ef Lama, Prix Nobel de la paix<br \/>\nTitre : Au loin la libert\u00e9 &#8211; M\u00e9moires<br \/>\n\u00c9diteur : Fayard, 1990<br \/>\nNombreuses photos sur papier glac\u00e9<br \/>\nDim. 15 x 23,5<br \/>\n384 pages<\/p>\n<p>Pays de mythes et de myst\u00e8res (quels prodiges n&rsquo;a-t-on pas attribu\u00e9 \u00e0 ses lamas!) connu pendant des si\u00e8cles par les seuls r\u00e9cits de quelques voyageurs intr\u00e9pides, le Tibet entre brutalement dans l&rsquo;actualit\u00e9 en 1950, lorsque les troupes chinoises envahissent Lhassa, et plus encore en 1959, lorsque ces m\u00eames troupes r\u00e9priment dans le sang la r\u00e9volte du peuple tib\u00e9tain, massacrant 87 000 moines et civils.<\/p>\n<p>Trente ans plus tard, en hommage \u00e0 la lutte de son peuple, le dala\u00ef-lama a d\u00e9cid\u00e9 de raconter son histoire _ et quelle histoire! N\u00e9 dans une famille de paysans, reconnu \u00e0 l&rsquo;\u00e2ge de deux ans comme l&rsquo;incarnation du treizi\u00e8me dala\u00ef-lama, il est \u00e9lev\u00e9 dans l&rsquo;aust\u00e9rit\u00e9 _ mais aussi les fastes _ du Potala, le palais aux mille chambres, fuit une premi\u00e8re fois devant l&rsquo;occupant, regagne Lhassa et doit mener d\u00e8s lors une politique de compromis avec les autorit\u00e9s chinoises _ bien malais\u00e9e pour un adolescent de quinze ans. Il se rend en Chine, rencontre Mao, Chou, et plus tard Nehru. En 1959, sous la pression de son entourage, il r\u00e9ussit \u00e0 s&rsquo;enfuir au p\u00e9ril de sa vie et s&rsquo;installe en Inde, dans le village himalayen de Dharamsala. Plus de 100 000 de ses compatriotes le suivront. Aujourd&rsquo;hui, alors que la r\u00e9pression au Tibet s&rsquo;est mu\u00e9e en un v\u00e9ritable g\u00e9nocide (un million de morts, pr\u00e8s de 6 000 monast\u00e8res d\u00e9truits, la d\u00e9tention arbitraire, la d\u00e9portation et la torture g\u00e9n\u00e9ralis\u00e9es), le dala\u00ef-lama continue \u00e0 exercer ses fonctions \u00e0 la t\u00eate de la communaut\u00e9 tib\u00e9taine en exil et oeuvre sans rel\u00e2che \u00e0 la cause de la paix mondiale et de la non-violence. A l&rsquo;automne 1989, il re\u00e7oit le prix Nobel de la paix.<\/p>\n<p>Livre-souvenir, certes, qui rappelle avec humour les frasques de l&rsquo;enfant-dieu turbulent, et avec nostalgie un mode de vie disparu \u00e0 jamais, Au loin la libert\u00e9 est aussi un livre-r\u00e9flexion: sur le bouddhisme et ses liens avec le communisme, sur le malaise occidental et la politique en g\u00e9n\u00e9ral vus de l&rsquo;Himalaya, sur le probl\u00e8me de l&rsquo;environnement, qui est au coeur de la philosophie du dala\u00ef-lama, etc. Mais, plus que tout, c&rsquo;est un formidable message d&rsquo;espoir _ l&rsquo;espoir que, malgr\u00e9 ce que son peuple et lui ont pu subir, le dala\u00ef-lama place en l&rsquo;humanit\u00e9.<\/p>\n","protected":false},"excerpt":{"rendered":"<p>Auteur : S.S. Le Dala\u00ef Lama, Prix Nobel de la paix<br \/>\nTitre : Au loin la libert\u00e9 &#8211; M\u00e9moires<br \/>\n\u00c9diteur : Fayard, 1990<br \/>\nNombreuses photos sur papier glac\u00e9<br \/>\nDim. 15 x 23,5<br \/>\n384 pages<\/p>\n","protected":false},"featured_media":1192,"template":"","meta":[],"product_brand":[],"product_cat":[22],"product_tag":[41,54,85,265,141],"class_list":{"0":"post-1188","1":"product","2":"type-product","3":"status-publish","4":"has-post-thumbnail","6":"product_cat-developpement-personnel","7":"product_tag-bouddhisme","8":"product_tag-croyances","9":"product_tag-karma","10":"product_tag-philosophie","11":"product_tag-religion","13":"first","14":"instock","15":"shipping-taxable","16":"product-type-simple"},"yoast_head":"<!-- This site is optimized with the Yoast SEO plugin v27.4 - https:\/\/yoast.com\/product\/yoast-seo-wordpress\/ -->\n<title>Au loin la libert\u00e9 - M\u00e9moires - S.S. Le Dala\u00ef Lama - Equilibre de Vie<\/title>\n<meta name=\"description\" content=\"Auteur : S.S. Le Dala\u00ef Lama, Prix Nobel de la paix Titre : Au loin la libert\u00e9 - M\u00e9moires \u00c9diteur : Fayard, 1990 Dim. 15 x 23,5 384 pages\" \/>\n<meta name=\"robots\" content=\"index, follow, max-snippet:-1, max-image-preview:large, max-video-preview:-1\" \/>\n<link rel=\"canonical\" href=\"https:\/\/www.verdieditions.com\/equilibre-de-vie\/produit\/loin-liberte-memoires-dalai-lama\/\" \/>\n<meta property=\"og:locale\" content=\"fr_FR\" \/>\n<meta property=\"og:type\" content=\"article\" \/>\n<meta property=\"og:title\" content=\"Au loin la libert\u00e9 - M\u00e9moires - S.S. Le Dala\u00ef Lama - Equilibre de Vie\" \/>\n<meta property=\"og:description\" content=\"Auteur : S.S. Le Dala\u00ef Lama, Prix Nobel de la paix Titre : Au loin la libert\u00e9 - M\u00e9moires \u00c9diteur : Fayard, 1990 Dim. 15 x 23,5 384 pages\" \/>\n<meta property=\"og:url\" content=\"https:\/\/www.verdieditions.com\/equilibre-de-vie\/produit\/loin-liberte-memoires-dalai-lama\/\" \/>\n<meta property=\"og:site_name\" content=\"Equilibre de Vie\" \/>\n<meta property=\"article:modified_time\" content=\"2024-02-06T13:03:24+00:00\" \/>\n<meta property=\"og:image\" content=\"https:\/\/www.verdieditions.com\/equilibre-de-vie\/wp-content\/uploads\/2020\/07\/dalai-lama-loin-liberte.jpg\" \/>\n\t<meta property=\"og:image:width\" content=\"800\" \/>\n\t<meta property=\"og:image:height\" content=\"1214\" \/>\n\t<meta property=\"og:image:type\" content=\"image\/jpeg\" \/>\n<meta name=\"twitter:card\" content=\"summary_large_image\" \/>\n<meta name=\"twitter:label1\" content=\"Dur\u00e9e de lecture estim\u00e9e\" \/>\n\t<meta name=\"twitter:data1\" content=\"2 minutes\" \/>\n<script type=\"application\/ld+json\" class=\"yoast-schema-graph\">{\"@context\":\"https:\\\/\\\/schema.org\",\"@graph\":[{\"@type\":\"WebPage\",\"@id\":\"https:\\\/\\\/www.verdieditions.com\\\/equilibre-de-vie\\\/produit\\\/loin-liberte-memoires-dalai-lama\\\/\",\"url\":\"https:\\\/\\\/www.verdieditions.com\\\/equilibre-de-vie\\\/produit\\\/loin-liberte-memoires-dalai-lama\\\/\",\"name\":\"Au loin la libert\u00e9 - M\u00e9moires - S.S. Le Dala\u00ef Lama - Equilibre de Vie\",\"isPartOf\":{\"@id\":\"https:\\\/\\\/www.verdieditions.com\\\/equilibre-de-vie\\\/#website\"},\"primaryImageOfPage\":{\"@id\":\"https:\\\/\\\/www.verdieditions.com\\\/equilibre-de-vie\\\/produit\\\/loin-liberte-memoires-dalai-lama\\\/#primaryimage\"},\"image\":{\"@id\":\"https:\\\/\\\/www.verdieditions.com\\\/equilibre-de-vie\\\/produit\\\/loin-liberte-memoires-dalai-lama\\\/#primaryimage\"},\"thumbnailUrl\":\"https:\\\/\\\/www.verdieditions.com\\\/equilibre-de-vie\\\/wp-content\\\/uploads\\\/2020\\\/07\\\/dalai-lama-loin-liberte.jpg\",\"datePublished\":\"2020-07-20T12:47:50+00:00\",\"dateModified\":\"2024-02-06T13:03:24+00:00\",\"description\":\"Auteur : S.S. Le Dala\u00ef Lama, Prix Nobel de la paix Titre : Au loin la libert\u00e9 - M\u00e9moires \u00c9diteur : Fayard, 1990 Dim. 15 x 23,5 384 pages\",\"breadcrumb\":{\"@id\":\"https:\\\/\\\/www.verdieditions.com\\\/equilibre-de-vie\\\/produit\\\/loin-liberte-memoires-dalai-lama\\\/#breadcrumb\"},\"inLanguage\":\"fr-FR\",\"potentialAction\":[{\"@type\":\"ReadAction\",\"target\":[\"https:\\\/\\\/www.verdieditions.com\\\/equilibre-de-vie\\\/produit\\\/loin-liberte-memoires-dalai-lama\\\/\"]}]},{\"@type\":\"ImageObject\",\"inLanguage\":\"fr-FR\",\"@id\":\"https:\\\/\\\/www.verdieditions.com\\\/equilibre-de-vie\\\/produit\\\/loin-liberte-memoires-dalai-lama\\\/#primaryimage\",\"url\":\"https:\\\/\\\/www.verdieditions.com\\\/equilibre-de-vie\\\/wp-content\\\/uploads\\\/2020\\\/07\\\/dalai-lama-loin-liberte.jpg\",\"contentUrl\":\"https:\\\/\\\/www.verdieditions.com\\\/equilibre-de-vie\\\/wp-content\\\/uploads\\\/2020\\\/07\\\/dalai-lama-loin-liberte.jpg\",\"width\":800,\"height\":1214,\"caption\":\"dalai-lama-loin-liberte-memoires\"},{\"@type\":\"BreadcrumbList\",\"@id\":\"https:\\\/\\\/www.verdieditions.com\\\/equilibre-de-vie\\\/produit\\\/loin-liberte-memoires-dalai-lama\\\/#breadcrumb\",\"itemListElement\":[{\"@type\":\"ListItem\",\"position\":1,\"name\":\"Accueil\",\"item\":\"https:\\\/\\\/www.verdieditions.com\\\/equilibre-de-vie\\\/\"},{\"@type\":\"ListItem\",\"position\":2,\"name\":\"La boutique\",\"item\":\"https:\\\/\\\/www.verdieditions.com\\\/equilibre-de-vie\\\/boutique\\\/\"},{\"@type\":\"ListItem\",\"position\":3,\"name\":\"Au loin la libert\u00e9 &#8211; M\u00e9moires &#8211; S.S. Le Dala\u00ef Lama\"}]},{\"@type\":\"WebSite\",\"@id\":\"https:\\\/\\\/www.verdieditions.com\\\/equilibre-de-vie\\\/#website\",\"url\":\"https:\\\/\\\/www.verdieditions.com\\\/equilibre-de-vie\\\/\",\"name\":\"Equilibre de Vie\",\"description\":\"Ma boutique livres sant\u00e9, \u00e9sot\u00e9risme et d\u00e9veloppement personnel\",\"publisher\":{\"@id\":\"https:\\\/\\\/www.verdieditions.com\\\/equilibre-de-vie\\\/#\\\/schema\\\/person\\\/9dcb2a6759f2f5fbf43ac0b44649cecb\"},\"potentialAction\":[{\"@type\":\"SearchAction\",\"target\":{\"@type\":\"EntryPoint\",\"urlTemplate\":\"https:\\\/\\\/www.verdieditions.com\\\/equilibre-de-vie\\\/?s={search_term_string}\"},\"query-input\":{\"@type\":\"PropertyValueSpecification\",\"valueRequired\":true,\"valueName\":\"search_term_string\"}}],\"inLanguage\":\"fr-FR\"},{\"@type\":[\"Person\",\"Organization\"],\"@id\":\"https:\\\/\\\/www.verdieditions.com\\\/equilibre-de-vie\\\/#\\\/schema\\\/person\\\/9dcb2a6759f2f5fbf43ac0b44649cecb\",\"name\":\"Sylvie VERDI\",\"image\":{\"@type\":\"ImageObject\",\"inLanguage\":\"fr-FR\",\"@id\":\"https:\\\/\\\/www.verdieditions.com\\\/equilibre-de-vie\\\/wp-content\\\/uploads\\\/2020\\\/04\\\/livres-occasion-sante-esoterisme-developpement-personnel-2.jpg\",\"url\":\"https:\\\/\\\/www.verdieditions.com\\\/equilibre-de-vie\\\/wp-content\\\/uploads\\\/2020\\\/04\\\/livres-occasion-sante-esoterisme-developpement-personnel-2.jpg\",\"contentUrl\":\"https:\\\/\\\/www.verdieditions.com\\\/equilibre-de-vie\\\/wp-content\\\/uploads\\\/2020\\\/04\\\/livres-occasion-sante-esoterisme-developpement-personnel-2.jpg\",\"width\":800,\"height\":572,\"caption\":\"Sylvie VERDI\"},\"logo\":{\"@id\":\"https:\\\/\\\/www.verdieditions.com\\\/equilibre-de-vie\\\/wp-content\\\/uploads\\\/2020\\\/04\\\/livres-occasion-sante-esoterisme-developpement-personnel-2.jpg\"},\"sameAs\":[\"https:\\\/\\\/www.verdieditions.com\\\/equilibre-de-vie\"]}]}<\/script>\n<!-- \/ Yoast SEO plugin. -->","yoast_head_json":{"title":"Au loin la libert\u00e9 - M\u00e9moires - S.S. Le Dala\u00ef Lama - Equilibre de Vie","description":"Auteur : S.S. Le Dala\u00ef Lama, Prix Nobel de la paix Titre : Au loin la libert\u00e9 - M\u00e9moires \u00c9diteur : Fayard, 1990 Dim. 15 x 23,5 384 pages","robots":{"index":"index","follow":"follow","max-snippet":"max-snippet:-1","max-image-preview":"max-image-preview:large","max-video-preview":"max-video-preview:-1"},"canonical":"https:\/\/www.verdieditions.com\/equilibre-de-vie\/produit\/loin-liberte-memoires-dalai-lama\/","og_locale":"fr_FR","og_type":"article","og_title":"Au loin la libert\u00e9 - M\u00e9moires - S.S. Le Dala\u00ef Lama - Equilibre de Vie","og_description":"Auteur : S.S. Le Dala\u00ef Lama, Prix Nobel de la paix Titre : Au loin la libert\u00e9 - M\u00e9moires \u00c9diteur : Fayard, 1990 Dim. 15 x 23,5 384 pages","og_url":"https:\/\/www.verdieditions.com\/equilibre-de-vie\/produit\/loin-liberte-memoires-dalai-lama\/","og_site_name":"Equilibre de Vie","article_modified_time":"2024-02-06T13:03:24+00:00","og_image":[{"width":800,"height":1214,"url":"https:\/\/www.verdieditions.com\/equilibre-de-vie\/wp-content\/uploads\/2020\/07\/dalai-lama-loin-liberte.jpg","type":"image\/jpeg"}],"twitter_card":"summary_large_image","twitter_misc":{"Dur\u00e9e de lecture estim\u00e9e":"2 minutes"},"schema":{"@context":"https:\/\/schema.org","@graph":[{"@type":"WebPage","@id":"https:\/\/www.verdieditions.com\/equilibre-de-vie\/produit\/loin-liberte-memoires-dalai-lama\/","url":"https:\/\/www.verdieditions.com\/equilibre-de-vie\/produit\/loin-liberte-memoires-dalai-lama\/","name":"Au loin la libert\u00e9 - M\u00e9moires - S.S. Le Dala\u00ef Lama - Equilibre de Vie","isPartOf":{"@id":"https:\/\/www.verdieditions.com\/equilibre-de-vie\/#website"},"primaryImageOfPage":{"@id":"https:\/\/www.verdieditions.com\/equilibre-de-vie\/produit\/loin-liberte-memoires-dalai-lama\/#primaryimage"},"image":{"@id":"https:\/\/www.verdieditions.com\/equilibre-de-vie\/produit\/loin-liberte-memoires-dalai-lama\/#primaryimage"},"thumbnailUrl":"https:\/\/www.verdieditions.com\/equilibre-de-vie\/wp-content\/uploads\/2020\/07\/dalai-lama-loin-liberte.jpg","datePublished":"2020-07-20T12:47:50+00:00","dateModified":"2024-02-06T13:03:24+00:00","description":"Auteur : S.S. Le Dala\u00ef Lama, Prix Nobel de la paix Titre : Au loin la libert\u00e9 - M\u00e9moires \u00c9diteur : Fayard, 1990 Dim. 15 x 23,5 384 pages","breadcrumb":{"@id":"https:\/\/www.verdieditions.com\/equilibre-de-vie\/produit\/loin-liberte-memoires-dalai-lama\/#breadcrumb"},"inLanguage":"fr-FR","potentialAction":[{"@type":"ReadAction","target":["https:\/\/www.verdieditions.com\/equilibre-de-vie\/produit\/loin-liberte-memoires-dalai-lama\/"]}]},{"@type":"ImageObject","inLanguage":"fr-FR","@id":"https:\/\/www.verdieditions.com\/equilibre-de-vie\/produit\/loin-liberte-memoires-dalai-lama\/#primaryimage","url":"https:\/\/www.verdieditions.com\/equilibre-de-vie\/wp-content\/uploads\/2020\/07\/dalai-lama-loin-liberte.jpg","contentUrl":"https:\/\/www.verdieditions.com\/equilibre-de-vie\/wp-content\/uploads\/2020\/07\/dalai-lama-loin-liberte.jpg","width":800,"height":1214,"caption":"dalai-lama-loin-liberte-memoires"},{"@type":"BreadcrumbList","@id":"https:\/\/www.verdieditions.com\/equilibre-de-vie\/produit\/loin-liberte-memoires-dalai-lama\/#breadcrumb","itemListElement":[{"@type":"ListItem","position":1,"name":"Accueil","item":"https:\/\/www.verdieditions.com\/equilibre-de-vie\/"},{"@type":"ListItem","position":2,"name":"La boutique","item":"https:\/\/www.verdieditions.com\/equilibre-de-vie\/boutique\/"},{"@type":"ListItem","position":3,"name":"Au loin la libert\u00e9 &#8211; M\u00e9moires &#8211; S.S. Le Dala\u00ef Lama"}]},{"@type":"WebSite","@id":"https:\/\/www.verdieditions.com\/equilibre-de-vie\/#website","url":"https:\/\/www.verdieditions.com\/equilibre-de-vie\/","name":"Equilibre de Vie","description":"Ma boutique livres sant\u00e9, \u00e9sot\u00e9risme et d\u00e9veloppement personnel","publisher":{"@id":"https:\/\/www.verdieditions.com\/equilibre-de-vie\/#\/schema\/person\/9dcb2a6759f2f5fbf43ac0b44649cecb"},"potentialAction":[{"@type":"SearchAction","target":{"@type":"EntryPoint","urlTemplate":"https:\/\/www.verdieditions.com\/equilibre-de-vie\/?s={search_term_string}"},"query-input":{"@type":"PropertyValueSpecification","valueRequired":true,"valueName":"search_term_string"}}],"inLanguage":"fr-FR"},{"@type":["Person","Organization"],"@id":"https:\/\/www.verdieditions.com\/equilibre-de-vie\/#\/schema\/person\/9dcb2a6759f2f5fbf43ac0b44649cecb","name":"Sylvie VERDI","image":{"@type":"ImageObject","inLanguage":"fr-FR","@id":"https:\/\/www.verdieditions.com\/equilibre-de-vie\/wp-content\/uploads\/2020\/04\/livres-occasion-sante-esoterisme-developpement-personnel-2.jpg","url":"https:\/\/www.verdieditions.com\/equilibre-de-vie\/wp-content\/uploads\/2020\/04\/livres-occasion-sante-esoterisme-developpement-personnel-2.jpg","contentUrl":"https:\/\/www.verdieditions.com\/equilibre-de-vie\/wp-content\/uploads\/2020\/04\/livres-occasion-sante-esoterisme-developpement-personnel-2.jpg","width":800,"height":572,"caption":"Sylvie VERDI"},"logo":{"@id":"https:\/\/www.verdieditions.com\/equilibre-de-vie\/wp-content\/uploads\/2020\/04\/livres-occasion-sante-esoterisme-developpement-personnel-2.jpg"},"sameAs":["https:\/\/www.verdieditions.com\/equilibre-de-vie"]}]}},"_links":{"self":[{"href":"https:\/\/www.verdieditions.com\/equilibre-de-vie\/wp-json\/wp\/v2\/product\/1188","targetHints":{"allow":["GET"]}}],"collection":[{"href":"https:\/\/www.verdieditions.com\/equilibre-de-vie\/wp-json\/wp\/v2\/product"}],"about":[{"href":"https:\/\/www.verdieditions.com\/equilibre-de-vie\/wp-json\/wp\/v2\/types\/product"}],"wp:featuredmedia":[{"embeddable":true,"href":"https:\/\/www.verdieditions.com\/equilibre-de-vie\/wp-json\/wp\/v2\/media\/1192"}],"wp:attachment":[{"href":"https:\/\/www.verdieditions.com\/equilibre-de-vie\/wp-json\/wp\/v2\/media?parent=1188"}],"wp:term":[{"taxonomy":"product_brand","embeddable":true,"href":"https:\/\/www.verdieditions.com\/equilibre-de-vie\/wp-json\/wp\/v2\/product_brand?post=1188"},{"taxonomy":"product_cat","embeddable":true,"href":"https:\/\/www.verdieditions.com\/equilibre-de-vie\/wp-json\/wp\/v2\/product_cat?post=1188"},{"taxonomy":"product_tag","embeddable":true,"href":"https:\/\/www.verdieditions.com\/equilibre-de-vie\/wp-json\/wp\/v2\/product_tag?post=1188"}],"curies":[{"name":"wp","href":"https:\/\/api.w.org\/{rel}","templated":true}]}}