{"id":3030,"date":"2023-01-31T11:12:14","date_gmt":"2023-01-31T10:12:14","guid":{"rendered":"https:\/\/www.verdieditions.com\/cd-pop-rock\/?post_type=product&#038;p=3030"},"modified":"2026-01-01T02:28:19","modified_gmt":"2026-01-01T01:28:19","slug":"david-bowie-press-book-fan-1971-1983","status":"publish","type":"product","link":"https:\/\/www.verdieditions.com\/cd-pop-rock\/produit\/david-bowie-press-book-fan-1971-1983\/","title":{"rendered":"DAVID BOWIE &#8211; Press-book de Fan de 1971 \u00e0 1983"},"content":{"rendered":"<p>Artiste : DAVID BOWIE<br \/>\nPRESS-BOOK de fan de 1971 \u00e0 1983<br \/>\nAnn\u00e9es : de 1971 \u00e0 1983<\/p>\n<p>Coupures de presse, articles, etc. de Rock &#038; Folk, Best, Pop Hebdo, Rock &#038; Stock, Salut !, Rock, N\u00b01 Magazine, Rock News, Vid\u00e9o 7, Tube Express, Daily Planet, Bravo (D), Clap !, Cin\u00e9 Rock, Premi\u00e8re, Rock &#038; BD, T\u00e9l\u00e9 K7, Lib\u00e9ration, Guitare Magazine, T\u00e9l\u00e9rama, Starfix, Gai Pied et nombreux autres&#8230;<\/p>\n<p>+ courrier original de Natacha Smonialoff + photo du fan club &#038; courrier des amis de Natacha Smonialoff + poster Cin\u00e9 Rock  + badges concert Paris 1983<\/p>\n<p>Etat : Excellent, conserv\u00e9 dans d&rsquo;excellentes conditions sous blister au noir et au sec.<\/p>\n","protected":false},"excerpt":{"rendered":"<p>Artiste : DAVID BOWIE<br \/>\nPRESS-BOOK de fan de 1971 \u00e0 1983<br \/>\nAnn\u00e9es : de 1971 \u00e0 1983<\/p>\n<p>Coupures de presse, articles, etc. de Rock &#038; Folk, Best, Pop Hebdo, Rock &#038; Stock, Salut !, Rock, N\u00b01 Magazine, Rock News, Vid\u00e9o 7, Tube Express, Daily Planet, Bravo (D), Clap !, Cin\u00e9 Rock, Premi\u00e8re, Rock &#038; BD, T\u00e9l\u00e9 K7, Lib\u00e9ration, Guitare Magazine, T\u00e9l\u00e9rama, Starfix, Gai Pied et nombreux autres&#8230;<\/p>\n<p>+ courrier original de Natacha Smonialoff + photo du fan club &#038; courrier des amis de Natacha Smonialoff + poster Cin\u00e9 Rock  + badges concert Paris 1983<\/p>\n<p>Etat : Excellent, conserv\u00e9 dans d&rsquo;excellentes conditions sous blister au noir et au sec.<\/p>\n","protected":false},"featured_media":3039,"template":"","meta":[],"product_brand":[],"product_cat":[76],"product_tag":[89,83,88],"class_list":{"0":"post-3030","1":"product","2":"type-product","3":"status-publish","4":"has-post-thumbnail","6":"product_cat-livres","7":"product_tag-art-rock","8":"product_tag-pop","9":"product_tag-rock-progressif","11":"first","12":"instock","13":"sold-individually","14":"shipping-taxable","15":"product-type-simple"},"yoast_head":"<!-- This site is optimized with the Yoast SEO plugin v27.0 - https:\/\/yoast.com\/product\/yoast-seo-wordpress\/ -->\n<title>DAVID BOWIE - Press-book de Fan de 1971 \u00e0 1983<\/title>\n<meta name=\"description\" content=\"DAVID BOWIE PRESS-BOOK de fan de 1971 \u00e0 1983 Coupures de presse, articles, etc. de Rock &amp; Folk, Best, Pop Hebdo, Rock &amp; Stock, Salut !, Rock, N\u00b01 Magazine, Rock News, Vid\u00e9o 7, Tube Express, Daily Planet, Bravo (D), Clap !, Cin\u00e9 Rock, Premi\u00e8re, Rock &amp; BD, T\u00e9l\u00e9 K7, Lib\u00e9ration, Guitare Magazine, T\u00e9l\u00e9rama, Starfix, Gai Pied et nombreux autres+ Photo originale du fan club de Natacha Smonialoff + courrier de Natacha Smonialoff + courrier des amis de Natacha Smonialoff + poster Cin\u00e9 Rock Etat : Excellent, conserv\u00e9 dans d&#039;excellentes conditions\" \/>\n<meta name=\"robots\" content=\"index, follow, max-snippet:-1, max-image-preview:large, max-video-preview:-1\" \/>\n<link rel=\"canonical\" href=\"https:\/\/www.verdieditions.com\/cd-pop-rock\/produit\/david-bowie-press-book-fan-1971-1983\/\" \/>\n<meta property=\"og:locale\" content=\"fr_FR\" \/>\n<meta property=\"og:type\" content=\"article\" \/>\n<meta property=\"og:title\" content=\"DAVID BOWIE - Press-book de Fan de 1971 \u00e0 1983\" \/>\n<meta property=\"og:description\" content=\"DAVID BOWIE PRESS-BOOK de fan de 1971 \u00e0 1983 Coupures de presse, articles, etc. de Rock &amp; Folk, Best, Pop Hebdo, Rock &amp; Stock, Salut !, Rock, N\u00b01 Magazine, Rock News, Vid\u00e9o 7, Tube Express, Daily Planet, Bravo (D), Clap !, Cin\u00e9 Rock, Premi\u00e8re, Rock &amp; BD, T\u00e9l\u00e9 K7, Lib\u00e9ration, Guitare Magazine, T\u00e9l\u00e9rama, Starfix, Gai Pied et nombreux autres+ Photo originale du fan club de Natacha Smonialoff + courrier de Natacha Smonialoff + courrier des amis de Natacha Smonialoff + poster Cin\u00e9 Rock Etat : Excellent, conserv\u00e9 dans d&#039;excellentes conditions\" \/>\n<meta property=\"og:url\" content=\"https:\/\/www.verdieditions.com\/cd-pop-rock\/produit\/david-bowie-press-book-fan-1971-1983\/\" \/>\n<meta property=\"og:site_name\" content=\"CD Pop Rock\" \/>\n<meta property=\"article:publisher\" content=\"https:\/\/www.facebook.com\/CD-Pop-Rock-107168374818139\" \/>\n<meta property=\"article:modified_time\" content=\"2026-01-01T01:28:19+00:00\" \/>\n<meta property=\"og:image\" content=\"https:\/\/www.verdieditions.com\/cd-pop-rock\/wp-content\/uploads\/2023\/01\/BOWIE-press-book-1971-1983-12.jpg\" \/>\n\t<meta property=\"og:image:width\" content=\"800\" \/>\n\t<meta property=\"og:image:height\" content=\"533\" \/>\n\t<meta property=\"og:image:type\" content=\"image\/jpeg\" \/>\n<meta name=\"twitter:card\" content=\"summary_large_image\" \/>\n<script type=\"application\/ld+json\" class=\"yoast-schema-graph\">{\"@context\":\"https:\/\/schema.org\",\"@graph\":[{\"@type\":\"WebPage\",\"@id\":\"https:\/\/www.verdieditions.com\/cd-pop-rock\/produit\/david-bowie-press-book-fan-1971-1983\/\",\"url\":\"https:\/\/www.verdieditions.com\/cd-pop-rock\/produit\/david-bowie-press-book-fan-1971-1983\/\",\"name\":\"DAVID BOWIE - Press-book de Fan de 1971 \u00e0 1983\",\"isPartOf\":{\"@id\":\"https:\/\/www.verdieditions.com\/cd-pop-rock\/#website\"},\"primaryImageOfPage\":{\"@id\":\"https:\/\/www.verdieditions.com\/cd-pop-rock\/produit\/david-bowie-press-book-fan-1971-1983\/#primaryimage\"},\"image\":{\"@id\":\"https:\/\/www.verdieditions.com\/cd-pop-rock\/produit\/david-bowie-press-book-fan-1971-1983\/#primaryimage\"},\"thumbnailUrl\":\"https:\/\/www.verdieditions.com\/cd-pop-rock\/wp-content\/uploads\/2023\/01\/BOWIE-press-book-1971-1983-12.jpg\",\"datePublished\":\"2023-01-31T10:12:14+00:00\",\"dateModified\":\"2026-01-01T01:28:19+00:00\",\"description\":\"DAVID BOWIE PRESS-BOOK de fan de 1971 \u00e0 1983 Coupures de presse, articles, etc. de Rock & Folk, Best, Pop Hebdo, Rock & Stock, Salut !, Rock, N\u00b01 Magazine, Rock News, Vid\u00e9o 7, Tube Express, Daily Planet, Bravo (D), Clap !, Cin\u00e9 Rock, Premi\u00e8re, Rock & BD, T\u00e9l\u00e9 K7, Lib\u00e9ration, Guitare Magazine, T\u00e9l\u00e9rama, Starfix, Gai Pied et nombreux autres+ Photo originale du fan club de Natacha Smonialoff + courrier de Natacha Smonialoff + courrier des amis de Natacha Smonialoff + poster Cin\u00e9 Rock Etat : Excellent, conserv\u00e9 dans d'excellentes conditions\",\"breadcrumb\":{\"@id\":\"https:\/\/www.verdieditions.com\/cd-pop-rock\/produit\/david-bowie-press-book-fan-1971-1983\/#breadcrumb\"},\"inLanguage\":\"fr-FR\",\"potentialAction\":[{\"@type\":\"ReadAction\",\"target\":[\"https:\/\/www.verdieditions.com\/cd-pop-rock\/produit\/david-bowie-press-book-fan-1971-1983\/\"]}]},{\"@type\":\"ImageObject\",\"inLanguage\":\"fr-FR\",\"@id\":\"https:\/\/www.verdieditions.com\/cd-pop-rock\/produit\/david-bowie-press-book-fan-1971-1983\/#primaryimage\",\"url\":\"https:\/\/www.verdieditions.com\/cd-pop-rock\/wp-content\/uploads\/2023\/01\/BOWIE-press-book-1971-1983-12.jpg\",\"contentUrl\":\"https:\/\/www.verdieditions.com\/cd-pop-rock\/wp-content\/uploads\/2023\/01\/BOWIE-press-book-1971-1983-12.jpg\",\"width\":800,\"height\":533,\"caption\":\"BOWIE-press-book-1971-1983-12\"},{\"@type\":\"BreadcrumbList\",\"@id\":\"https:\/\/www.verdieditions.com\/cd-pop-rock\/produit\/david-bowie-press-book-fan-1971-1983\/#breadcrumb\",\"itemListElement\":[{\"@type\":\"ListItem\",\"position\":1,\"name\":\"Accueil\",\"item\":\"https:\/\/www.verdieditions.com\/cd-pop-rock\/\"},{\"@type\":\"ListItem\",\"position\":2,\"name\":\"La Boutique\",\"item\":\"https:\/\/www.verdieditions.com\/cd-pop-rock\/boutique\/\"},{\"@type\":\"ListItem\",\"position\":3,\"name\":\"DAVID BOWIE &#8211; Press-book de Fan de 1971 \u00e0 1983\"}]},{\"@type\":\"WebSite\",\"@id\":\"https:\/\/www.verdieditions.com\/cd-pop-rock\/#website\",\"url\":\"https:\/\/www.verdieditions.com\/cd-pop-rock\/\",\"name\":\"CD Pop Rock\",\"description\":\"CD, K7, Vinyles, VHS et DVD de Musique Pop et Rock vintage\",\"publisher\":{\"@id\":\"https:\/\/www.verdieditions.com\/cd-pop-rock\/#\/schema\/person\/3a9da867add08338474907117bf9668a\"},\"potentialAction\":[{\"@type\":\"SearchAction\",\"target\":{\"@type\":\"EntryPoint\",\"urlTemplate\":\"https:\/\/www.verdieditions.com\/cd-pop-rock\/?s={search_term_string}\"},\"query-input\":{\"@type\":\"PropertyValueSpecification\",\"valueRequired\":true,\"valueName\":\"search_term_string\"}}],\"inLanguage\":\"fr-FR\"},{\"@type\":[\"Person\",\"Organization\"],\"@id\":\"https:\/\/www.verdieditions.com\/cd-pop-rock\/#\/schema\/person\/3a9da867add08338474907117bf9668a\",\"name\":\"Sylvie VERDI\",\"image\":{\"@type\":\"ImageObject\",\"inLanguage\":\"fr-FR\",\"@id\":\"https:\/\/www.verdieditions.com\/cd-pop-rock\/#\/schema\/person\/image\/\",\"url\":\"https:\/\/www.verdieditions.com\/cd-pop-rock\/wp-content\/uploads\/2021\/01\/cropped-favicon-cd-pop-rock-vinyle-32x32-1.png\",\"contentUrl\":\"https:\/\/www.verdieditions.com\/cd-pop-rock\/wp-content\/uploads\/2021\/01\/cropped-favicon-cd-pop-rock-vinyle-32x32-1.png\",\"width\":512,\"height\":512,\"caption\":\"Sylvie VERDI\"},\"logo\":{\"@id\":\"https:\/\/www.verdieditions.com\/cd-pop-rock\/#\/schema\/person\/image\/\"},\"sameAs\":[\"https:\/\/www.verdieditions.com\/cd-pop-rock\",\"https:\/\/www.facebook.com\/CD-Pop-Rock-107168374818139\"]}]}<\/script>\n<!-- \/ Yoast SEO plugin. -->","yoast_head_json":{"title":"DAVID BOWIE - Press-book de Fan de 1971 \u00e0 1983","description":"DAVID BOWIE PRESS-BOOK de fan de 1971 \u00e0 1983 Coupures de presse, articles, etc. de Rock & Folk, Best, Pop Hebdo, Rock & Stock, Salut !, Rock, N\u00b01 Magazine, Rock News, Vid\u00e9o 7, Tube Express, Daily Planet, Bravo (D), Clap !, Cin\u00e9 Rock, Premi\u00e8re, Rock & BD, T\u00e9l\u00e9 K7, Lib\u00e9ration, Guitare Magazine, T\u00e9l\u00e9rama, Starfix, Gai Pied et nombreux autres+ Photo originale du fan club de Natacha Smonialoff + courrier de Natacha Smonialoff + courrier des amis de Natacha Smonialoff + poster Cin\u00e9 Rock Etat : Excellent, conserv\u00e9 dans d'excellentes conditions","robots":{"index":"index","follow":"follow","max-snippet":"max-snippet:-1","max-image-preview":"max-image-preview:large","max-video-preview":"max-video-preview:-1"},"canonical":"https:\/\/www.verdieditions.com\/cd-pop-rock\/produit\/david-bowie-press-book-fan-1971-1983\/","og_locale":"fr_FR","og_type":"article","og_title":"DAVID BOWIE - Press-book de Fan de 1971 \u00e0 1983","og_description":"DAVID BOWIE PRESS-BOOK de fan de 1971 \u00e0 1983 Coupures de presse, articles, etc. de Rock & Folk, Best, Pop Hebdo, Rock & Stock, Salut !, Rock, N\u00b01 Magazine, Rock News, Vid\u00e9o 7, Tube Express, Daily Planet, Bravo (D), Clap !, Cin\u00e9 Rock, Premi\u00e8re, Rock & BD, T\u00e9l\u00e9 K7, Lib\u00e9ration, Guitare Magazine, T\u00e9l\u00e9rama, Starfix, Gai Pied et nombreux autres+ Photo originale du fan club de Natacha Smonialoff + courrier de Natacha Smonialoff + courrier des amis de Natacha Smonialoff + poster Cin\u00e9 Rock Etat : Excellent, conserv\u00e9 dans d'excellentes conditions","og_url":"https:\/\/www.verdieditions.com\/cd-pop-rock\/produit\/david-bowie-press-book-fan-1971-1983\/","og_site_name":"CD Pop Rock","article_publisher":"https:\/\/www.facebook.com\/CD-Pop-Rock-107168374818139","article_modified_time":"2026-01-01T01:28:19+00:00","og_image":[{"width":800,"height":533,"url":"https:\/\/www.verdieditions.com\/cd-pop-rock\/wp-content\/uploads\/2023\/01\/BOWIE-press-book-1971-1983-12.jpg","type":"image\/jpeg"}],"twitter_card":"summary_large_image","schema":{"@context":"https:\/\/schema.org","@graph":[{"@type":"WebPage","@id":"https:\/\/www.verdieditions.com\/cd-pop-rock\/produit\/david-bowie-press-book-fan-1971-1983\/","url":"https:\/\/www.verdieditions.com\/cd-pop-rock\/produit\/david-bowie-press-book-fan-1971-1983\/","name":"DAVID BOWIE - Press-book de Fan de 1971 \u00e0 1983","isPartOf":{"@id":"https:\/\/www.verdieditions.com\/cd-pop-rock\/#website"},"primaryImageOfPage":{"@id":"https:\/\/www.verdieditions.com\/cd-pop-rock\/produit\/david-bowie-press-book-fan-1971-1983\/#primaryimage"},"image":{"@id":"https:\/\/www.verdieditions.com\/cd-pop-rock\/produit\/david-bowie-press-book-fan-1971-1983\/#primaryimage"},"thumbnailUrl":"https:\/\/www.verdieditions.com\/cd-pop-rock\/wp-content\/uploads\/2023\/01\/BOWIE-press-book-1971-1983-12.jpg","datePublished":"2023-01-31T10:12:14+00:00","dateModified":"2026-01-01T01:28:19+00:00","description":"DAVID BOWIE PRESS-BOOK de fan de 1971 \u00e0 1983 Coupures de presse, articles, etc. de Rock & Folk, Best, Pop Hebdo, Rock & Stock, Salut !, Rock, N\u00b01 Magazine, Rock News, Vid\u00e9o 7, Tube Express, Daily Planet, Bravo (D), Clap !, Cin\u00e9 Rock, Premi\u00e8re, Rock & BD, T\u00e9l\u00e9 K7, Lib\u00e9ration, Guitare Magazine, T\u00e9l\u00e9rama, Starfix, Gai Pied et nombreux autres+ Photo originale du fan club de Natacha Smonialoff + courrier de Natacha Smonialoff + courrier des amis de Natacha Smonialoff + poster Cin\u00e9 Rock Etat : Excellent, conserv\u00e9 dans d'excellentes conditions","breadcrumb":{"@id":"https:\/\/www.verdieditions.com\/cd-pop-rock\/produit\/david-bowie-press-book-fan-1971-1983\/#breadcrumb"},"inLanguage":"fr-FR","potentialAction":[{"@type":"ReadAction","target":["https:\/\/www.verdieditions.com\/cd-pop-rock\/produit\/david-bowie-press-book-fan-1971-1983\/"]}]},{"@type":"ImageObject","inLanguage":"fr-FR","@id":"https:\/\/www.verdieditions.com\/cd-pop-rock\/produit\/david-bowie-press-book-fan-1971-1983\/#primaryimage","url":"https:\/\/www.verdieditions.com\/cd-pop-rock\/wp-content\/uploads\/2023\/01\/BOWIE-press-book-1971-1983-12.jpg","contentUrl":"https:\/\/www.verdieditions.com\/cd-pop-rock\/wp-content\/uploads\/2023\/01\/BOWIE-press-book-1971-1983-12.jpg","width":800,"height":533,"caption":"BOWIE-press-book-1971-1983-12"},{"@type":"BreadcrumbList","@id":"https:\/\/www.verdieditions.com\/cd-pop-rock\/produit\/david-bowie-press-book-fan-1971-1983\/#breadcrumb","itemListElement":[{"@type":"ListItem","position":1,"name":"Accueil","item":"https:\/\/www.verdieditions.com\/cd-pop-rock\/"},{"@type":"ListItem","position":2,"name":"La Boutique","item":"https:\/\/www.verdieditions.com\/cd-pop-rock\/boutique\/"},{"@type":"ListItem","position":3,"name":"DAVID BOWIE &#8211; Press-book de Fan de 1971 \u00e0 1983"}]},{"@type":"WebSite","@id":"https:\/\/www.verdieditions.com\/cd-pop-rock\/#website","url":"https:\/\/www.verdieditions.com\/cd-pop-rock\/","name":"CD Pop Rock","description":"CD, K7, Vinyles, VHS et DVD de Musique Pop et Rock vintage","publisher":{"@id":"https:\/\/www.verdieditions.com\/cd-pop-rock\/#\/schema\/person\/3a9da867add08338474907117bf9668a"},"potentialAction":[{"@type":"SearchAction","target":{"@type":"EntryPoint","urlTemplate":"https:\/\/www.verdieditions.com\/cd-pop-rock\/?s={search_term_string}"},"query-input":{"@type":"PropertyValueSpecification","valueRequired":true,"valueName":"search_term_string"}}],"inLanguage":"fr-FR"},{"@type":["Person","Organization"],"@id":"https:\/\/www.verdieditions.com\/cd-pop-rock\/#\/schema\/person\/3a9da867add08338474907117bf9668a","name":"Sylvie VERDI","image":{"@type":"ImageObject","inLanguage":"fr-FR","@id":"https:\/\/www.verdieditions.com\/cd-pop-rock\/#\/schema\/person\/image\/","url":"https:\/\/www.verdieditions.com\/cd-pop-rock\/wp-content\/uploads\/2021\/01\/cropped-favicon-cd-pop-rock-vinyle-32x32-1.png","contentUrl":"https:\/\/www.verdieditions.com\/cd-pop-rock\/wp-content\/uploads\/2021\/01\/cropped-favicon-cd-pop-rock-vinyle-32x32-1.png","width":512,"height":512,"caption":"Sylvie VERDI"},"logo":{"@id":"https:\/\/www.verdieditions.com\/cd-pop-rock\/#\/schema\/person\/image\/"},"sameAs":["https:\/\/www.verdieditions.com\/cd-pop-rock","https:\/\/www.facebook.com\/CD-Pop-Rock-107168374818139"]}]}},"_links":{"self":[{"href":"https:\/\/www.verdieditions.com\/cd-pop-rock\/wp-json\/wp\/v2\/product\/3030","targetHints":{"allow":["GET"]}}],"collection":[{"href":"https:\/\/www.verdieditions.com\/cd-pop-rock\/wp-json\/wp\/v2\/product"}],"about":[{"href":"https:\/\/www.verdieditions.com\/cd-pop-rock\/wp-json\/wp\/v2\/types\/product"}],"wp:featuredmedia":[{"embeddable":true,"href":"https:\/\/www.verdieditions.com\/cd-pop-rock\/wp-json\/wp\/v2\/media\/3039"}],"wp:attachment":[{"href":"https:\/\/www.verdieditions.com\/cd-pop-rock\/wp-json\/wp\/v2\/media?parent=3030"}],"wp:term":[{"taxonomy":"product_brand","embeddable":true,"href":"https:\/\/www.verdieditions.com\/cd-pop-rock\/wp-json\/wp\/v2\/product_brand?post=3030"},{"taxonomy":"product_cat","embeddable":true,"href":"https:\/\/www.verdieditions.com\/cd-pop-rock\/wp-json\/wp\/v2\/product_cat?post=3030"},{"taxonomy":"product_tag","embeddable":true,"href":"https:\/\/www.verdieditions.com\/cd-pop-rock\/wp-json\/wp\/v2\/product_tag?post=3030"}],"curies":[{"name":"wp","href":"https:\/\/api.w.org\/{rel}","templated":true}]}}