{"id":3025,"date":"2023-01-31T10:58:58","date_gmt":"2023-01-31T09:58:58","guid":{"rendered":"https:\/\/www.verdieditions.com\/cd-pop-rock\/?post_type=product&#038;p=3025"},"modified":"2024-02-19T13:52:19","modified_gmt":"2024-02-19T12:52:19","slug":"serie-amicalement-votre-dvd","status":"publish","type":"product","link":"https:\/\/www.verdieditions.com\/cd-pop-rock\/produit\/serie-amicalement-votre-dvd\/","title":{"rendered":"S\u00e9rie Amicalement V\u00f4tre &#8211; Collection  6 DVD 24 \u00e9p."},"content":{"rendered":"<p>Artiste : Roger Moore &#038; Tony Curtis<br \/>\nTitre : Amicalement V\u00f4tre<br \/>\nNombre d&rsquo;\u00e9pisodes : 24<br \/>\nEtat : comme neufs, boitiers et DVD<\/p>\n<p>Lot de 6 DVD de la s\u00e9rie mythique Amicalement V\u00f4tre avec Roger Moore &#038; Tony Curtis<\/p>\n<p>Amicalement v\u00f4tre (The Persuaders) est une s\u00e9rie t\u00e9l\u00e9vis\u00e9e britannique en 24 \u00e9pisodes de 50 minutes, cr\u00e9\u00e9e par Robert S. Baker et diffus\u00e9e entre le 17 septembre 1971 et le 25 f\u00e9vrier 1972 sur le r\u00e9seau ITV. Elle met en vedette Roger Moore dans le r\u00f4le de Lord Brett Sinclair et Tony Curtis dans celui de Daniel Wilde.<\/p>\n<p><a href=\"https:\/\/fr.wikipedia.org\/wiki\/Amicalement_v%C3%B4tre\">https:\/\/fr.wikipedia.org\/wiki\/Amicalement_v%C3%B4tre<\/a><\/p>\n","protected":false},"excerpt":{"rendered":"<p>Artiste : Roger Moore &#038; Tony Curtis<br \/>\nTitre : Amicalement V\u00f4tre<br \/>\nNombre d&rsquo;\u00e9pisodes : 24<br \/>\nEtat : comme neufs, boitiers et DVD<\/p>\n<p>Lot de 6 DVD de la s\u00e9rie mythique Amicalement V\u00f4tre avec Roger Moore &#038; Tony Curtis<\/p>\n","protected":false},"featured_media":3029,"template":"","meta":[],"product_brand":[],"product_cat":[162],"product_tag":[168],"class_list":{"0":"post-3025","1":"product","2":"type-product","3":"status-publish","4":"has-post-thumbnail","6":"product_cat-videos-films","7":"product_tag-dvd","9":"first","10":"outofstock","11":"sale","12":"shipping-taxable","13":"product-type-simple"},"yoast_head":"<!-- This site is optimized with the Yoast SEO plugin v27.0 - https:\/\/yoast.com\/product\/yoast-seo-wordpress\/ -->\n<title>S\u00e9rie Amicalement V\u00f4tre - Collection 6 DVD 24 \u00e9p. - CD Pop Rock<\/title>\n<meta name=\"description\" content=\"Roger Moore &amp; Tony Curtis - Amicalement V\u00f4tre Nb \u00e9pisodes : 24 comme neufs, boitiers et DVD - Lot de 6 DVD de la s\u00e9rie mythique Amicalement V\u00f4tre\" \/>\n<meta name=\"robots\" content=\"index, follow, max-snippet:-1, max-image-preview:large, max-video-preview:-1\" \/>\n<link rel=\"canonical\" href=\"https:\/\/www.verdieditions.com\/cd-pop-rock\/produit\/serie-amicalement-votre-dvd\/\" \/>\n<meta property=\"og:locale\" content=\"fr_FR\" \/>\n<meta property=\"og:type\" content=\"article\" \/>\n<meta property=\"og:title\" content=\"S\u00e9rie Amicalement V\u00f4tre - Collection 6 DVD 24 \u00e9p. - CD Pop Rock\" \/>\n<meta property=\"og:description\" content=\"Roger Moore &amp; Tony Curtis - Amicalement V\u00f4tre Nb \u00e9pisodes : 24 comme neufs, boitiers et DVD - Lot de 6 DVD de la s\u00e9rie mythique Amicalement V\u00f4tre\" \/>\n<meta property=\"og:url\" content=\"https:\/\/www.verdieditions.com\/cd-pop-rock\/produit\/serie-amicalement-votre-dvd\/\" \/>\n<meta property=\"og:site_name\" content=\"CD Pop Rock\" \/>\n<meta property=\"article:publisher\" content=\"https:\/\/www.facebook.com\/CD-Pop-Rock-107168374818139\" \/>\n<meta property=\"article:modified_time\" content=\"2024-02-19T12:52:19+00:00\" \/>\n<meta property=\"og:image\" content=\"https:\/\/www.verdieditions.com\/cd-pop-rock\/wp-content\/uploads\/2023\/01\/amicalement-votre-serie-DVD-3.jpg\" \/>\n\t<meta property=\"og:image:width\" content=\"800\" \/>\n\t<meta property=\"og:image:height\" content=\"575\" \/>\n\t<meta property=\"og:image:type\" content=\"image\/jpeg\" \/>\n<meta name=\"twitter:card\" content=\"summary_large_image\" \/>\n<meta name=\"twitter:label1\" content=\"Dur\u00e9e de lecture estim\u00e9e\" \/>\n\t<meta name=\"twitter:data1\" content=\"1 minute\" \/>\n<script type=\"application\/ld+json\" class=\"yoast-schema-graph\">{\"@context\":\"https:\/\/schema.org\",\"@graph\":[{\"@type\":\"WebPage\",\"@id\":\"https:\/\/www.verdieditions.com\/cd-pop-rock\/produit\/serie-amicalement-votre-dvd\/\",\"url\":\"https:\/\/www.verdieditions.com\/cd-pop-rock\/produit\/serie-amicalement-votre-dvd\/\",\"name\":\"S\u00e9rie Amicalement V\u00f4tre - Collection 6 DVD 24 \u00e9p. - CD Pop Rock\",\"isPartOf\":{\"@id\":\"https:\/\/www.verdieditions.com\/cd-pop-rock\/#website\"},\"primaryImageOfPage\":{\"@id\":\"https:\/\/www.verdieditions.com\/cd-pop-rock\/produit\/serie-amicalement-votre-dvd\/#primaryimage\"},\"image\":{\"@id\":\"https:\/\/www.verdieditions.com\/cd-pop-rock\/produit\/serie-amicalement-votre-dvd\/#primaryimage\"},\"thumbnailUrl\":\"https:\/\/www.verdieditions.com\/cd-pop-rock\/wp-content\/uploads\/2023\/01\/amicalement-votre-serie-DVD-3.jpg\",\"datePublished\":\"2023-01-31T09:58:58+00:00\",\"dateModified\":\"2024-02-19T12:52:19+00:00\",\"description\":\"Roger Moore & Tony Curtis - Amicalement V\u00f4tre Nb \u00e9pisodes : 24 comme neufs, boitiers et DVD - Lot de 6 DVD de la s\u00e9rie mythique Amicalement V\u00f4tre\",\"breadcrumb\":{\"@id\":\"https:\/\/www.verdieditions.com\/cd-pop-rock\/produit\/serie-amicalement-votre-dvd\/#breadcrumb\"},\"inLanguage\":\"fr-FR\",\"potentialAction\":[{\"@type\":\"ReadAction\",\"target\":[\"https:\/\/www.verdieditions.com\/cd-pop-rock\/produit\/serie-amicalement-votre-dvd\/\"]}]},{\"@type\":\"ImageObject\",\"inLanguage\":\"fr-FR\",\"@id\":\"https:\/\/www.verdieditions.com\/cd-pop-rock\/produit\/serie-amicalement-votre-dvd\/#primaryimage\",\"url\":\"https:\/\/www.verdieditions.com\/cd-pop-rock\/wp-content\/uploads\/2023\/01\/amicalement-votre-serie-DVD-3.jpg\",\"contentUrl\":\"https:\/\/www.verdieditions.com\/cd-pop-rock\/wp-content\/uploads\/2023\/01\/amicalement-votre-serie-DVD-3.jpg\",\"width\":800,\"height\":575,\"caption\":\"amicalement-votre-serie-DVD-3\"},{\"@type\":\"BreadcrumbList\",\"@id\":\"https:\/\/www.verdieditions.com\/cd-pop-rock\/produit\/serie-amicalement-votre-dvd\/#breadcrumb\",\"itemListElement\":[{\"@type\":\"ListItem\",\"position\":1,\"name\":\"Accueil\",\"item\":\"https:\/\/www.verdieditions.com\/cd-pop-rock\/\"},{\"@type\":\"ListItem\",\"position\":2,\"name\":\"La Boutique\",\"item\":\"https:\/\/www.verdieditions.com\/cd-pop-rock\/boutique\/\"},{\"@type\":\"ListItem\",\"position\":3,\"name\":\"S\u00e9rie Amicalement V\u00f4tre &#8211; Collection 6 DVD 24 \u00e9p.\"}]},{\"@type\":\"WebSite\",\"@id\":\"https:\/\/www.verdieditions.com\/cd-pop-rock\/#website\",\"url\":\"https:\/\/www.verdieditions.com\/cd-pop-rock\/\",\"name\":\"CD Pop Rock\",\"description\":\"CD, K7, Vinyles, VHS et DVD de Musique Pop et Rock vintage\",\"publisher\":{\"@id\":\"https:\/\/www.verdieditions.com\/cd-pop-rock\/#\/schema\/person\/3a9da867add08338474907117bf9668a\"},\"potentialAction\":[{\"@type\":\"SearchAction\",\"target\":{\"@type\":\"EntryPoint\",\"urlTemplate\":\"https:\/\/www.verdieditions.com\/cd-pop-rock\/?s={search_term_string}\"},\"query-input\":{\"@type\":\"PropertyValueSpecification\",\"valueRequired\":true,\"valueName\":\"search_term_string\"}}],\"inLanguage\":\"fr-FR\"},{\"@type\":[\"Person\",\"Organization\"],\"@id\":\"https:\/\/www.verdieditions.com\/cd-pop-rock\/#\/schema\/person\/3a9da867add08338474907117bf9668a\",\"name\":\"Sylvie VERDI\",\"image\":{\"@type\":\"ImageObject\",\"inLanguage\":\"fr-FR\",\"@id\":\"https:\/\/www.verdieditions.com\/cd-pop-rock\/#\/schema\/person\/image\/\",\"url\":\"https:\/\/www.verdieditions.com\/cd-pop-rock\/wp-content\/uploads\/2021\/01\/cropped-favicon-cd-pop-rock-vinyle-32x32-1.png\",\"contentUrl\":\"https:\/\/www.verdieditions.com\/cd-pop-rock\/wp-content\/uploads\/2021\/01\/cropped-favicon-cd-pop-rock-vinyle-32x32-1.png\",\"width\":512,\"height\":512,\"caption\":\"Sylvie VERDI\"},\"logo\":{\"@id\":\"https:\/\/www.verdieditions.com\/cd-pop-rock\/#\/schema\/person\/image\/\"},\"sameAs\":[\"https:\/\/www.verdieditions.com\/cd-pop-rock\",\"https:\/\/www.facebook.com\/CD-Pop-Rock-107168374818139\"]}]}<\/script>\n<!-- \/ Yoast SEO plugin. -->","yoast_head_json":{"title":"S\u00e9rie Amicalement V\u00f4tre - Collection 6 DVD 24 \u00e9p. - CD Pop Rock","description":"Roger Moore & Tony Curtis - Amicalement V\u00f4tre Nb \u00e9pisodes : 24 comme neufs, boitiers et DVD - Lot de 6 DVD de la s\u00e9rie mythique Amicalement V\u00f4tre","robots":{"index":"index","follow":"follow","max-snippet":"max-snippet:-1","max-image-preview":"max-image-preview:large","max-video-preview":"max-video-preview:-1"},"canonical":"https:\/\/www.verdieditions.com\/cd-pop-rock\/produit\/serie-amicalement-votre-dvd\/","og_locale":"fr_FR","og_type":"article","og_title":"S\u00e9rie Amicalement V\u00f4tre - Collection 6 DVD 24 \u00e9p. - CD Pop Rock","og_description":"Roger Moore & Tony Curtis - Amicalement V\u00f4tre Nb \u00e9pisodes : 24 comme neufs, boitiers et DVD - Lot de 6 DVD de la s\u00e9rie mythique Amicalement V\u00f4tre","og_url":"https:\/\/www.verdieditions.com\/cd-pop-rock\/produit\/serie-amicalement-votre-dvd\/","og_site_name":"CD Pop Rock","article_publisher":"https:\/\/www.facebook.com\/CD-Pop-Rock-107168374818139","article_modified_time":"2024-02-19T12:52:19+00:00","og_image":[{"width":800,"height":575,"url":"https:\/\/www.verdieditions.com\/cd-pop-rock\/wp-content\/uploads\/2023\/01\/amicalement-votre-serie-DVD-3.jpg","type":"image\/jpeg"}],"twitter_card":"summary_large_image","twitter_misc":{"Dur\u00e9e de lecture estim\u00e9e":"1 minute"},"schema":{"@context":"https:\/\/schema.org","@graph":[{"@type":"WebPage","@id":"https:\/\/www.verdieditions.com\/cd-pop-rock\/produit\/serie-amicalement-votre-dvd\/","url":"https:\/\/www.verdieditions.com\/cd-pop-rock\/produit\/serie-amicalement-votre-dvd\/","name":"S\u00e9rie Amicalement V\u00f4tre - Collection 6 DVD 24 \u00e9p. - CD Pop Rock","isPartOf":{"@id":"https:\/\/www.verdieditions.com\/cd-pop-rock\/#website"},"primaryImageOfPage":{"@id":"https:\/\/www.verdieditions.com\/cd-pop-rock\/produit\/serie-amicalement-votre-dvd\/#primaryimage"},"image":{"@id":"https:\/\/www.verdieditions.com\/cd-pop-rock\/produit\/serie-amicalement-votre-dvd\/#primaryimage"},"thumbnailUrl":"https:\/\/www.verdieditions.com\/cd-pop-rock\/wp-content\/uploads\/2023\/01\/amicalement-votre-serie-DVD-3.jpg","datePublished":"2023-01-31T09:58:58+00:00","dateModified":"2024-02-19T12:52:19+00:00","description":"Roger Moore & Tony Curtis - Amicalement V\u00f4tre Nb \u00e9pisodes : 24 comme neufs, boitiers et DVD - Lot de 6 DVD de la s\u00e9rie mythique Amicalement V\u00f4tre","breadcrumb":{"@id":"https:\/\/www.verdieditions.com\/cd-pop-rock\/produit\/serie-amicalement-votre-dvd\/#breadcrumb"},"inLanguage":"fr-FR","potentialAction":[{"@type":"ReadAction","target":["https:\/\/www.verdieditions.com\/cd-pop-rock\/produit\/serie-amicalement-votre-dvd\/"]}]},{"@type":"ImageObject","inLanguage":"fr-FR","@id":"https:\/\/www.verdieditions.com\/cd-pop-rock\/produit\/serie-amicalement-votre-dvd\/#primaryimage","url":"https:\/\/www.verdieditions.com\/cd-pop-rock\/wp-content\/uploads\/2023\/01\/amicalement-votre-serie-DVD-3.jpg","contentUrl":"https:\/\/www.verdieditions.com\/cd-pop-rock\/wp-content\/uploads\/2023\/01\/amicalement-votre-serie-DVD-3.jpg","width":800,"height":575,"caption":"amicalement-votre-serie-DVD-3"},{"@type":"BreadcrumbList","@id":"https:\/\/www.verdieditions.com\/cd-pop-rock\/produit\/serie-amicalement-votre-dvd\/#breadcrumb","itemListElement":[{"@type":"ListItem","position":1,"name":"Accueil","item":"https:\/\/www.verdieditions.com\/cd-pop-rock\/"},{"@type":"ListItem","position":2,"name":"La Boutique","item":"https:\/\/www.verdieditions.com\/cd-pop-rock\/boutique\/"},{"@type":"ListItem","position":3,"name":"S\u00e9rie Amicalement V\u00f4tre &#8211; Collection 6 DVD 24 \u00e9p."}]},{"@type":"WebSite","@id":"https:\/\/www.verdieditions.com\/cd-pop-rock\/#website","url":"https:\/\/www.verdieditions.com\/cd-pop-rock\/","name":"CD Pop Rock","description":"CD, K7, Vinyles, VHS et DVD de Musique Pop et Rock vintage","publisher":{"@id":"https:\/\/www.verdieditions.com\/cd-pop-rock\/#\/schema\/person\/3a9da867add08338474907117bf9668a"},"potentialAction":[{"@type":"SearchAction","target":{"@type":"EntryPoint","urlTemplate":"https:\/\/www.verdieditions.com\/cd-pop-rock\/?s={search_term_string}"},"query-input":{"@type":"PropertyValueSpecification","valueRequired":true,"valueName":"search_term_string"}}],"inLanguage":"fr-FR"},{"@type":["Person","Organization"],"@id":"https:\/\/www.verdieditions.com\/cd-pop-rock\/#\/schema\/person\/3a9da867add08338474907117bf9668a","name":"Sylvie VERDI","image":{"@type":"ImageObject","inLanguage":"fr-FR","@id":"https:\/\/www.verdieditions.com\/cd-pop-rock\/#\/schema\/person\/image\/","url":"https:\/\/www.verdieditions.com\/cd-pop-rock\/wp-content\/uploads\/2021\/01\/cropped-favicon-cd-pop-rock-vinyle-32x32-1.png","contentUrl":"https:\/\/www.verdieditions.com\/cd-pop-rock\/wp-content\/uploads\/2021\/01\/cropped-favicon-cd-pop-rock-vinyle-32x32-1.png","width":512,"height":512,"caption":"Sylvie VERDI"},"logo":{"@id":"https:\/\/www.verdieditions.com\/cd-pop-rock\/#\/schema\/person\/image\/"},"sameAs":["https:\/\/www.verdieditions.com\/cd-pop-rock","https:\/\/www.facebook.com\/CD-Pop-Rock-107168374818139"]}]}},"_links":{"self":[{"href":"https:\/\/www.verdieditions.com\/cd-pop-rock\/wp-json\/wp\/v2\/product\/3025","targetHints":{"allow":["GET"]}}],"collection":[{"href":"https:\/\/www.verdieditions.com\/cd-pop-rock\/wp-json\/wp\/v2\/product"}],"about":[{"href":"https:\/\/www.verdieditions.com\/cd-pop-rock\/wp-json\/wp\/v2\/types\/product"}],"wp:featuredmedia":[{"embeddable":true,"href":"https:\/\/www.verdieditions.com\/cd-pop-rock\/wp-json\/wp\/v2\/media\/3029"}],"wp:attachment":[{"href":"https:\/\/www.verdieditions.com\/cd-pop-rock\/wp-json\/wp\/v2\/media?parent=3025"}],"wp:term":[{"taxonomy":"product_brand","embeddable":true,"href":"https:\/\/www.verdieditions.com\/cd-pop-rock\/wp-json\/wp\/v2\/product_brand?post=3025"},{"taxonomy":"product_cat","embeddable":true,"href":"https:\/\/www.verdieditions.com\/cd-pop-rock\/wp-json\/wp\/v2\/product_cat?post=3025"},{"taxonomy":"product_tag","embeddable":true,"href":"https:\/\/www.verdieditions.com\/cd-pop-rock\/wp-json\/wp\/v2\/product_tag?post=3025"}],"curies":[{"name":"wp","href":"https:\/\/api.w.org\/{rel}","templated":true}]}}