{"id":3010,"date":"2023-01-16T14:38:29","date_gmt":"2023-01-16T13:38:29","guid":{"rendered":"https:\/\/www.verdieditions.com\/cd-pop-rock\/?post_type=product&#038;p=3010"},"modified":"2024-02-19T14:16:10","modified_gmt":"2024-02-19T13:16:10","slug":"interfit-kit-lampes-projecteurs-studio","status":"publish","type":"product","link":"https:\/\/www.verdieditions.com\/cd-pop-rock\/produit\/interfit-kit-lampes-projecteurs-studio\/","title":{"rendered":"INTERFIT &#8211; Kit projecteurs studio photo SXT3200 avec 2 Lampes 500W + 2 Pieds + 2 Parapluies + 1 Sac"},"content":{"rendered":"<p>Marque : INTERFIT<br \/>\nProduit : Kit studio photo INTERFIT SXT3200 avec 2 Lampes 500W + 2 Pieds + 2 Parapluies + 1 Sac<br \/>\nMod\u00e8le : SXT3200<br \/>\nProjecteurs pour photos en studio en \u00e9clairage continu lumi\u00e8re tungst\u00e8ne<br \/>\n2 x t\u00eates STELLAR STX3200 Tungst\u00e8ne + r\u00e9flecteur (culot E27)<br \/>\n2 x pieds hauteur maxi 2.30 m (COR750)<br \/>\n1 x parapluie argent\u00e9 : Diam\u00e8tre 105 cm env.<br \/>\n1 x parapluie translucide : Diam\u00e8tre 105 cm env.<br \/>\n2 x c\u00e2bles d&rsquo;alimentation<br \/>\n2 x Ampoules 500W &#8211; 240V<br \/>\n1 x DVD instructions en anglais<br \/>\n1 x Sac de transport<br \/>\nEtat : Bon \u00e9tat g\u00e9n\u00e9ral, lampes 500W OK.<br \/>\nPrix neuf : 399 TCC<\/p>\n<p>Ce kit Interfit Stellar 3200 \u00b0K Tungsten est id\u00e9al pour l&rsquo;\u00e9clairage de studio num\u00e9rique.<br \/>\nIl est particuli\u00e8rement recommand\u00e9 pour travailler avec des appareils photo num\u00e9riques.<br \/>\nUtilisable \u00e9galement avec les appareils photo argentiques \u00e9quip\u00e9s en film noir et blanc (ou film couleur avec un filtre 80A).<br \/>\nChaque t\u00eate est fournie compl\u00e8te avec un r\u00e9flecteur de 18cm, un trou de 1cm dans le r\u00e9flecteur permet le montage d&rsquo;un parapluie.<\/p>\n<p>Pas d&rsquo;exp\u00e9dition pour ce produit fragile ; disponible \u00e0 Lorient (56).<\/p>\n","protected":false},"excerpt":{"rendered":"<p>Marque : INTERFIT<br \/>\nProduit : Kit studio photo INTERFIT SXT3200 avec 2 Lampes 500W + 2 Pieds + 2 Parapluies + 1 Sac<br \/>\nMod\u00e8le : SXT3200<br \/>\nProjecteurs pour photos en studio en \u00e9clairage continu lumi\u00e8re tungst\u00e8ne<br \/>\n2 x t\u00eates STELLAR STX3200 Tungst\u00e8ne + r\u00e9flecteur (culot E27)<br \/>\n2 x pieds hauteur maxi 2.30 m (COR750)<br \/>\n1 x parapluie argent\u00e9 : Diam\u00e8tre 105 cm env.<br \/>\n1 x parapluie translucide : Diam\u00e8tre 105 cm env.<br \/>\n2 x c\u00e2bles d&rsquo;alimentation<br \/>\n2 x Ampoules 500W &#8211; 240V<br \/>\n1 x DVD instructions en anglais<br \/>\n1 x Sac de transport<br \/>\nEtat : Bon \u00e9tat g\u00e9n\u00e9ral, lampes 500W OK.<br \/>\nPrix neuf : 399 TCC<\/p>\n<p>Ce kit Interfit Stellar 3200 \u00b0K Tungsten est id\u00e9al pour l&rsquo;\u00e9clairage de studio num\u00e9rique.<br \/>\nIl est particuli\u00e8rement recommand\u00e9 pour travailler avec des appareils photo num\u00e9riques.<br \/>\nUtilisable \u00e9galement avec les appareils photo argentiques \u00e9quip\u00e9s en film noir et blanc (ou film couleur avec un filtre 80A).<br \/>\nChaque t\u00eate est fournie compl\u00e8te avec un r\u00e9flecteur de 18cm, un trou de 1cm dans le r\u00e9flecteur permet le montage d&rsquo;un parapluie.<\/p>\n<p>Pas d&rsquo;exp\u00e9dition pour ce produit fragile ; disponible \u00e0 Lorient (56).<\/p>\n","protected":false},"featured_media":3011,"template":"","meta":[],"product_brand":[],"product_cat":[74],"product_tag":[227,226,228],"class_list":{"0":"post-3010","1":"product","2":"type-product","3":"status-publish","4":"has-post-thumbnail","6":"product_cat-materiel","7":"product_tag-lampes","8":"product_tag-photo","9":"product_tag-projecteur","11":"first","12":"outofstock","13":"sale","14":"sold-individually","15":"shipping-taxable","16":"product-type-simple"},"yoast_head":"<!-- This site is optimized with the Yoast SEO plugin v27.0 - https:\/\/yoast.com\/product\/yoast-seo-wordpress\/ -->\n<title>INTERFIT Kit 2 projecteurs studio photo SXT3200 2 Lampes 500W<\/title>\n<meta name=\"description\" content=\"Kit studio photo INTERFIT SXT3200 2 Lampes 500W 2 Pieds 2 Parapluies 1 Sac Projecteurs pour photos en studio en \u00e9clairage continu lumi\u00e8re tungst\u00e8ne\" \/>\n<meta name=\"robots\" content=\"index, follow, max-snippet:-1, max-image-preview:large, max-video-preview:-1\" \/>\n<link rel=\"canonical\" href=\"https:\/\/www.verdieditions.com\/cd-pop-rock\/produit\/interfit-kit-lampes-projecteurs-studio\/\" \/>\n<meta property=\"og:locale\" content=\"fr_FR\" \/>\n<meta property=\"og:type\" content=\"article\" \/>\n<meta property=\"og:title\" content=\"INTERFIT Kit 2 projecteurs studio photo SXT3200 2 Lampes 500W\" \/>\n<meta property=\"og:description\" content=\"Kit studio photo INTERFIT SXT3200 2 Lampes 500W 2 Pieds 2 Parapluies 1 Sac Projecteurs pour photos en studio en \u00e9clairage continu lumi\u00e8re tungst\u00e8ne\" \/>\n<meta property=\"og:url\" content=\"https:\/\/www.verdieditions.com\/cd-pop-rock\/produit\/interfit-kit-lampes-projecteurs-studio\/\" \/>\n<meta property=\"og:site_name\" content=\"CD Pop Rock\" \/>\n<meta property=\"article:publisher\" content=\"https:\/\/www.facebook.com\/CD-Pop-Rock-107168374818139\" \/>\n<meta property=\"article:modified_time\" content=\"2024-02-19T13:16:10+00:00\" \/>\n<meta property=\"og:image\" content=\"https:\/\/www.verdieditions.com\/cd-pop-rock\/wp-content\/uploads\/2023\/01\/projecteur-photo-interfit-1.jpg\" \/>\n\t<meta property=\"og:image:width\" content=\"800\" \/>\n\t<meta property=\"og:image:height\" content=\"622\" \/>\n\t<meta property=\"og:image:type\" content=\"image\/jpeg\" \/>\n<meta name=\"twitter:card\" content=\"summary_large_image\" \/>\n<meta name=\"twitter:label1\" content=\"Dur\u00e9e de lecture estim\u00e9e\" \/>\n\t<meta name=\"twitter:data1\" content=\"1 minute\" \/>\n<script type=\"application\/ld+json\" class=\"yoast-schema-graph\">{\"@context\":\"https:\/\/schema.org\",\"@graph\":[{\"@type\":\"WebPage\",\"@id\":\"https:\/\/www.verdieditions.com\/cd-pop-rock\/produit\/interfit-kit-lampes-projecteurs-studio\/\",\"url\":\"https:\/\/www.verdieditions.com\/cd-pop-rock\/produit\/interfit-kit-lampes-projecteurs-studio\/\",\"name\":\"INTERFIT Kit 2 projecteurs studio photo SXT3200 2 Lampes 500W\",\"isPartOf\":{\"@id\":\"https:\/\/www.verdieditions.com\/cd-pop-rock\/#website\"},\"primaryImageOfPage\":{\"@id\":\"https:\/\/www.verdieditions.com\/cd-pop-rock\/produit\/interfit-kit-lampes-projecteurs-studio\/#primaryimage\"},\"image\":{\"@id\":\"https:\/\/www.verdieditions.com\/cd-pop-rock\/produit\/interfit-kit-lampes-projecteurs-studio\/#primaryimage\"},\"thumbnailUrl\":\"https:\/\/www.verdieditions.com\/cd-pop-rock\/wp-content\/uploads\/2023\/01\/projecteur-photo-interfit-1.jpg\",\"datePublished\":\"2023-01-16T13:38:29+00:00\",\"dateModified\":\"2024-02-19T13:16:10+00:00\",\"description\":\"Kit studio photo INTERFIT SXT3200 2 Lampes 500W 2 Pieds 2 Parapluies 1 Sac Projecteurs pour photos en studio en \u00e9clairage continu lumi\u00e8re tungst\u00e8ne\",\"breadcrumb\":{\"@id\":\"https:\/\/www.verdieditions.com\/cd-pop-rock\/produit\/interfit-kit-lampes-projecteurs-studio\/#breadcrumb\"},\"inLanguage\":\"fr-FR\",\"potentialAction\":[{\"@type\":\"ReadAction\",\"target\":[\"https:\/\/www.verdieditions.com\/cd-pop-rock\/produit\/interfit-kit-lampes-projecteurs-studio\/\"]}]},{\"@type\":\"ImageObject\",\"inLanguage\":\"fr-FR\",\"@id\":\"https:\/\/www.verdieditions.com\/cd-pop-rock\/produit\/interfit-kit-lampes-projecteurs-studio\/#primaryimage\",\"url\":\"https:\/\/www.verdieditions.com\/cd-pop-rock\/wp-content\/uploads\/2023\/01\/projecteur-photo-interfit-1.jpg\",\"contentUrl\":\"https:\/\/www.verdieditions.com\/cd-pop-rock\/wp-content\/uploads\/2023\/01\/projecteur-photo-interfit-1.jpg\",\"width\":800,\"height\":622,\"caption\":\"projecteur-photo-interfit-1\"},{\"@type\":\"BreadcrumbList\",\"@id\":\"https:\/\/www.verdieditions.com\/cd-pop-rock\/produit\/interfit-kit-lampes-projecteurs-studio\/#breadcrumb\",\"itemListElement\":[{\"@type\":\"ListItem\",\"position\":1,\"name\":\"Accueil\",\"item\":\"https:\/\/www.verdieditions.com\/cd-pop-rock\/\"},{\"@type\":\"ListItem\",\"position\":2,\"name\":\"La Boutique\",\"item\":\"https:\/\/www.verdieditions.com\/cd-pop-rock\/boutique\/\"},{\"@type\":\"ListItem\",\"position\":3,\"name\":\"INTERFIT &#8211; Kit projecteurs studio photo SXT3200 avec 2 Lampes 500W + 2 Pieds + 2 Parapluies + 1 Sac\"}]},{\"@type\":\"WebSite\",\"@id\":\"https:\/\/www.verdieditions.com\/cd-pop-rock\/#website\",\"url\":\"https:\/\/www.verdieditions.com\/cd-pop-rock\/\",\"name\":\"CD Pop Rock\",\"description\":\"CD, K7, Vinyles, VHS et DVD de Musique Pop et Rock vintage\",\"publisher\":{\"@id\":\"https:\/\/www.verdieditions.com\/cd-pop-rock\/#\/schema\/person\/3a9da867add08338474907117bf9668a\"},\"potentialAction\":[{\"@type\":\"SearchAction\",\"target\":{\"@type\":\"EntryPoint\",\"urlTemplate\":\"https:\/\/www.verdieditions.com\/cd-pop-rock\/?s={search_term_string}\"},\"query-input\":{\"@type\":\"PropertyValueSpecification\",\"valueRequired\":true,\"valueName\":\"search_term_string\"}}],\"inLanguage\":\"fr-FR\"},{\"@type\":[\"Person\",\"Organization\"],\"@id\":\"https:\/\/www.verdieditions.com\/cd-pop-rock\/#\/schema\/person\/3a9da867add08338474907117bf9668a\",\"name\":\"Sylvie VERDI\",\"image\":{\"@type\":\"ImageObject\",\"inLanguage\":\"fr-FR\",\"@id\":\"https:\/\/www.verdieditions.com\/cd-pop-rock\/#\/schema\/person\/image\/\",\"url\":\"https:\/\/www.verdieditions.com\/cd-pop-rock\/wp-content\/uploads\/2021\/01\/cropped-favicon-cd-pop-rock-vinyle-32x32-1.png\",\"contentUrl\":\"https:\/\/www.verdieditions.com\/cd-pop-rock\/wp-content\/uploads\/2021\/01\/cropped-favicon-cd-pop-rock-vinyle-32x32-1.png\",\"width\":512,\"height\":512,\"caption\":\"Sylvie VERDI\"},\"logo\":{\"@id\":\"https:\/\/www.verdieditions.com\/cd-pop-rock\/#\/schema\/person\/image\/\"},\"sameAs\":[\"https:\/\/www.verdieditions.com\/cd-pop-rock\",\"https:\/\/www.facebook.com\/CD-Pop-Rock-107168374818139\"]}]}<\/script>\n<!-- \/ Yoast SEO plugin. -->","yoast_head_json":{"title":"INTERFIT Kit 2 projecteurs studio photo SXT3200 2 Lampes 500W","description":"Kit studio photo INTERFIT SXT3200 2 Lampes 500W 2 Pieds 2 Parapluies 1 Sac Projecteurs pour photos en studio en \u00e9clairage continu lumi\u00e8re tungst\u00e8ne","robots":{"index":"index","follow":"follow","max-snippet":"max-snippet:-1","max-image-preview":"max-image-preview:large","max-video-preview":"max-video-preview:-1"},"canonical":"https:\/\/www.verdieditions.com\/cd-pop-rock\/produit\/interfit-kit-lampes-projecteurs-studio\/","og_locale":"fr_FR","og_type":"article","og_title":"INTERFIT Kit 2 projecteurs studio photo SXT3200 2 Lampes 500W","og_description":"Kit studio photo INTERFIT SXT3200 2 Lampes 500W 2 Pieds 2 Parapluies 1 Sac Projecteurs pour photos en studio en \u00e9clairage continu lumi\u00e8re tungst\u00e8ne","og_url":"https:\/\/www.verdieditions.com\/cd-pop-rock\/produit\/interfit-kit-lampes-projecteurs-studio\/","og_site_name":"CD Pop Rock","article_publisher":"https:\/\/www.facebook.com\/CD-Pop-Rock-107168374818139","article_modified_time":"2024-02-19T13:16:10+00:00","og_image":[{"width":800,"height":622,"url":"https:\/\/www.verdieditions.com\/cd-pop-rock\/wp-content\/uploads\/2023\/01\/projecteur-photo-interfit-1.jpg","type":"image\/jpeg"}],"twitter_card":"summary_large_image","twitter_misc":{"Dur\u00e9e de lecture estim\u00e9e":"1 minute"},"schema":{"@context":"https:\/\/schema.org","@graph":[{"@type":"WebPage","@id":"https:\/\/www.verdieditions.com\/cd-pop-rock\/produit\/interfit-kit-lampes-projecteurs-studio\/","url":"https:\/\/www.verdieditions.com\/cd-pop-rock\/produit\/interfit-kit-lampes-projecteurs-studio\/","name":"INTERFIT Kit 2 projecteurs studio photo SXT3200 2 Lampes 500W","isPartOf":{"@id":"https:\/\/www.verdieditions.com\/cd-pop-rock\/#website"},"primaryImageOfPage":{"@id":"https:\/\/www.verdieditions.com\/cd-pop-rock\/produit\/interfit-kit-lampes-projecteurs-studio\/#primaryimage"},"image":{"@id":"https:\/\/www.verdieditions.com\/cd-pop-rock\/produit\/interfit-kit-lampes-projecteurs-studio\/#primaryimage"},"thumbnailUrl":"https:\/\/www.verdieditions.com\/cd-pop-rock\/wp-content\/uploads\/2023\/01\/projecteur-photo-interfit-1.jpg","datePublished":"2023-01-16T13:38:29+00:00","dateModified":"2024-02-19T13:16:10+00:00","description":"Kit studio photo INTERFIT SXT3200 2 Lampes 500W 2 Pieds 2 Parapluies 1 Sac Projecteurs pour photos en studio en \u00e9clairage continu lumi\u00e8re tungst\u00e8ne","breadcrumb":{"@id":"https:\/\/www.verdieditions.com\/cd-pop-rock\/produit\/interfit-kit-lampes-projecteurs-studio\/#breadcrumb"},"inLanguage":"fr-FR","potentialAction":[{"@type":"ReadAction","target":["https:\/\/www.verdieditions.com\/cd-pop-rock\/produit\/interfit-kit-lampes-projecteurs-studio\/"]}]},{"@type":"ImageObject","inLanguage":"fr-FR","@id":"https:\/\/www.verdieditions.com\/cd-pop-rock\/produit\/interfit-kit-lampes-projecteurs-studio\/#primaryimage","url":"https:\/\/www.verdieditions.com\/cd-pop-rock\/wp-content\/uploads\/2023\/01\/projecteur-photo-interfit-1.jpg","contentUrl":"https:\/\/www.verdieditions.com\/cd-pop-rock\/wp-content\/uploads\/2023\/01\/projecteur-photo-interfit-1.jpg","width":800,"height":622,"caption":"projecteur-photo-interfit-1"},{"@type":"BreadcrumbList","@id":"https:\/\/www.verdieditions.com\/cd-pop-rock\/produit\/interfit-kit-lampes-projecteurs-studio\/#breadcrumb","itemListElement":[{"@type":"ListItem","position":1,"name":"Accueil","item":"https:\/\/www.verdieditions.com\/cd-pop-rock\/"},{"@type":"ListItem","position":2,"name":"La Boutique","item":"https:\/\/www.verdieditions.com\/cd-pop-rock\/boutique\/"},{"@type":"ListItem","position":3,"name":"INTERFIT &#8211; Kit projecteurs studio photo SXT3200 avec 2 Lampes 500W + 2 Pieds + 2 Parapluies + 1 Sac"}]},{"@type":"WebSite","@id":"https:\/\/www.verdieditions.com\/cd-pop-rock\/#website","url":"https:\/\/www.verdieditions.com\/cd-pop-rock\/","name":"CD Pop Rock","description":"CD, K7, Vinyles, VHS et DVD de Musique Pop et Rock vintage","publisher":{"@id":"https:\/\/www.verdieditions.com\/cd-pop-rock\/#\/schema\/person\/3a9da867add08338474907117bf9668a"},"potentialAction":[{"@type":"SearchAction","target":{"@type":"EntryPoint","urlTemplate":"https:\/\/www.verdieditions.com\/cd-pop-rock\/?s={search_term_string}"},"query-input":{"@type":"PropertyValueSpecification","valueRequired":true,"valueName":"search_term_string"}}],"inLanguage":"fr-FR"},{"@type":["Person","Organization"],"@id":"https:\/\/www.verdieditions.com\/cd-pop-rock\/#\/schema\/person\/3a9da867add08338474907117bf9668a","name":"Sylvie VERDI","image":{"@type":"ImageObject","inLanguage":"fr-FR","@id":"https:\/\/www.verdieditions.com\/cd-pop-rock\/#\/schema\/person\/image\/","url":"https:\/\/www.verdieditions.com\/cd-pop-rock\/wp-content\/uploads\/2021\/01\/cropped-favicon-cd-pop-rock-vinyle-32x32-1.png","contentUrl":"https:\/\/www.verdieditions.com\/cd-pop-rock\/wp-content\/uploads\/2021\/01\/cropped-favicon-cd-pop-rock-vinyle-32x32-1.png","width":512,"height":512,"caption":"Sylvie VERDI"},"logo":{"@id":"https:\/\/www.verdieditions.com\/cd-pop-rock\/#\/schema\/person\/image\/"},"sameAs":["https:\/\/www.verdieditions.com\/cd-pop-rock","https:\/\/www.facebook.com\/CD-Pop-Rock-107168374818139"]}]}},"_links":{"self":[{"href":"https:\/\/www.verdieditions.com\/cd-pop-rock\/wp-json\/wp\/v2\/product\/3010","targetHints":{"allow":["GET"]}}],"collection":[{"href":"https:\/\/www.verdieditions.com\/cd-pop-rock\/wp-json\/wp\/v2\/product"}],"about":[{"href":"https:\/\/www.verdieditions.com\/cd-pop-rock\/wp-json\/wp\/v2\/types\/product"}],"wp:featuredmedia":[{"embeddable":true,"href":"https:\/\/www.verdieditions.com\/cd-pop-rock\/wp-json\/wp\/v2\/media\/3011"}],"wp:attachment":[{"href":"https:\/\/www.verdieditions.com\/cd-pop-rock\/wp-json\/wp\/v2\/media?parent=3010"}],"wp:term":[{"taxonomy":"product_brand","embeddable":true,"href":"https:\/\/www.verdieditions.com\/cd-pop-rock\/wp-json\/wp\/v2\/product_brand?post=3010"},{"taxonomy":"product_cat","embeddable":true,"href":"https:\/\/www.verdieditions.com\/cd-pop-rock\/wp-json\/wp\/v2\/product_cat?post=3010"},{"taxonomy":"product_tag","embeddable":true,"href":"https:\/\/www.verdieditions.com\/cd-pop-rock\/wp-json\/wp\/v2\/product_tag?post=3010"}],"curies":[{"name":"wp","href":"https:\/\/api.w.org\/{rel}","templated":true}]}}