{"id":2444,"date":"2021-02-24T16:33:42","date_gmt":"2021-02-24T15:33:42","guid":{"rendered":"https:\/\/www.verdieditions.com\/cd-pop-rock\/?post_type=product&#038;p=2444"},"modified":"2024-02-19T14:16:24","modified_gmt":"2024-02-19T13:16:24","slug":"apple-imac-15-tournesol-powerpc-g4","status":"publish","type":"product","link":"https:\/\/www.verdieditions.com\/cd-pop-rock\/produit\/apple-imac-15-tournesol-powerpc-g4\/","title":{"rendered":"APPLE &#8211; iMac 15&Prime; Tournesol PowerPC G4 (Pour pi\u00e8ces)"},"content":{"rendered":"<p>Marque : APPLE<br \/>\nProduit : iMac 15&Prime;<br \/>\nMod\u00e8le : Tournesol PowerPC G4<br \/>\nCouleur : Blanc<br \/>\nC\u00e2bles &#038; p\u00e9riph\u00e9riques : Non<br \/>\nCosm\u00e9tique : Excellent, aucune rayure<br \/>\n<strong>\u00c9tat : Pour pi\u00e8ces, jamais test\u00e9<\/strong><br \/>\nAvec documentation technique compl\u00e8te en anglais<br \/>\nAuthentique, d&rsquo;origine.<\/p>\n","protected":false},"excerpt":{"rendered":"<p>Marque : APPLE<br \/>\nProduit : iMac 15&Prime;<br \/>\nMod\u00e8le : Tournesol PowerPC G4<br \/>\nCouleur : Blanc<br \/>\nC\u00e2bles &#038; p\u00e9riph\u00e9riques : Non<br \/>\nCosm\u00e9tique : Excellent, aucune rayure<br \/>\n<strong>\u00c9tat : Pour pi\u00e8ces, jamais test\u00e9<\/strong><br \/>\nAvec documentation technique compl\u00e8te en anglais<br \/>\nAuthentique, d&rsquo;origine.<\/p>\n","protected":false},"featured_media":2447,"template":"","meta":[],"product_brand":[],"product_cat":[74],"product_tag":[45],"class_list":{"0":"post-2444","1":"product","2":"type-product","3":"status-publish","4":"has-post-thumbnail","6":"product_cat-materiel","7":"product_tag-apple","9":"first","10":"outofstock","11":"shipping-taxable","12":"product-type-simple"},"yoast_head":"<!-- This site is optimized with the Yoast SEO plugin v27.0 - https:\/\/yoast.com\/product\/yoast-seo-wordpress\/ -->\n<title>APPLE - iMac 15&quot; Tournesol PowerPC G4 (Pour pi\u00e8ces) - CD Pop Rock<\/title>\n<meta name=\"description\" content=\"APPLE iMac 15&quot; Tournesol PowerPC G4 - C\u00e2bles &amp; p\u00e9riph\u00e9riques : Non - \u00c9tat : Pour pi\u00e8ces, jamais test\u00e9 - Authentique, d&#039;origine.\" \/>\n<meta name=\"robots\" content=\"index, follow, max-snippet:-1, max-image-preview:large, max-video-preview:-1\" \/>\n<link rel=\"canonical\" href=\"https:\/\/www.verdieditions.com\/cd-pop-rock\/produit\/apple-imac-15-tournesol-powerpc-g4\/\" \/>\n<meta property=\"og:locale\" content=\"fr_FR\" \/>\n<meta property=\"og:type\" content=\"article\" \/>\n<meta property=\"og:title\" content=\"APPLE - iMac 15&quot; Tournesol PowerPC G4 (Pour pi\u00e8ces) - CD Pop Rock\" \/>\n<meta property=\"og:description\" content=\"APPLE iMac 15&quot; Tournesol PowerPC G4 - C\u00e2bles &amp; p\u00e9riph\u00e9riques : Non - \u00c9tat : Pour pi\u00e8ces, jamais test\u00e9 - Authentique, d&#039;origine.\" \/>\n<meta property=\"og:url\" content=\"https:\/\/www.verdieditions.com\/cd-pop-rock\/produit\/apple-imac-15-tournesol-powerpc-g4\/\" \/>\n<meta property=\"og:site_name\" content=\"CD Pop Rock\" \/>\n<meta property=\"article:publisher\" content=\"https:\/\/www.facebook.com\/CD-Pop-Rock-107168374818139\" \/>\n<meta property=\"article:modified_time\" content=\"2024-02-19T13:16:24+00:00\" \/>\n<meta property=\"og:image\" content=\"https:\/\/www.verdieditions.com\/cd-pop-rock\/wp-content\/uploads\/2021\/03\/Apple-iMac-15-Tournesol-PowerPC-G4.jpg\" \/>\n\t<meta property=\"og:image:width\" content=\"800\" \/>\n\t<meta property=\"og:image:height\" content=\"1200\" \/>\n\t<meta property=\"og:image:type\" content=\"image\/jpeg\" \/>\n<meta name=\"twitter:card\" content=\"summary_large_image\" \/>\n<script type=\"application\/ld+json\" class=\"yoast-schema-graph\">{\"@context\":\"https:\/\/schema.org\",\"@graph\":[{\"@type\":\"WebPage\",\"@id\":\"https:\/\/www.verdieditions.com\/cd-pop-rock\/produit\/apple-imac-15-tournesol-powerpc-g4\/\",\"url\":\"https:\/\/www.verdieditions.com\/cd-pop-rock\/produit\/apple-imac-15-tournesol-powerpc-g4\/\",\"name\":\"APPLE - iMac 15\\\" Tournesol PowerPC G4 (Pour pi\u00e8ces) - CD Pop Rock\",\"isPartOf\":{\"@id\":\"https:\/\/www.verdieditions.com\/cd-pop-rock\/#website\"},\"primaryImageOfPage\":{\"@id\":\"https:\/\/www.verdieditions.com\/cd-pop-rock\/produit\/apple-imac-15-tournesol-powerpc-g4\/#primaryimage\"},\"image\":{\"@id\":\"https:\/\/www.verdieditions.com\/cd-pop-rock\/produit\/apple-imac-15-tournesol-powerpc-g4\/#primaryimage\"},\"thumbnailUrl\":\"https:\/\/www.verdieditions.com\/cd-pop-rock\/wp-content\/uploads\/2021\/03\/Apple-iMac-15-Tournesol-PowerPC-G4.jpg\",\"datePublished\":\"2021-02-24T15:33:42+00:00\",\"dateModified\":\"2024-02-19T13:16:24+00:00\",\"description\":\"APPLE iMac 15\\\" Tournesol PowerPC G4 - C\u00e2bles & p\u00e9riph\u00e9riques : Non - \u00c9tat : Pour pi\u00e8ces, jamais test\u00e9 - Authentique, d'origine.\",\"breadcrumb\":{\"@id\":\"https:\/\/www.verdieditions.com\/cd-pop-rock\/produit\/apple-imac-15-tournesol-powerpc-g4\/#breadcrumb\"},\"inLanguage\":\"fr-FR\",\"potentialAction\":[{\"@type\":\"ReadAction\",\"target\":[\"https:\/\/www.verdieditions.com\/cd-pop-rock\/produit\/apple-imac-15-tournesol-powerpc-g4\/\"]}]},{\"@type\":\"ImageObject\",\"inLanguage\":\"fr-FR\",\"@id\":\"https:\/\/www.verdieditions.com\/cd-pop-rock\/produit\/apple-imac-15-tournesol-powerpc-g4\/#primaryimage\",\"url\":\"https:\/\/www.verdieditions.com\/cd-pop-rock\/wp-content\/uploads\/2021\/03\/Apple-iMac-15-Tournesol-PowerPC-G4.jpg\",\"contentUrl\":\"https:\/\/www.verdieditions.com\/cd-pop-rock\/wp-content\/uploads\/2021\/03\/Apple-iMac-15-Tournesol-PowerPC-G4.jpg\",\"width\":800,\"height\":1200,\"caption\":\"Apple-iMac-15-Tournesol-PowerPC-G4\"},{\"@type\":\"BreadcrumbList\",\"@id\":\"https:\/\/www.verdieditions.com\/cd-pop-rock\/produit\/apple-imac-15-tournesol-powerpc-g4\/#breadcrumb\",\"itemListElement\":[{\"@type\":\"ListItem\",\"position\":1,\"name\":\"Accueil\",\"item\":\"https:\/\/www.verdieditions.com\/cd-pop-rock\/\"},{\"@type\":\"ListItem\",\"position\":2,\"name\":\"La Boutique\",\"item\":\"https:\/\/www.verdieditions.com\/cd-pop-rock\/boutique\/\"},{\"@type\":\"ListItem\",\"position\":3,\"name\":\"APPLE &#8211; iMac 15&#8243; Tournesol PowerPC G4 (Pour pi\u00e8ces)\"}]},{\"@type\":\"WebSite\",\"@id\":\"https:\/\/www.verdieditions.com\/cd-pop-rock\/#website\",\"url\":\"https:\/\/www.verdieditions.com\/cd-pop-rock\/\",\"name\":\"CD Pop Rock\",\"description\":\"CD, K7, Vinyles, VHS et DVD de Musique Pop et Rock vintage\",\"publisher\":{\"@id\":\"https:\/\/www.verdieditions.com\/cd-pop-rock\/#\/schema\/person\/3a9da867add08338474907117bf9668a\"},\"potentialAction\":[{\"@type\":\"SearchAction\",\"target\":{\"@type\":\"EntryPoint\",\"urlTemplate\":\"https:\/\/www.verdieditions.com\/cd-pop-rock\/?s={search_term_string}\"},\"query-input\":{\"@type\":\"PropertyValueSpecification\",\"valueRequired\":true,\"valueName\":\"search_term_string\"}}],\"inLanguage\":\"fr-FR\"},{\"@type\":[\"Person\",\"Organization\"],\"@id\":\"https:\/\/www.verdieditions.com\/cd-pop-rock\/#\/schema\/person\/3a9da867add08338474907117bf9668a\",\"name\":\"Sylvie VERDI\",\"image\":{\"@type\":\"ImageObject\",\"inLanguage\":\"fr-FR\",\"@id\":\"https:\/\/www.verdieditions.com\/cd-pop-rock\/#\/schema\/person\/image\/\",\"url\":\"https:\/\/www.verdieditions.com\/cd-pop-rock\/wp-content\/uploads\/2021\/01\/cropped-favicon-cd-pop-rock-vinyle-32x32-1.png\",\"contentUrl\":\"https:\/\/www.verdieditions.com\/cd-pop-rock\/wp-content\/uploads\/2021\/01\/cropped-favicon-cd-pop-rock-vinyle-32x32-1.png\",\"width\":512,\"height\":512,\"caption\":\"Sylvie VERDI\"},\"logo\":{\"@id\":\"https:\/\/www.verdieditions.com\/cd-pop-rock\/#\/schema\/person\/image\/\"},\"sameAs\":[\"https:\/\/www.verdieditions.com\/cd-pop-rock\",\"https:\/\/www.facebook.com\/CD-Pop-Rock-107168374818139\"]}]}<\/script>\n<!-- \/ Yoast SEO plugin. -->","yoast_head_json":{"title":"APPLE - iMac 15\" Tournesol PowerPC G4 (Pour pi\u00e8ces) - CD Pop Rock","description":"APPLE iMac 15\" Tournesol PowerPC G4 - C\u00e2bles & p\u00e9riph\u00e9riques : Non - \u00c9tat : Pour pi\u00e8ces, jamais test\u00e9 - Authentique, d'origine.","robots":{"index":"index","follow":"follow","max-snippet":"max-snippet:-1","max-image-preview":"max-image-preview:large","max-video-preview":"max-video-preview:-1"},"canonical":"https:\/\/www.verdieditions.com\/cd-pop-rock\/produit\/apple-imac-15-tournesol-powerpc-g4\/","og_locale":"fr_FR","og_type":"article","og_title":"APPLE - iMac 15\" Tournesol PowerPC G4 (Pour pi\u00e8ces) - CD Pop Rock","og_description":"APPLE iMac 15\" Tournesol PowerPC G4 - C\u00e2bles & p\u00e9riph\u00e9riques : Non - \u00c9tat : Pour pi\u00e8ces, jamais test\u00e9 - Authentique, d'origine.","og_url":"https:\/\/www.verdieditions.com\/cd-pop-rock\/produit\/apple-imac-15-tournesol-powerpc-g4\/","og_site_name":"CD Pop Rock","article_publisher":"https:\/\/www.facebook.com\/CD-Pop-Rock-107168374818139","article_modified_time":"2024-02-19T13:16:24+00:00","og_image":[{"width":800,"height":1200,"url":"https:\/\/www.verdieditions.com\/cd-pop-rock\/wp-content\/uploads\/2021\/03\/Apple-iMac-15-Tournesol-PowerPC-G4.jpg","type":"image\/jpeg"}],"twitter_card":"summary_large_image","schema":{"@context":"https:\/\/schema.org","@graph":[{"@type":"WebPage","@id":"https:\/\/www.verdieditions.com\/cd-pop-rock\/produit\/apple-imac-15-tournesol-powerpc-g4\/","url":"https:\/\/www.verdieditions.com\/cd-pop-rock\/produit\/apple-imac-15-tournesol-powerpc-g4\/","name":"APPLE - iMac 15\" Tournesol PowerPC G4 (Pour pi\u00e8ces) - CD Pop Rock","isPartOf":{"@id":"https:\/\/www.verdieditions.com\/cd-pop-rock\/#website"},"primaryImageOfPage":{"@id":"https:\/\/www.verdieditions.com\/cd-pop-rock\/produit\/apple-imac-15-tournesol-powerpc-g4\/#primaryimage"},"image":{"@id":"https:\/\/www.verdieditions.com\/cd-pop-rock\/produit\/apple-imac-15-tournesol-powerpc-g4\/#primaryimage"},"thumbnailUrl":"https:\/\/www.verdieditions.com\/cd-pop-rock\/wp-content\/uploads\/2021\/03\/Apple-iMac-15-Tournesol-PowerPC-G4.jpg","datePublished":"2021-02-24T15:33:42+00:00","dateModified":"2024-02-19T13:16:24+00:00","description":"APPLE iMac 15\" Tournesol PowerPC G4 - C\u00e2bles & p\u00e9riph\u00e9riques : Non - \u00c9tat : Pour pi\u00e8ces, jamais test\u00e9 - Authentique, d'origine.","breadcrumb":{"@id":"https:\/\/www.verdieditions.com\/cd-pop-rock\/produit\/apple-imac-15-tournesol-powerpc-g4\/#breadcrumb"},"inLanguage":"fr-FR","potentialAction":[{"@type":"ReadAction","target":["https:\/\/www.verdieditions.com\/cd-pop-rock\/produit\/apple-imac-15-tournesol-powerpc-g4\/"]}]},{"@type":"ImageObject","inLanguage":"fr-FR","@id":"https:\/\/www.verdieditions.com\/cd-pop-rock\/produit\/apple-imac-15-tournesol-powerpc-g4\/#primaryimage","url":"https:\/\/www.verdieditions.com\/cd-pop-rock\/wp-content\/uploads\/2021\/03\/Apple-iMac-15-Tournesol-PowerPC-G4.jpg","contentUrl":"https:\/\/www.verdieditions.com\/cd-pop-rock\/wp-content\/uploads\/2021\/03\/Apple-iMac-15-Tournesol-PowerPC-G4.jpg","width":800,"height":1200,"caption":"Apple-iMac-15-Tournesol-PowerPC-G4"},{"@type":"BreadcrumbList","@id":"https:\/\/www.verdieditions.com\/cd-pop-rock\/produit\/apple-imac-15-tournesol-powerpc-g4\/#breadcrumb","itemListElement":[{"@type":"ListItem","position":1,"name":"Accueil","item":"https:\/\/www.verdieditions.com\/cd-pop-rock\/"},{"@type":"ListItem","position":2,"name":"La Boutique","item":"https:\/\/www.verdieditions.com\/cd-pop-rock\/boutique\/"},{"@type":"ListItem","position":3,"name":"APPLE &#8211; iMac 15&#8243; Tournesol PowerPC G4 (Pour pi\u00e8ces)"}]},{"@type":"WebSite","@id":"https:\/\/www.verdieditions.com\/cd-pop-rock\/#website","url":"https:\/\/www.verdieditions.com\/cd-pop-rock\/","name":"CD Pop Rock","description":"CD, K7, Vinyles, VHS et DVD de Musique Pop et Rock vintage","publisher":{"@id":"https:\/\/www.verdieditions.com\/cd-pop-rock\/#\/schema\/person\/3a9da867add08338474907117bf9668a"},"potentialAction":[{"@type":"SearchAction","target":{"@type":"EntryPoint","urlTemplate":"https:\/\/www.verdieditions.com\/cd-pop-rock\/?s={search_term_string}"},"query-input":{"@type":"PropertyValueSpecification","valueRequired":true,"valueName":"search_term_string"}}],"inLanguage":"fr-FR"},{"@type":["Person","Organization"],"@id":"https:\/\/www.verdieditions.com\/cd-pop-rock\/#\/schema\/person\/3a9da867add08338474907117bf9668a","name":"Sylvie VERDI","image":{"@type":"ImageObject","inLanguage":"fr-FR","@id":"https:\/\/www.verdieditions.com\/cd-pop-rock\/#\/schema\/person\/image\/","url":"https:\/\/www.verdieditions.com\/cd-pop-rock\/wp-content\/uploads\/2021\/01\/cropped-favicon-cd-pop-rock-vinyle-32x32-1.png","contentUrl":"https:\/\/www.verdieditions.com\/cd-pop-rock\/wp-content\/uploads\/2021\/01\/cropped-favicon-cd-pop-rock-vinyle-32x32-1.png","width":512,"height":512,"caption":"Sylvie VERDI"},"logo":{"@id":"https:\/\/www.verdieditions.com\/cd-pop-rock\/#\/schema\/person\/image\/"},"sameAs":["https:\/\/www.verdieditions.com\/cd-pop-rock","https:\/\/www.facebook.com\/CD-Pop-Rock-107168374818139"]}]}},"_links":{"self":[{"href":"https:\/\/www.verdieditions.com\/cd-pop-rock\/wp-json\/wp\/v2\/product\/2444","targetHints":{"allow":["GET"]}}],"collection":[{"href":"https:\/\/www.verdieditions.com\/cd-pop-rock\/wp-json\/wp\/v2\/product"}],"about":[{"href":"https:\/\/www.verdieditions.com\/cd-pop-rock\/wp-json\/wp\/v2\/types\/product"}],"wp:featuredmedia":[{"embeddable":true,"href":"https:\/\/www.verdieditions.com\/cd-pop-rock\/wp-json\/wp\/v2\/media\/2447"}],"wp:attachment":[{"href":"https:\/\/www.verdieditions.com\/cd-pop-rock\/wp-json\/wp\/v2\/media?parent=2444"}],"wp:term":[{"taxonomy":"product_brand","embeddable":true,"href":"https:\/\/www.verdieditions.com\/cd-pop-rock\/wp-json\/wp\/v2\/product_brand?post=2444"},{"taxonomy":"product_cat","embeddable":true,"href":"https:\/\/www.verdieditions.com\/cd-pop-rock\/wp-json\/wp\/v2\/product_cat?post=2444"},{"taxonomy":"product_tag","embeddable":true,"href":"https:\/\/www.verdieditions.com\/cd-pop-rock\/wp-json\/wp\/v2\/product_tag?post=2444"}],"curies":[{"name":"wp","href":"https:\/\/api.w.org\/{rel}","templated":true}]}}