{"id":1592,"date":"2021-02-23T14:41:18","date_gmt":"2021-02-23T13:41:18","guid":{"rendered":"https:\/\/www.verdieditions.com\/cd-pop-rock\/?post_type=product&#038;p=1592"},"modified":"2024-02-19T13:53:03","modified_gmt":"2024-02-19T12:53:03","slug":"saturday-night-fever-dvd","status":"publish","type":"product","link":"https:\/\/www.verdieditions.com\/cd-pop-rock\/produit\/saturday-night-fever-dvd\/","title":{"rendered":"BEE GEES &#8211; TRAVOLTA &#8211; La Fi\u00e8vre Du Samedi Soir &#8211; 30e Anniv. &#8211; 2 DVD"},"content":{"rendered":"<p>Artiste : BEE GEES &#8211; JOHN TRAVOLTA<br \/>\nTitre : Saturday Night Fever (La Fi\u00e8vre Du samedi Soir) &#8211; \u00c9dition 30\u00e8me Anniversaire &#8211; 2 DVD (PAL)<br \/>\nAnn\u00e9e : 2007, \u00e9dition originale<br \/>\n<strong>DVD original de collection <\/strong><br \/>\nGenre : Electronic, Disco, Pop<br \/>\nProducteur : Paramount<br \/>\nLabel : Paramount <\/p>\n<p><strong>Bande originale de Saturday Night Fever (album)<\/strong><br \/>\nStayin&rsquo; Alive, Bee Gees<br \/>\nHow Deep Is Your Love, Bee Gees<br \/>\nNight Fever, Bee Gees<br \/>\nMore Than a Woman, Bee Gees<br \/>\nIf I Can&rsquo;t Have You, Yvonne Elliman (chanson \u00e9crite par les Bee Gees dont leur version n\u2019appara\u00eet ni dans l&rsquo;album ni dans le film)<br \/>\nA Fifth of Beethoven, Walter Murphy (version disco de la Symphonie no 5 de Beethoven)<br \/>\nMore Than a Woman, Tavares<br \/>\nManhattan Skyline, David Shire<br \/>\nCalypso Breakdown, Ralph MacDonald<br \/>\nNight on Disco Mountain, David Shire (version disco du po\u00e8me Une nuit sur le mont Chauve de Moussorgsky)<br \/>\nOpen Sesame, Kool &#038; the Gang<br \/>\nJive Talkin&rsquo;, Bee Gees (chanson utilis\u00e9e dans une sc\u00e8ne coup\u00e9e du film)<br \/>\nYou Should Be Dancing, Bee Gees<br \/>\nBoogie Shoes, KC and the Sunshine Band<br \/>\nSalsation, David Shire<br \/>\nK-Jee, MFSB<br \/>\nDisco Inferno, Trammps<\/p>\n<p><strong>Chansons utilis\u00e9es dans le film mais ne figurant pas sur l&rsquo;album de la bande originale : Outre les titres pr\u00e9sents, sur l&rsquo;album, on entend aussi durant le film les morceaux suivants :<\/strong><br \/>\nBarracuda Hangout de David Shire<br \/>\nDr Disco de Rick Dees<br \/>\nDisco Duck de Rick Dees<\/p>\n<p><strong>Chansons enregistr\u00e9es pour le film mais non utilis\u00e9es :<\/strong><br \/>\nEmotion de Samantha Sang<br \/>\nEmotion, version chant\u00e9e par les Bee Gees<br \/>\nIf I Can&rsquo;t Have You des Bee Gees (Utilis\u00e9s en tant que face B du single Stayin&rsquo; Alive)<br \/>\n(Our Love) Don&rsquo;t Throw It All Away des Bee Gees<br \/>\nWarm Ride des Bee Gees<\/p>\n<p>Source Wikipedia.<\/p>\n","protected":false},"excerpt":{"rendered":"<p>Artiste : BEE GEES &#8211; JOHN TRAVOLTA<br \/>\nTitre : Saturday Night Fever (La Fi\u00e8vre Du samedi Soir) &#8211; \u00c9dition 30\u00e8me Anniversaire &#8211; 2 DVD (PAL)<br \/>\nAnn\u00e9e : 2007, \u00e9dition originale<br \/>\n<strong>DVD original de collection <\/strong><br \/>\nGenre : Electronic, Disco, Pop<br \/>\nProducteur : Paramount<br \/>\nLabel : Paramount    <\/p>\n","protected":false},"featured_media":1920,"template":"","meta":[],"product_brand":[],"product_cat":[162],"product_tag":[93,168,38,83],"class_list":{"0":"post-1592","1":"product","2":"type-product","3":"status-publish","4":"has-post-thumbnail","6":"product_cat-videos-films","7":"product_tag-disco","8":"product_tag-dvd","9":"product_tag-electronics","10":"product_tag-pop","12":"first","13":"instock","14":"shipping-taxable","15":"product-type-simple"},"yoast_head":"<!-- This site is optimized with the Yoast SEO plugin v27.0 - https:\/\/yoast.com\/product\/yoast-seo-wordpress\/ -->\n<title>BEE GEES - TRAVOLTA - La Fi\u00e8vre Du Samedi Soir - 30e Anniv. - 2 DVD<\/title>\n<meta name=\"description\" content=\"BEE GEES - JOHN TRAVOLTA - Saturday Night Fever (La Fi\u00e8vre Du samedi Soir) - \u00c9dition 30\u00e8me Anniversaire - 2 DVD 2007, \u00e9d. originale Paramount\" \/>\n<meta name=\"robots\" content=\"index, follow, max-snippet:-1, max-image-preview:large, max-video-preview:-1\" \/>\n<link rel=\"canonical\" href=\"https:\/\/www.verdieditions.com\/cd-pop-rock\/produit\/saturday-night-fever-dvd\/\" \/>\n<meta property=\"og:locale\" content=\"fr_FR\" \/>\n<meta property=\"og:type\" content=\"article\" \/>\n<meta property=\"og:title\" content=\"BEE GEES - TRAVOLTA - La Fi\u00e8vre Du Samedi Soir - 30e Anniv. - 2 DVD\" \/>\n<meta property=\"og:description\" content=\"BEE GEES - JOHN TRAVOLTA - Saturday Night Fever (La Fi\u00e8vre Du samedi Soir) - \u00c9dition 30\u00e8me Anniversaire - 2 DVD 2007, \u00e9d. originale Paramount\" \/>\n<meta property=\"og:url\" content=\"https:\/\/www.verdieditions.com\/cd-pop-rock\/produit\/saturday-night-fever-dvd\/\" \/>\n<meta property=\"og:site_name\" content=\"CD Pop Rock\" \/>\n<meta property=\"article:publisher\" content=\"https:\/\/www.facebook.com\/CD-Pop-Rock-107168374818139\" \/>\n<meta property=\"article:modified_time\" content=\"2024-02-19T12:53:03+00:00\" \/>\n<meta property=\"og:image\" content=\"https:\/\/www.verdieditions.com\/cd-pop-rock\/wp-content\/uploads\/2021\/02\/fievre-samedi-soir-30-ans-2DVD.jpg\" \/>\n\t<meta property=\"og:image:width\" content=\"800\" \/>\n\t<meta property=\"og:image:height\" content=\"532\" \/>\n\t<meta property=\"og:image:type\" content=\"image\/jpeg\" \/>\n<meta name=\"twitter:card\" content=\"summary_large_image\" \/>\n<meta name=\"twitter:label1\" content=\"Dur\u00e9e de lecture estim\u00e9e\" \/>\n\t<meta name=\"twitter:data1\" content=\"1 minute\" \/>\n<script type=\"application\/ld+json\" class=\"yoast-schema-graph\">{\"@context\":\"https:\/\/schema.org\",\"@graph\":[{\"@type\":\"WebPage\",\"@id\":\"https:\/\/www.verdieditions.com\/cd-pop-rock\/produit\/saturday-night-fever-dvd\/\",\"url\":\"https:\/\/www.verdieditions.com\/cd-pop-rock\/produit\/saturday-night-fever-dvd\/\",\"name\":\"BEE GEES - TRAVOLTA - La Fi\u00e8vre Du Samedi Soir - 30e Anniv. - 2 DVD\",\"isPartOf\":{\"@id\":\"https:\/\/www.verdieditions.com\/cd-pop-rock\/#website\"},\"primaryImageOfPage\":{\"@id\":\"https:\/\/www.verdieditions.com\/cd-pop-rock\/produit\/saturday-night-fever-dvd\/#primaryimage\"},\"image\":{\"@id\":\"https:\/\/www.verdieditions.com\/cd-pop-rock\/produit\/saturday-night-fever-dvd\/#primaryimage\"},\"thumbnailUrl\":\"https:\/\/www.verdieditions.com\/cd-pop-rock\/wp-content\/uploads\/2021\/02\/fievre-samedi-soir-30-ans-2DVD.jpg\",\"datePublished\":\"2021-02-23T13:41:18+00:00\",\"dateModified\":\"2024-02-19T12:53:03+00:00\",\"description\":\"BEE GEES - JOHN TRAVOLTA - Saturday Night Fever (La Fi\u00e8vre Du samedi Soir) - \u00c9dition 30\u00e8me Anniversaire - 2 DVD 2007, \u00e9d. originale Paramount\",\"breadcrumb\":{\"@id\":\"https:\/\/www.verdieditions.com\/cd-pop-rock\/produit\/saturday-night-fever-dvd\/#breadcrumb\"},\"inLanguage\":\"fr-FR\",\"potentialAction\":[{\"@type\":\"ReadAction\",\"target\":[\"https:\/\/www.verdieditions.com\/cd-pop-rock\/produit\/saturday-night-fever-dvd\/\"]}]},{\"@type\":\"ImageObject\",\"inLanguage\":\"fr-FR\",\"@id\":\"https:\/\/www.verdieditions.com\/cd-pop-rock\/produit\/saturday-night-fever-dvd\/#primaryimage\",\"url\":\"https:\/\/www.verdieditions.com\/cd-pop-rock\/wp-content\/uploads\/2021\/02\/fievre-samedi-soir-30-ans-2DVD.jpg\",\"contentUrl\":\"https:\/\/www.verdieditions.com\/cd-pop-rock\/wp-content\/uploads\/2021\/02\/fievre-samedi-soir-30-ans-2DVD.jpg\",\"width\":800,\"height\":532,\"caption\":\"fievre-samedi-soir-30-ans-2DVD\"},{\"@type\":\"BreadcrumbList\",\"@id\":\"https:\/\/www.verdieditions.com\/cd-pop-rock\/produit\/saturday-night-fever-dvd\/#breadcrumb\",\"itemListElement\":[{\"@type\":\"ListItem\",\"position\":1,\"name\":\"Accueil\",\"item\":\"https:\/\/www.verdieditions.com\/cd-pop-rock\/\"},{\"@type\":\"ListItem\",\"position\":2,\"name\":\"La Boutique\",\"item\":\"https:\/\/www.verdieditions.com\/cd-pop-rock\/boutique\/\"},{\"@type\":\"ListItem\",\"position\":3,\"name\":\"BEE GEES &#8211; TRAVOLTA &#8211; La Fi\u00e8vre Du Samedi Soir &#8211; 30e Anniv. &#8211; 2 DVD\"}]},{\"@type\":\"WebSite\",\"@id\":\"https:\/\/www.verdieditions.com\/cd-pop-rock\/#website\",\"url\":\"https:\/\/www.verdieditions.com\/cd-pop-rock\/\",\"name\":\"CD Pop Rock\",\"description\":\"CD, K7, Vinyles, VHS et DVD de Musique Pop et Rock vintage\",\"publisher\":{\"@id\":\"https:\/\/www.verdieditions.com\/cd-pop-rock\/#\/schema\/person\/3a9da867add08338474907117bf9668a\"},\"potentialAction\":[{\"@type\":\"SearchAction\",\"target\":{\"@type\":\"EntryPoint\",\"urlTemplate\":\"https:\/\/www.verdieditions.com\/cd-pop-rock\/?s={search_term_string}\"},\"query-input\":{\"@type\":\"PropertyValueSpecification\",\"valueRequired\":true,\"valueName\":\"search_term_string\"}}],\"inLanguage\":\"fr-FR\"},{\"@type\":[\"Person\",\"Organization\"],\"@id\":\"https:\/\/www.verdieditions.com\/cd-pop-rock\/#\/schema\/person\/3a9da867add08338474907117bf9668a\",\"name\":\"Sylvie VERDI\",\"image\":{\"@type\":\"ImageObject\",\"inLanguage\":\"fr-FR\",\"@id\":\"https:\/\/www.verdieditions.com\/cd-pop-rock\/#\/schema\/person\/image\/\",\"url\":\"https:\/\/www.verdieditions.com\/cd-pop-rock\/wp-content\/uploads\/2021\/01\/cropped-favicon-cd-pop-rock-vinyle-32x32-1.png\",\"contentUrl\":\"https:\/\/www.verdieditions.com\/cd-pop-rock\/wp-content\/uploads\/2021\/01\/cropped-favicon-cd-pop-rock-vinyle-32x32-1.png\",\"width\":512,\"height\":512,\"caption\":\"Sylvie VERDI\"},\"logo\":{\"@id\":\"https:\/\/www.verdieditions.com\/cd-pop-rock\/#\/schema\/person\/image\/\"},\"sameAs\":[\"https:\/\/www.verdieditions.com\/cd-pop-rock\",\"https:\/\/www.facebook.com\/CD-Pop-Rock-107168374818139\"]}]}<\/script>\n<!-- \/ Yoast SEO plugin. -->","yoast_head_json":{"title":"BEE GEES - TRAVOLTA - La Fi\u00e8vre Du Samedi Soir - 30e Anniv. - 2 DVD","description":"BEE GEES - JOHN TRAVOLTA - Saturday Night Fever (La Fi\u00e8vre Du samedi Soir) - \u00c9dition 30\u00e8me Anniversaire - 2 DVD 2007, \u00e9d. originale Paramount","robots":{"index":"index","follow":"follow","max-snippet":"max-snippet:-1","max-image-preview":"max-image-preview:large","max-video-preview":"max-video-preview:-1"},"canonical":"https:\/\/www.verdieditions.com\/cd-pop-rock\/produit\/saturday-night-fever-dvd\/","og_locale":"fr_FR","og_type":"article","og_title":"BEE GEES - TRAVOLTA - La Fi\u00e8vre Du Samedi Soir - 30e Anniv. - 2 DVD","og_description":"BEE GEES - JOHN TRAVOLTA - Saturday Night Fever (La Fi\u00e8vre Du samedi Soir) - \u00c9dition 30\u00e8me Anniversaire - 2 DVD 2007, \u00e9d. originale Paramount","og_url":"https:\/\/www.verdieditions.com\/cd-pop-rock\/produit\/saturday-night-fever-dvd\/","og_site_name":"CD Pop Rock","article_publisher":"https:\/\/www.facebook.com\/CD-Pop-Rock-107168374818139","article_modified_time":"2024-02-19T12:53:03+00:00","og_image":[{"width":800,"height":532,"url":"https:\/\/www.verdieditions.com\/cd-pop-rock\/wp-content\/uploads\/2021\/02\/fievre-samedi-soir-30-ans-2DVD.jpg","type":"image\/jpeg"}],"twitter_card":"summary_large_image","twitter_misc":{"Dur\u00e9e de lecture estim\u00e9e":"1 minute"},"schema":{"@context":"https:\/\/schema.org","@graph":[{"@type":"WebPage","@id":"https:\/\/www.verdieditions.com\/cd-pop-rock\/produit\/saturday-night-fever-dvd\/","url":"https:\/\/www.verdieditions.com\/cd-pop-rock\/produit\/saturday-night-fever-dvd\/","name":"BEE GEES - TRAVOLTA - La Fi\u00e8vre Du Samedi Soir - 30e Anniv. - 2 DVD","isPartOf":{"@id":"https:\/\/www.verdieditions.com\/cd-pop-rock\/#website"},"primaryImageOfPage":{"@id":"https:\/\/www.verdieditions.com\/cd-pop-rock\/produit\/saturday-night-fever-dvd\/#primaryimage"},"image":{"@id":"https:\/\/www.verdieditions.com\/cd-pop-rock\/produit\/saturday-night-fever-dvd\/#primaryimage"},"thumbnailUrl":"https:\/\/www.verdieditions.com\/cd-pop-rock\/wp-content\/uploads\/2021\/02\/fievre-samedi-soir-30-ans-2DVD.jpg","datePublished":"2021-02-23T13:41:18+00:00","dateModified":"2024-02-19T12:53:03+00:00","description":"BEE GEES - JOHN TRAVOLTA - Saturday Night Fever (La Fi\u00e8vre Du samedi Soir) - \u00c9dition 30\u00e8me Anniversaire - 2 DVD 2007, \u00e9d. originale Paramount","breadcrumb":{"@id":"https:\/\/www.verdieditions.com\/cd-pop-rock\/produit\/saturday-night-fever-dvd\/#breadcrumb"},"inLanguage":"fr-FR","potentialAction":[{"@type":"ReadAction","target":["https:\/\/www.verdieditions.com\/cd-pop-rock\/produit\/saturday-night-fever-dvd\/"]}]},{"@type":"ImageObject","inLanguage":"fr-FR","@id":"https:\/\/www.verdieditions.com\/cd-pop-rock\/produit\/saturday-night-fever-dvd\/#primaryimage","url":"https:\/\/www.verdieditions.com\/cd-pop-rock\/wp-content\/uploads\/2021\/02\/fievre-samedi-soir-30-ans-2DVD.jpg","contentUrl":"https:\/\/www.verdieditions.com\/cd-pop-rock\/wp-content\/uploads\/2021\/02\/fievre-samedi-soir-30-ans-2DVD.jpg","width":800,"height":532,"caption":"fievre-samedi-soir-30-ans-2DVD"},{"@type":"BreadcrumbList","@id":"https:\/\/www.verdieditions.com\/cd-pop-rock\/produit\/saturday-night-fever-dvd\/#breadcrumb","itemListElement":[{"@type":"ListItem","position":1,"name":"Accueil","item":"https:\/\/www.verdieditions.com\/cd-pop-rock\/"},{"@type":"ListItem","position":2,"name":"La Boutique","item":"https:\/\/www.verdieditions.com\/cd-pop-rock\/boutique\/"},{"@type":"ListItem","position":3,"name":"BEE GEES &#8211; TRAVOLTA &#8211; La Fi\u00e8vre Du Samedi Soir &#8211; 30e Anniv. &#8211; 2 DVD"}]},{"@type":"WebSite","@id":"https:\/\/www.verdieditions.com\/cd-pop-rock\/#website","url":"https:\/\/www.verdieditions.com\/cd-pop-rock\/","name":"CD Pop Rock","description":"CD, K7, Vinyles, VHS et DVD de Musique Pop et Rock vintage","publisher":{"@id":"https:\/\/www.verdieditions.com\/cd-pop-rock\/#\/schema\/person\/3a9da867add08338474907117bf9668a"},"potentialAction":[{"@type":"SearchAction","target":{"@type":"EntryPoint","urlTemplate":"https:\/\/www.verdieditions.com\/cd-pop-rock\/?s={search_term_string}"},"query-input":{"@type":"PropertyValueSpecification","valueRequired":true,"valueName":"search_term_string"}}],"inLanguage":"fr-FR"},{"@type":["Person","Organization"],"@id":"https:\/\/www.verdieditions.com\/cd-pop-rock\/#\/schema\/person\/3a9da867add08338474907117bf9668a","name":"Sylvie VERDI","image":{"@type":"ImageObject","inLanguage":"fr-FR","@id":"https:\/\/www.verdieditions.com\/cd-pop-rock\/#\/schema\/person\/image\/","url":"https:\/\/www.verdieditions.com\/cd-pop-rock\/wp-content\/uploads\/2021\/01\/cropped-favicon-cd-pop-rock-vinyle-32x32-1.png","contentUrl":"https:\/\/www.verdieditions.com\/cd-pop-rock\/wp-content\/uploads\/2021\/01\/cropped-favicon-cd-pop-rock-vinyle-32x32-1.png","width":512,"height":512,"caption":"Sylvie VERDI"},"logo":{"@id":"https:\/\/www.verdieditions.com\/cd-pop-rock\/#\/schema\/person\/image\/"},"sameAs":["https:\/\/www.verdieditions.com\/cd-pop-rock","https:\/\/www.facebook.com\/CD-Pop-Rock-107168374818139"]}]}},"_links":{"self":[{"href":"https:\/\/www.verdieditions.com\/cd-pop-rock\/wp-json\/wp\/v2\/product\/1592","targetHints":{"allow":["GET"]}}],"collection":[{"href":"https:\/\/www.verdieditions.com\/cd-pop-rock\/wp-json\/wp\/v2\/product"}],"about":[{"href":"https:\/\/www.verdieditions.com\/cd-pop-rock\/wp-json\/wp\/v2\/types\/product"}],"wp:featuredmedia":[{"embeddable":true,"href":"https:\/\/www.verdieditions.com\/cd-pop-rock\/wp-json\/wp\/v2\/media\/1920"}],"wp:attachment":[{"href":"https:\/\/www.verdieditions.com\/cd-pop-rock\/wp-json\/wp\/v2\/media?parent=1592"}],"wp:term":[{"taxonomy":"product_brand","embeddable":true,"href":"https:\/\/www.verdieditions.com\/cd-pop-rock\/wp-json\/wp\/v2\/product_brand?post=1592"},{"taxonomy":"product_cat","embeddable":true,"href":"https:\/\/www.verdieditions.com\/cd-pop-rock\/wp-json\/wp\/v2\/product_cat?post=1592"},{"taxonomy":"product_tag","embeddable":true,"href":"https:\/\/www.verdieditions.com\/cd-pop-rock\/wp-json\/wp\/v2\/product_tag?post=1592"}],"curies":[{"name":"wp","href":"https:\/\/api.w.org\/{rel}","templated":true}]}}