{"id":1309,"date":"2021-02-05T15:57:36","date_gmt":"2021-02-05T14:57:36","guid":{"rendered":"https:\/\/www.verdieditions.com\/cd-pop-rock\/?post_type=product&#038;p=1309"},"modified":"2024-08-20T11:06:25","modified_gmt":"2024-08-20T09:06:25","slug":"jackson-maccartney-say-45t","status":"publish","type":"product","link":"https:\/\/www.verdieditions.com\/cd-pop-rock\/produit\/jackson-maccartney-say-45t\/","title":{"rendered":"Michael JACKSON &#8211; Paul McCARTNEY &#8211; Say, Say, Say &#8211; 45T"},"content":{"rendered":"<p>Artiste : Michael JACKSON &#8211; Paul McCARTNEY<br \/>\nTitre : Say, Say, Say &#8211; 45T<br \/>\nAnn\u00e9e : 1983, \u00e9dition originale<br \/>\n<strong>Pressage ancien original de collection<\/strong><br \/>\nGenre : Post-disco, pop<br \/>\nProducteur : George Martin<br \/>\nLabel : Parlophone<\/p>\n<p>A\tPaul McCartney &#038; Michael Jackson \u2013 Say Say Say<br \/>\nB\tPaul McCartney \u2013 Ode To A Koala Bear<\/p>\n<p>Say Say Say est une chanson sortie le 3 octobre 1983 interpr\u00e9t\u00e9e par le duo Paul McCartney et Michael Jackson, et produite par George Martin. Elle est extraite en tant que premier single de l&rsquo;album de Paul McCartney paru la m\u00eame ann\u00e9e : Pipes of Peace.<\/p>\n<p>Le clip vid\u00e9o fut r\u00e9alis\u00e9 par Bob Giraldi (qui venait de r\u00e9aliser Beat It) pour un budget de 500 000 dollars. Il met en sc\u00e8ne, en plus de Paul McCartney et Michael Jackson, Linda McCartney et La Toya Jackson. Il fut tourn\u00e9 \u00e0 Los Alamos et au ranch de Sycamore Valley (pr\u00e8s de Los Olivos). La partie au saloon fut film\u00e9e \u00e0 l&rsquo;Union Hotel de Los Alamos, construit en 18801. C&rsquo;est en visitant la r\u00e9gion que Jackson s&rsquo;int\u00e9ressa \u00e0 l&rsquo;achat d&rsquo;une propri\u00e9t\u00e9 en Californie, ce qu&rsquo;il fera en 1988 avec le ranch de Neverland.<\/p>\n<p>Source : Wikipedia<\/p>\n","protected":false},"excerpt":{"rendered":"<p>Artiste : Michael JACKSON &#8211; Paul McCARTNEY<br \/>\nTitre : Say, Say, Say &#8211; 45T<br \/>\nAnn\u00e9e : 1983, \u00e9dition originale<br \/>\n<strong>Pressage ancien original de collection<\/strong><br \/>\nGenre : Post-disco, pop<br \/>\nProducteur : George Martin<br \/>\nLabel : Parlophone<\/p>\n","protected":false},"featured_media":2003,"template":"","meta":[],"product_brand":[],"product_cat":[72],"product_tag":[83,95],"class_list":{"0":"post-1309","1":"product","2":"type-product","3":"status-publish","4":"has-post-thumbnail","6":"product_cat-45t","7":"product_tag-pop","8":"product_tag-post-disco","10":"first","11":"instock","12":"shipping-taxable","13":"product-type-simple"},"yoast_head":"<!-- This site is optimized with the Yoast SEO plugin v27.0 - https:\/\/yoast.com\/product\/yoast-seo-wordpress\/ -->\n<title>Michael JACKSON - Paul McCARTNEY - Say, Say, Say - 45T<\/title>\n<meta name=\"description\" content=\"Michael JACKSON - Paul McCARTNEY - Say, Say, Say - 45T - 1983, \u00e9d originale Genre : Post-disco, pop - Prod : George Martin - Parlophone\" \/>\n<meta name=\"robots\" content=\"index, follow, max-snippet:-1, max-image-preview:large, max-video-preview:-1\" \/>\n<link rel=\"canonical\" href=\"https:\/\/www.verdieditions.com\/cd-pop-rock\/produit\/jackson-maccartney-say-45t\/\" \/>\n<meta property=\"og:locale\" content=\"fr_FR\" \/>\n<meta property=\"og:type\" content=\"article\" \/>\n<meta property=\"og:title\" content=\"Michael JACKSON - Paul McCARTNEY - Say, Say, Say - 45T\" \/>\n<meta property=\"og:description\" content=\"Michael JACKSON - Paul McCARTNEY - Say, Say, Say - 45T - 1983, \u00e9d originale Genre : Post-disco, pop - Prod : George Martin - Parlophone\" \/>\n<meta property=\"og:url\" content=\"https:\/\/www.verdieditions.com\/cd-pop-rock\/produit\/jackson-maccartney-say-45t\/\" \/>\n<meta property=\"og:site_name\" content=\"CD Pop Rock\" \/>\n<meta property=\"article:publisher\" content=\"https:\/\/www.facebook.com\/CD-Pop-Rock-107168374818139\" \/>\n<meta property=\"article:modified_time\" content=\"2024-08-20T09:06:25+00:00\" \/>\n<meta property=\"og:image\" content=\"https:\/\/www.verdieditions.com\/cd-pop-rock\/wp-content\/uploads\/2021\/02\/mccartney-jackson-say-45T.jpg\" \/>\n\t<meta property=\"og:image:width\" content=\"800\" \/>\n\t<meta property=\"og:image:height\" content=\"532\" \/>\n\t<meta property=\"og:image:type\" content=\"image\/jpeg\" \/>\n<meta name=\"twitter:card\" content=\"summary_large_image\" \/>\n<meta name=\"twitter:label1\" content=\"Dur\u00e9e de lecture estim\u00e9e\" \/>\n\t<meta name=\"twitter:data1\" content=\"1 minute\" \/>\n<script type=\"application\/ld+json\" class=\"yoast-schema-graph\">{\"@context\":\"https:\/\/schema.org\",\"@graph\":[{\"@type\":\"WebPage\",\"@id\":\"https:\/\/www.verdieditions.com\/cd-pop-rock\/produit\/jackson-maccartney-say-45t\/\",\"url\":\"https:\/\/www.verdieditions.com\/cd-pop-rock\/produit\/jackson-maccartney-say-45t\/\",\"name\":\"Michael JACKSON - Paul McCARTNEY - Say, Say, Say - 45T\",\"isPartOf\":{\"@id\":\"https:\/\/www.verdieditions.com\/cd-pop-rock\/#website\"},\"primaryImageOfPage\":{\"@id\":\"https:\/\/www.verdieditions.com\/cd-pop-rock\/produit\/jackson-maccartney-say-45t\/#primaryimage\"},\"image\":{\"@id\":\"https:\/\/www.verdieditions.com\/cd-pop-rock\/produit\/jackson-maccartney-say-45t\/#primaryimage\"},\"thumbnailUrl\":\"https:\/\/www.verdieditions.com\/cd-pop-rock\/wp-content\/uploads\/2021\/02\/mccartney-jackson-say-45T.jpg\",\"datePublished\":\"2021-02-05T14:57:36+00:00\",\"dateModified\":\"2024-08-20T09:06:25+00:00\",\"description\":\"Michael JACKSON - Paul McCARTNEY - Say, Say, Say - 45T - 1983, \u00e9d originale Genre : Post-disco, pop - Prod : George Martin - Parlophone\",\"breadcrumb\":{\"@id\":\"https:\/\/www.verdieditions.com\/cd-pop-rock\/produit\/jackson-maccartney-say-45t\/#breadcrumb\"},\"inLanguage\":\"fr-FR\",\"potentialAction\":[{\"@type\":\"ReadAction\",\"target\":[\"https:\/\/www.verdieditions.com\/cd-pop-rock\/produit\/jackson-maccartney-say-45t\/\"]}]},{\"@type\":\"ImageObject\",\"inLanguage\":\"fr-FR\",\"@id\":\"https:\/\/www.verdieditions.com\/cd-pop-rock\/produit\/jackson-maccartney-say-45t\/#primaryimage\",\"url\":\"https:\/\/www.verdieditions.com\/cd-pop-rock\/wp-content\/uploads\/2021\/02\/mccartney-jackson-say-45T.jpg\",\"contentUrl\":\"https:\/\/www.verdieditions.com\/cd-pop-rock\/wp-content\/uploads\/2021\/02\/mccartney-jackson-say-45T.jpg\",\"width\":800,\"height\":532,\"caption\":\"mccartney-jackson-say-45T\"},{\"@type\":\"BreadcrumbList\",\"@id\":\"https:\/\/www.verdieditions.com\/cd-pop-rock\/produit\/jackson-maccartney-say-45t\/#breadcrumb\",\"itemListElement\":[{\"@type\":\"ListItem\",\"position\":1,\"name\":\"Accueil\",\"item\":\"https:\/\/www.verdieditions.com\/cd-pop-rock\/\"},{\"@type\":\"ListItem\",\"position\":2,\"name\":\"La Boutique\",\"item\":\"https:\/\/www.verdieditions.com\/cd-pop-rock\/boutique\/\"},{\"@type\":\"ListItem\",\"position\":3,\"name\":\"Michael JACKSON &#8211; Paul McCARTNEY &#8211; Say, Say, Say &#8211; 45T\"}]},{\"@type\":\"WebSite\",\"@id\":\"https:\/\/www.verdieditions.com\/cd-pop-rock\/#website\",\"url\":\"https:\/\/www.verdieditions.com\/cd-pop-rock\/\",\"name\":\"CD Pop Rock\",\"description\":\"CD, K7, Vinyles, VHS et DVD de Musique Pop et Rock vintage\",\"publisher\":{\"@id\":\"https:\/\/www.verdieditions.com\/cd-pop-rock\/#\/schema\/person\/3a9da867add08338474907117bf9668a\"},\"potentialAction\":[{\"@type\":\"SearchAction\",\"target\":{\"@type\":\"EntryPoint\",\"urlTemplate\":\"https:\/\/www.verdieditions.com\/cd-pop-rock\/?s={search_term_string}\"},\"query-input\":{\"@type\":\"PropertyValueSpecification\",\"valueRequired\":true,\"valueName\":\"search_term_string\"}}],\"inLanguage\":\"fr-FR\"},{\"@type\":[\"Person\",\"Organization\"],\"@id\":\"https:\/\/www.verdieditions.com\/cd-pop-rock\/#\/schema\/person\/3a9da867add08338474907117bf9668a\",\"name\":\"Sylvie VERDI\",\"image\":{\"@type\":\"ImageObject\",\"inLanguage\":\"fr-FR\",\"@id\":\"https:\/\/www.verdieditions.com\/cd-pop-rock\/#\/schema\/person\/image\/\",\"url\":\"https:\/\/www.verdieditions.com\/cd-pop-rock\/wp-content\/uploads\/2021\/01\/cropped-favicon-cd-pop-rock-vinyle-32x32-1.png\",\"contentUrl\":\"https:\/\/www.verdieditions.com\/cd-pop-rock\/wp-content\/uploads\/2021\/01\/cropped-favicon-cd-pop-rock-vinyle-32x32-1.png\",\"width\":512,\"height\":512,\"caption\":\"Sylvie VERDI\"},\"logo\":{\"@id\":\"https:\/\/www.verdieditions.com\/cd-pop-rock\/#\/schema\/person\/image\/\"},\"sameAs\":[\"https:\/\/www.verdieditions.com\/cd-pop-rock\",\"https:\/\/www.facebook.com\/CD-Pop-Rock-107168374818139\"]}]}<\/script>\n<!-- \/ Yoast SEO plugin. -->","yoast_head_json":{"title":"Michael JACKSON - Paul McCARTNEY - Say, Say, Say - 45T","description":"Michael JACKSON - Paul McCARTNEY - Say, Say, Say - 45T - 1983, \u00e9d originale Genre : Post-disco, pop - Prod : George Martin - Parlophone","robots":{"index":"index","follow":"follow","max-snippet":"max-snippet:-1","max-image-preview":"max-image-preview:large","max-video-preview":"max-video-preview:-1"},"canonical":"https:\/\/www.verdieditions.com\/cd-pop-rock\/produit\/jackson-maccartney-say-45t\/","og_locale":"fr_FR","og_type":"article","og_title":"Michael JACKSON - Paul McCARTNEY - Say, Say, Say - 45T","og_description":"Michael JACKSON - Paul McCARTNEY - Say, Say, Say - 45T - 1983, \u00e9d originale Genre : Post-disco, pop - Prod : George Martin - Parlophone","og_url":"https:\/\/www.verdieditions.com\/cd-pop-rock\/produit\/jackson-maccartney-say-45t\/","og_site_name":"CD Pop Rock","article_publisher":"https:\/\/www.facebook.com\/CD-Pop-Rock-107168374818139","article_modified_time":"2024-08-20T09:06:25+00:00","og_image":[{"width":800,"height":532,"url":"https:\/\/www.verdieditions.com\/cd-pop-rock\/wp-content\/uploads\/2021\/02\/mccartney-jackson-say-45T.jpg","type":"image\/jpeg"}],"twitter_card":"summary_large_image","twitter_misc":{"Dur\u00e9e de lecture estim\u00e9e":"1 minute"},"schema":{"@context":"https:\/\/schema.org","@graph":[{"@type":"WebPage","@id":"https:\/\/www.verdieditions.com\/cd-pop-rock\/produit\/jackson-maccartney-say-45t\/","url":"https:\/\/www.verdieditions.com\/cd-pop-rock\/produit\/jackson-maccartney-say-45t\/","name":"Michael JACKSON - Paul McCARTNEY - Say, Say, Say - 45T","isPartOf":{"@id":"https:\/\/www.verdieditions.com\/cd-pop-rock\/#website"},"primaryImageOfPage":{"@id":"https:\/\/www.verdieditions.com\/cd-pop-rock\/produit\/jackson-maccartney-say-45t\/#primaryimage"},"image":{"@id":"https:\/\/www.verdieditions.com\/cd-pop-rock\/produit\/jackson-maccartney-say-45t\/#primaryimage"},"thumbnailUrl":"https:\/\/www.verdieditions.com\/cd-pop-rock\/wp-content\/uploads\/2021\/02\/mccartney-jackson-say-45T.jpg","datePublished":"2021-02-05T14:57:36+00:00","dateModified":"2024-08-20T09:06:25+00:00","description":"Michael JACKSON - Paul McCARTNEY - Say, Say, Say - 45T - 1983, \u00e9d originale Genre : Post-disco, pop - Prod : George Martin - Parlophone","breadcrumb":{"@id":"https:\/\/www.verdieditions.com\/cd-pop-rock\/produit\/jackson-maccartney-say-45t\/#breadcrumb"},"inLanguage":"fr-FR","potentialAction":[{"@type":"ReadAction","target":["https:\/\/www.verdieditions.com\/cd-pop-rock\/produit\/jackson-maccartney-say-45t\/"]}]},{"@type":"ImageObject","inLanguage":"fr-FR","@id":"https:\/\/www.verdieditions.com\/cd-pop-rock\/produit\/jackson-maccartney-say-45t\/#primaryimage","url":"https:\/\/www.verdieditions.com\/cd-pop-rock\/wp-content\/uploads\/2021\/02\/mccartney-jackson-say-45T.jpg","contentUrl":"https:\/\/www.verdieditions.com\/cd-pop-rock\/wp-content\/uploads\/2021\/02\/mccartney-jackson-say-45T.jpg","width":800,"height":532,"caption":"mccartney-jackson-say-45T"},{"@type":"BreadcrumbList","@id":"https:\/\/www.verdieditions.com\/cd-pop-rock\/produit\/jackson-maccartney-say-45t\/#breadcrumb","itemListElement":[{"@type":"ListItem","position":1,"name":"Accueil","item":"https:\/\/www.verdieditions.com\/cd-pop-rock\/"},{"@type":"ListItem","position":2,"name":"La Boutique","item":"https:\/\/www.verdieditions.com\/cd-pop-rock\/boutique\/"},{"@type":"ListItem","position":3,"name":"Michael JACKSON &#8211; Paul McCARTNEY &#8211; Say, Say, Say &#8211; 45T"}]},{"@type":"WebSite","@id":"https:\/\/www.verdieditions.com\/cd-pop-rock\/#website","url":"https:\/\/www.verdieditions.com\/cd-pop-rock\/","name":"CD Pop Rock","description":"CD, K7, Vinyles, VHS et DVD de Musique Pop et Rock vintage","publisher":{"@id":"https:\/\/www.verdieditions.com\/cd-pop-rock\/#\/schema\/person\/3a9da867add08338474907117bf9668a"},"potentialAction":[{"@type":"SearchAction","target":{"@type":"EntryPoint","urlTemplate":"https:\/\/www.verdieditions.com\/cd-pop-rock\/?s={search_term_string}"},"query-input":{"@type":"PropertyValueSpecification","valueRequired":true,"valueName":"search_term_string"}}],"inLanguage":"fr-FR"},{"@type":["Person","Organization"],"@id":"https:\/\/www.verdieditions.com\/cd-pop-rock\/#\/schema\/person\/3a9da867add08338474907117bf9668a","name":"Sylvie VERDI","image":{"@type":"ImageObject","inLanguage":"fr-FR","@id":"https:\/\/www.verdieditions.com\/cd-pop-rock\/#\/schema\/person\/image\/","url":"https:\/\/www.verdieditions.com\/cd-pop-rock\/wp-content\/uploads\/2021\/01\/cropped-favicon-cd-pop-rock-vinyle-32x32-1.png","contentUrl":"https:\/\/www.verdieditions.com\/cd-pop-rock\/wp-content\/uploads\/2021\/01\/cropped-favicon-cd-pop-rock-vinyle-32x32-1.png","width":512,"height":512,"caption":"Sylvie VERDI"},"logo":{"@id":"https:\/\/www.verdieditions.com\/cd-pop-rock\/#\/schema\/person\/image\/"},"sameAs":["https:\/\/www.verdieditions.com\/cd-pop-rock","https:\/\/www.facebook.com\/CD-Pop-Rock-107168374818139"]}]}},"_links":{"self":[{"href":"https:\/\/www.verdieditions.com\/cd-pop-rock\/wp-json\/wp\/v2\/product\/1309","targetHints":{"allow":["GET"]}}],"collection":[{"href":"https:\/\/www.verdieditions.com\/cd-pop-rock\/wp-json\/wp\/v2\/product"}],"about":[{"href":"https:\/\/www.verdieditions.com\/cd-pop-rock\/wp-json\/wp\/v2\/types\/product"}],"wp:featuredmedia":[{"embeddable":true,"href":"https:\/\/www.verdieditions.com\/cd-pop-rock\/wp-json\/wp\/v2\/media\/2003"}],"wp:attachment":[{"href":"https:\/\/www.verdieditions.com\/cd-pop-rock\/wp-json\/wp\/v2\/media?parent=1309"}],"wp:term":[{"taxonomy":"product_brand","embeddable":true,"href":"https:\/\/www.verdieditions.com\/cd-pop-rock\/wp-json\/wp\/v2\/product_brand?post=1309"},{"taxonomy":"product_cat","embeddable":true,"href":"https:\/\/www.verdieditions.com\/cd-pop-rock\/wp-json\/wp\/v2\/product_cat?post=1309"},{"taxonomy":"product_tag","embeddable":true,"href":"https:\/\/www.verdieditions.com\/cd-pop-rock\/wp-json\/wp\/v2\/product_tag?post=1309"}],"curies":[{"name":"wp","href":"https:\/\/api.w.org\/{rel}","templated":true}]}}