{"id":1180,"date":"2021-02-02T13:15:49","date_gmt":"2021-02-02T12:15:49","guid":{"rendered":"https:\/\/www.verdieditions.com\/cd-pop-rock\/?post_type=product&#038;p=1180"},"modified":"2021-04-15T10:42:10","modified_gmt":"2021-04-15T08:42:10","slug":"john-oates-phunk-shui","status":"publish","type":"product","link":"https:\/\/www.verdieditions.com\/cd-pop-rock\/produit\/john-oates-phunk-shui\/","title":{"rendered":"John OATES &#8211; Phunk Shui &#8211; CD"},"content":{"rendered":"<p>Artiste : John OATES<br \/>\nTitre : Phunk Shui<br \/>\nAnn\u00e9e : 2002, \u00e9dition originale<br \/>\nProducteur : John Oates, Jed Leiber<br \/>\nGenre : Pop, rock<br \/>\nLabel : Phunk Shui Records<\/p>\n<p>1. \u00ab\u00a0Color of Love\u00a0\u00bb<br \/>\n2. \u00ab\u00a0It Girl\u00a0\u00bb<br \/>\n3. \u00ab\u00a0All Good People\u00a0\u00bb<br \/>\n4. \u00ab\u00a0Love in a Dangerous Time\u00a0\u00bb<br \/>\n5. \u00ab\u00a0Unspoken\u00a0\u00bb<br \/>\n6. \u00ab\u00a0Soul Slide\u00a0\u00bb<br \/>\n7. \u00ab\u00a0Go Deep\u00a0\u00bb<br \/>\n8. \u00ab\u00a0Little Angel\u00a0\u00bb<br \/>\n9. \u00ab\u00a0Beauty\u00a0\u00bb<br \/>\n10. \u00ab\u00a0Phunk Shui\u00a0\u00bb<br \/>\n11. \u00ab\u00a0Electric Ladyland\u00a0\u00bb<br \/>\n12. \u00ab\u00a0Mona Lisa&rsquo;s Eyes\u00a0\u00bb<br \/>\n13. \u00ab\u00a0Time Will Tell\u00a0\u00bb (disponible lors de la troisi\u00e8me version et de toutes les versions ult\u00e9rieures)<br \/>\n14. \u00ab\u00a0People Get Ready\u00a0\u00bb (live) (disponible sur la troisi\u00e8me version et les suivantes) <\/p>\n<p>Phunk Shui (prononc\u00e9 \u00ab\u00a0funk \u0282w\u00e8i\u00a0\u00bb) (alias All Good People) est un album de rock de 2002 de John Oates qui est surtout connu comme faisant partie du duo rock et soul Hall &#038; Oates. L&rsquo;album est sorti \u00e0 l&rsquo;origine le 20 ao\u00fbt 2002.<\/p>\n<p>Le CD de Phunk Shui est sorti quatre fois de plus, avec des titres bonus ajout\u00e9s \u00e0 chaque fois. Le 29 octobre 2002, une version japonaise a ajout\u00e9 le morceau bonus \u00ab\u00a0Mona Lisa&rsquo;s Eyes\u00a0\u00bb (cette version est sortie aux \u00c9tats-Unis le 20 mai 2003, sous le titre All Good People). Deux autres pistes bonus ont \u00e9t\u00e9 ajout\u00e9es le 18 novembre 2003 (le titre est redevenu Phunk Shui) pour une nouvelle version am\u00e9ricaine (\u00ab\u00a0Time Will Tell\u00a0\u00bb et un enregistrement live de \u00ab\u00a0People Get Ready\u00a0\u00bb). En 2006, une version DualDisc de Phunk Shui est sortie sous le titre John Oates Solo &#8211; The Album, The Concert. La face CD est la version 14 pistes de Phunk Shui et la face DVD est celle de John Oates : Live At The Historic Wheeler Opera House ; le CD live bonus qui accompagnait le DVD live n&rsquo;est pas inclus.<\/p>\n<p>Le titre de l&rsquo;album est une pi\u00e8ce de th\u00e9\u00e2tre sur le syst\u00e8me chinois d&rsquo;esth\u00e9tique Feng Shui.<\/p>\n","protected":false},"excerpt":{"rendered":"<p>Artiste : Daryl HALL + John OATES<br \/>\nTitre : H2O<br \/>\nAnn\u00e9e : 1982, \u00e9dition originale<br \/>\nProducteur : Daryl Hall, John Oates, Neil Kernon<br \/>\nGenre : Pop, soul, new wave<br \/>\nLabel : RCA Records<\/p>\n","protected":false},"featured_media":1971,"template":"","meta":[],"product_brand":[],"product_cat":[71],"product_tag":[83,79],"class_list":{"0":"post-1180","1":"product","2":"type-product","3":"status-publish","4":"has-post-thumbnail","6":"product_cat-cd","7":"product_tag-pop","8":"product_tag-rock","10":"first","11":"instock","12":"shipping-taxable","13":"product-type-simple"},"yoast_head":"<!-- This site is optimized with the Yoast SEO plugin v27.0 - https:\/\/yoast.com\/product\/yoast-seo-wordpress\/ -->\n<title>John OATES - Phunk Shui - CD - CD Pop Rock<\/title>\n<meta name=\"description\" content=\"Daryl HALL + John OATES - H2O - 1982, \u00e9dition originale Producteur : Daryl Hall, John Oates, Neil Kernon Genre : Pop, soul, new wave RCA\" \/>\n<meta name=\"robots\" content=\"index, follow, max-snippet:-1, max-image-preview:large, max-video-preview:-1\" \/>\n<link rel=\"canonical\" href=\"https:\/\/www.verdieditions.com\/cd-pop-rock\/produit\/john-oates-phunk-shui\/\" \/>\n<meta property=\"og:locale\" content=\"fr_FR\" \/>\n<meta property=\"og:type\" content=\"article\" \/>\n<meta property=\"og:title\" content=\"John OATES - Phunk Shui - CD - CD Pop Rock\" \/>\n<meta property=\"og:description\" content=\"Daryl HALL + John OATES - H2O - 1982, \u00e9dition originale Producteur : Daryl Hall, John Oates, Neil Kernon Genre : Pop, soul, new wave RCA\" \/>\n<meta property=\"og:url\" content=\"https:\/\/www.verdieditions.com\/cd-pop-rock\/produit\/john-oates-phunk-shui\/\" \/>\n<meta property=\"og:site_name\" content=\"CD Pop Rock\" \/>\n<meta property=\"article:publisher\" content=\"https:\/\/www.facebook.com\/CD-Pop-Rock-107168374818139\" \/>\n<meta property=\"article:modified_time\" content=\"2021-04-15T08:42:10+00:00\" \/>\n<meta property=\"og:image\" content=\"https:\/\/www.verdieditions.com\/cd-pop-rock\/wp-content\/uploads\/2021\/02\/john-oates-phunk-shui-CD.jpg\" \/>\n\t<meta property=\"og:image:width\" content=\"800\" \/>\n\t<meta property=\"og:image:height\" content=\"532\" \/>\n\t<meta property=\"og:image:type\" content=\"image\/jpeg\" \/>\n<meta name=\"twitter:card\" content=\"summary_large_image\" \/>\n<meta name=\"twitter:label1\" content=\"Dur\u00e9e de lecture estim\u00e9e\" \/>\n\t<meta name=\"twitter:data1\" content=\"1 minute\" \/>\n<script type=\"application\/ld+json\" class=\"yoast-schema-graph\">{\"@context\":\"https:\/\/schema.org\",\"@graph\":[{\"@type\":\"WebPage\",\"@id\":\"https:\/\/www.verdieditions.com\/cd-pop-rock\/produit\/john-oates-phunk-shui\/\",\"url\":\"https:\/\/www.verdieditions.com\/cd-pop-rock\/produit\/john-oates-phunk-shui\/\",\"name\":\"John OATES - Phunk Shui - CD - CD Pop Rock\",\"isPartOf\":{\"@id\":\"https:\/\/www.verdieditions.com\/cd-pop-rock\/#website\"},\"primaryImageOfPage\":{\"@id\":\"https:\/\/www.verdieditions.com\/cd-pop-rock\/produit\/john-oates-phunk-shui\/#primaryimage\"},\"image\":{\"@id\":\"https:\/\/www.verdieditions.com\/cd-pop-rock\/produit\/john-oates-phunk-shui\/#primaryimage\"},\"thumbnailUrl\":\"https:\/\/www.verdieditions.com\/cd-pop-rock\/wp-content\/uploads\/2021\/02\/john-oates-phunk-shui-CD.jpg\",\"datePublished\":\"2021-02-02T12:15:49+00:00\",\"dateModified\":\"2021-04-15T08:42:10+00:00\",\"description\":\"Daryl HALL + John OATES - H2O - 1982, \u00e9dition originale Producteur : Daryl Hall, John Oates, Neil Kernon Genre : Pop, soul, new wave RCA\",\"breadcrumb\":{\"@id\":\"https:\/\/www.verdieditions.com\/cd-pop-rock\/produit\/john-oates-phunk-shui\/#breadcrumb\"},\"inLanguage\":\"fr-FR\",\"potentialAction\":[{\"@type\":\"ReadAction\",\"target\":[\"https:\/\/www.verdieditions.com\/cd-pop-rock\/produit\/john-oates-phunk-shui\/\"]}]},{\"@type\":\"ImageObject\",\"inLanguage\":\"fr-FR\",\"@id\":\"https:\/\/www.verdieditions.com\/cd-pop-rock\/produit\/john-oates-phunk-shui\/#primaryimage\",\"url\":\"https:\/\/www.verdieditions.com\/cd-pop-rock\/wp-content\/uploads\/2021\/02\/john-oates-phunk-shui-CD.jpg\",\"contentUrl\":\"https:\/\/www.verdieditions.com\/cd-pop-rock\/wp-content\/uploads\/2021\/02\/john-oates-phunk-shui-CD.jpg\",\"width\":800,\"height\":532,\"caption\":\"john-oates-phunk-shui-CD\"},{\"@type\":\"BreadcrumbList\",\"@id\":\"https:\/\/www.verdieditions.com\/cd-pop-rock\/produit\/john-oates-phunk-shui\/#breadcrumb\",\"itemListElement\":[{\"@type\":\"ListItem\",\"position\":1,\"name\":\"Accueil\",\"item\":\"https:\/\/www.verdieditions.com\/cd-pop-rock\/\"},{\"@type\":\"ListItem\",\"position\":2,\"name\":\"La Boutique\",\"item\":\"https:\/\/www.verdieditions.com\/cd-pop-rock\/boutique\/\"},{\"@type\":\"ListItem\",\"position\":3,\"name\":\"John OATES &#8211; Phunk Shui &#8211; CD\"}]},{\"@type\":\"WebSite\",\"@id\":\"https:\/\/www.verdieditions.com\/cd-pop-rock\/#website\",\"url\":\"https:\/\/www.verdieditions.com\/cd-pop-rock\/\",\"name\":\"CD Pop Rock\",\"description\":\"CD, K7, Vinyles, VHS et DVD de Musique Pop et Rock vintage\",\"publisher\":{\"@id\":\"https:\/\/www.verdieditions.com\/cd-pop-rock\/#\/schema\/person\/3a9da867add08338474907117bf9668a\"},\"potentialAction\":[{\"@type\":\"SearchAction\",\"target\":{\"@type\":\"EntryPoint\",\"urlTemplate\":\"https:\/\/www.verdieditions.com\/cd-pop-rock\/?s={search_term_string}\"},\"query-input\":{\"@type\":\"PropertyValueSpecification\",\"valueRequired\":true,\"valueName\":\"search_term_string\"}}],\"inLanguage\":\"fr-FR\"},{\"@type\":[\"Person\",\"Organization\"],\"@id\":\"https:\/\/www.verdieditions.com\/cd-pop-rock\/#\/schema\/person\/3a9da867add08338474907117bf9668a\",\"name\":\"Sylvie VERDI\",\"image\":{\"@type\":\"ImageObject\",\"inLanguage\":\"fr-FR\",\"@id\":\"https:\/\/www.verdieditions.com\/cd-pop-rock\/#\/schema\/person\/image\/\",\"url\":\"https:\/\/www.verdieditions.com\/cd-pop-rock\/wp-content\/uploads\/2021\/01\/cropped-favicon-cd-pop-rock-vinyle-32x32-1.png\",\"contentUrl\":\"https:\/\/www.verdieditions.com\/cd-pop-rock\/wp-content\/uploads\/2021\/01\/cropped-favicon-cd-pop-rock-vinyle-32x32-1.png\",\"width\":512,\"height\":512,\"caption\":\"Sylvie VERDI\"},\"logo\":{\"@id\":\"https:\/\/www.verdieditions.com\/cd-pop-rock\/#\/schema\/person\/image\/\"},\"sameAs\":[\"https:\/\/www.verdieditions.com\/cd-pop-rock\",\"https:\/\/www.facebook.com\/CD-Pop-Rock-107168374818139\"]}]}<\/script>\n<!-- \/ Yoast SEO plugin. -->","yoast_head_json":{"title":"John OATES - Phunk Shui - CD - CD Pop Rock","description":"Daryl HALL + John OATES - H2O - 1982, \u00e9dition originale Producteur : Daryl Hall, John Oates, Neil Kernon Genre : Pop, soul, new wave RCA","robots":{"index":"index","follow":"follow","max-snippet":"max-snippet:-1","max-image-preview":"max-image-preview:large","max-video-preview":"max-video-preview:-1"},"canonical":"https:\/\/www.verdieditions.com\/cd-pop-rock\/produit\/john-oates-phunk-shui\/","og_locale":"fr_FR","og_type":"article","og_title":"John OATES - Phunk Shui - CD - CD Pop Rock","og_description":"Daryl HALL + John OATES - H2O - 1982, \u00e9dition originale Producteur : Daryl Hall, John Oates, Neil Kernon Genre : Pop, soul, new wave RCA","og_url":"https:\/\/www.verdieditions.com\/cd-pop-rock\/produit\/john-oates-phunk-shui\/","og_site_name":"CD Pop Rock","article_publisher":"https:\/\/www.facebook.com\/CD-Pop-Rock-107168374818139","article_modified_time":"2021-04-15T08:42:10+00:00","og_image":[{"width":800,"height":532,"url":"https:\/\/www.verdieditions.com\/cd-pop-rock\/wp-content\/uploads\/2021\/02\/john-oates-phunk-shui-CD.jpg","type":"image\/jpeg"}],"twitter_card":"summary_large_image","twitter_misc":{"Dur\u00e9e de lecture estim\u00e9e":"1 minute"},"schema":{"@context":"https:\/\/schema.org","@graph":[{"@type":"WebPage","@id":"https:\/\/www.verdieditions.com\/cd-pop-rock\/produit\/john-oates-phunk-shui\/","url":"https:\/\/www.verdieditions.com\/cd-pop-rock\/produit\/john-oates-phunk-shui\/","name":"John OATES - Phunk Shui - CD - CD Pop Rock","isPartOf":{"@id":"https:\/\/www.verdieditions.com\/cd-pop-rock\/#website"},"primaryImageOfPage":{"@id":"https:\/\/www.verdieditions.com\/cd-pop-rock\/produit\/john-oates-phunk-shui\/#primaryimage"},"image":{"@id":"https:\/\/www.verdieditions.com\/cd-pop-rock\/produit\/john-oates-phunk-shui\/#primaryimage"},"thumbnailUrl":"https:\/\/www.verdieditions.com\/cd-pop-rock\/wp-content\/uploads\/2021\/02\/john-oates-phunk-shui-CD.jpg","datePublished":"2021-02-02T12:15:49+00:00","dateModified":"2021-04-15T08:42:10+00:00","description":"Daryl HALL + John OATES - H2O - 1982, \u00e9dition originale Producteur : Daryl Hall, John Oates, Neil Kernon Genre : Pop, soul, new wave RCA","breadcrumb":{"@id":"https:\/\/www.verdieditions.com\/cd-pop-rock\/produit\/john-oates-phunk-shui\/#breadcrumb"},"inLanguage":"fr-FR","potentialAction":[{"@type":"ReadAction","target":["https:\/\/www.verdieditions.com\/cd-pop-rock\/produit\/john-oates-phunk-shui\/"]}]},{"@type":"ImageObject","inLanguage":"fr-FR","@id":"https:\/\/www.verdieditions.com\/cd-pop-rock\/produit\/john-oates-phunk-shui\/#primaryimage","url":"https:\/\/www.verdieditions.com\/cd-pop-rock\/wp-content\/uploads\/2021\/02\/john-oates-phunk-shui-CD.jpg","contentUrl":"https:\/\/www.verdieditions.com\/cd-pop-rock\/wp-content\/uploads\/2021\/02\/john-oates-phunk-shui-CD.jpg","width":800,"height":532,"caption":"john-oates-phunk-shui-CD"},{"@type":"BreadcrumbList","@id":"https:\/\/www.verdieditions.com\/cd-pop-rock\/produit\/john-oates-phunk-shui\/#breadcrumb","itemListElement":[{"@type":"ListItem","position":1,"name":"Accueil","item":"https:\/\/www.verdieditions.com\/cd-pop-rock\/"},{"@type":"ListItem","position":2,"name":"La Boutique","item":"https:\/\/www.verdieditions.com\/cd-pop-rock\/boutique\/"},{"@type":"ListItem","position":3,"name":"John OATES &#8211; Phunk Shui &#8211; CD"}]},{"@type":"WebSite","@id":"https:\/\/www.verdieditions.com\/cd-pop-rock\/#website","url":"https:\/\/www.verdieditions.com\/cd-pop-rock\/","name":"CD Pop Rock","description":"CD, K7, Vinyles, VHS et DVD de Musique Pop et Rock vintage","publisher":{"@id":"https:\/\/www.verdieditions.com\/cd-pop-rock\/#\/schema\/person\/3a9da867add08338474907117bf9668a"},"potentialAction":[{"@type":"SearchAction","target":{"@type":"EntryPoint","urlTemplate":"https:\/\/www.verdieditions.com\/cd-pop-rock\/?s={search_term_string}"},"query-input":{"@type":"PropertyValueSpecification","valueRequired":true,"valueName":"search_term_string"}}],"inLanguage":"fr-FR"},{"@type":["Person","Organization"],"@id":"https:\/\/www.verdieditions.com\/cd-pop-rock\/#\/schema\/person\/3a9da867add08338474907117bf9668a","name":"Sylvie VERDI","image":{"@type":"ImageObject","inLanguage":"fr-FR","@id":"https:\/\/www.verdieditions.com\/cd-pop-rock\/#\/schema\/person\/image\/","url":"https:\/\/www.verdieditions.com\/cd-pop-rock\/wp-content\/uploads\/2021\/01\/cropped-favicon-cd-pop-rock-vinyle-32x32-1.png","contentUrl":"https:\/\/www.verdieditions.com\/cd-pop-rock\/wp-content\/uploads\/2021\/01\/cropped-favicon-cd-pop-rock-vinyle-32x32-1.png","width":512,"height":512,"caption":"Sylvie VERDI"},"logo":{"@id":"https:\/\/www.verdieditions.com\/cd-pop-rock\/#\/schema\/person\/image\/"},"sameAs":["https:\/\/www.verdieditions.com\/cd-pop-rock","https:\/\/www.facebook.com\/CD-Pop-Rock-107168374818139"]}]}},"_links":{"self":[{"href":"https:\/\/www.verdieditions.com\/cd-pop-rock\/wp-json\/wp\/v2\/product\/1180","targetHints":{"allow":["GET"]}}],"collection":[{"href":"https:\/\/www.verdieditions.com\/cd-pop-rock\/wp-json\/wp\/v2\/product"}],"about":[{"href":"https:\/\/www.verdieditions.com\/cd-pop-rock\/wp-json\/wp\/v2\/types\/product"}],"wp:featuredmedia":[{"embeddable":true,"href":"https:\/\/www.verdieditions.com\/cd-pop-rock\/wp-json\/wp\/v2\/media\/1971"}],"wp:attachment":[{"href":"https:\/\/www.verdieditions.com\/cd-pop-rock\/wp-json\/wp\/v2\/media?parent=1180"}],"wp:term":[{"taxonomy":"product_brand","embeddable":true,"href":"https:\/\/www.verdieditions.com\/cd-pop-rock\/wp-json\/wp\/v2\/product_brand?post=1180"},{"taxonomy":"product_cat","embeddable":true,"href":"https:\/\/www.verdieditions.com\/cd-pop-rock\/wp-json\/wp\/v2\/product_cat?post=1180"},{"taxonomy":"product_tag","embeddable":true,"href":"https:\/\/www.verdieditions.com\/cd-pop-rock\/wp-json\/wp\/v2\/product_tag?post=1180"}],"curies":[{"name":"wp","href":"https:\/\/api.w.org\/{rel}","templated":true}]}}