{"id":1120,"date":"2021-01-29T11:51:26","date_gmt":"2021-01-29T10:51:26","guid":{"rendered":"https:\/\/www.verdieditions.com\/cd-pop-rock\/?post_type=product&#038;p=1120"},"modified":"2021-04-15T10:42:13","modified_gmt":"2021-04-15T08:42:13","slug":"janet-jackson","status":"publish","type":"product","link":"https:\/\/www.verdieditions.com\/cd-pop-rock\/produit\/janet-jackson\/","title":{"rendered":"Janet JACKSON &#8211; Janet &#8211; CD"},"content":{"rendered":"<p>Artiste : Janet JACKSON<br \/>\nTitre : Janet<br \/>\nAnn\u00e9e : 1993, \u00e9dition originale<br \/>\nGenre : R&rsquo;n&rsquo;B, pop, new jack swing, Jazz, Funk, Rhythm and blues, Soul, Quiet Storm<br \/>\nProducteur : Jimmy Jam, Janet Jackson<br \/>\nLabel : Virgin Records<\/p>\n<p>1. Morning 0:31<br \/>\n2. That&rsquo;s the Way Love Goes 4:25<br \/>\n3. You Know&#8230; 0:12<br \/>\n4. You Want This 5:05<br \/>\n5. Be A Good Boy&#8230; 0:07<br \/>\n6. If 4:31<br \/>\n7. Back<br \/>\n8. This Time (avec Kathleen Battle) 6:59<br \/>\n9. Go On Miss Janet 0:05<br \/>\n10. Throb 4:33<br \/>\n11. What&rsquo;ll I Do (Auteur: Steve Cropper \/ Janet Jackson \/ Joe Shamwell. Producteur: Jellybean Johnson) 4:01<br \/>\n12. The Lounge 0:12<br \/>\n13. Funky Big Band 5:22<br \/>\n14. Racism 0:08<br \/>\n15. New Agenda (avec Chuck D) (James Harris \/ Janet Jackson \/ Terry Lewis \/ Chuck D) 4:00<br \/>\n16. Love Pt. 2 0:16<br \/>\n17. Because of Love4:20<br \/>\n18. Wind 0:10<br \/>\n19. Again 3:49<br \/>\n20. Another Lover 0:20<br \/>\n21. Where Are You Now 5:47<br \/>\n22. Hold On Baby 0:10<br \/>\n23. The Body That Loves You 5:32<br \/>\n24. Rain 0:18<br \/>\n25. Any Time, Any Place 7:08<br \/>\n26. Are You Still Up 1:36<br \/>\n27. Sweet Dreams 0:14<br \/>\nWhoops Now 5:00 (piste cach\u00e9 \u00e0 l&rsquo;origine, mais ajout\u00e9 plus tard comme chanson s\u00e9par\u00e9 en digital)<\/p>\n","protected":false},"excerpt":{"rendered":"<p>Artiste : Janet JACKSON<br \/>\nTitre : Janet<br \/>\nAnn\u00e9e : 1993, \u00e9dition originale<br \/>\nGenre : R&rsquo;n&rsquo;B, pop, new jack swing, Jazz, Funk, Rhythm and blues, Soul, Quiet Storm<br \/>\nProducteur : Jimmy Jam, Janet Jackson<br \/>\nLabel : Virgin Records<\/p>\n","protected":false},"featured_media":1967,"template":"","meta":[],"product_brand":[],"product_cat":[71],"product_tag":[78,92,83,96,91,112,80],"class_list":{"0":"post-1120","1":"product","2":"type-product","3":"status-publish","4":"has-post-thumbnail","6":"product_cat-cd","7":"product_tag-funk","8":"product_tag-new-jack-swing","9":"product_tag-pop","10":"product_tag-quiet-storm","11":"product_tag-rb","12":"product_tag-rhythm-and-blues","13":"product_tag-soul","15":"first","16":"instock","17":"shipping-taxable","18":"product-type-simple"},"yoast_head":"<!-- This site is optimized with the Yoast SEO plugin v27.0 - https:\/\/yoast.com\/product\/yoast-seo-wordpress\/ -->\n<title>Janet JACKSON - Janet - CD - CD Pop Rock<\/title>\n<meta name=\"description\" content=\"Janet JACKSON Titre : Janet Ann\u00e9e : 1993 Genre : R&#039;n&#039;B, pop, new jack swing, Jazz, Funk Prod : Jimmy Jam, Janet Jackson Label : Virgin\" \/>\n<meta name=\"robots\" content=\"index, follow, max-snippet:-1, max-image-preview:large, max-video-preview:-1\" \/>\n<link rel=\"canonical\" href=\"https:\/\/www.verdieditions.com\/cd-pop-rock\/produit\/janet-jackson\/\" \/>\n<meta property=\"og:locale\" content=\"fr_FR\" \/>\n<meta property=\"og:type\" content=\"article\" \/>\n<meta property=\"og:title\" content=\"Janet JACKSON - Janet - CD - CD Pop Rock\" \/>\n<meta property=\"og:description\" content=\"Janet JACKSON Titre : Janet Ann\u00e9e : 1993 Genre : R&#039;n&#039;B, pop, new jack swing, Jazz, Funk Prod : Jimmy Jam, Janet Jackson Label : Virgin\" \/>\n<meta property=\"og:url\" content=\"https:\/\/www.verdieditions.com\/cd-pop-rock\/produit\/janet-jackson\/\" \/>\n<meta property=\"og:site_name\" content=\"CD Pop Rock\" \/>\n<meta property=\"article:publisher\" content=\"https:\/\/www.facebook.com\/CD-Pop-Rock-107168374818139\" \/>\n<meta property=\"article:modified_time\" content=\"2021-04-15T08:42:13+00:00\" \/>\n<meta property=\"og:image\" content=\"https:\/\/www.verdieditions.com\/cd-pop-rock\/wp-content\/uploads\/2021\/01\/janet-jackson-CD.jpg\" \/>\n\t<meta property=\"og:image:width\" content=\"800\" \/>\n\t<meta property=\"og:image:height\" content=\"532\" \/>\n\t<meta property=\"og:image:type\" content=\"image\/jpeg\" \/>\n<meta name=\"twitter:card\" content=\"summary_large_image\" \/>\n<meta name=\"twitter:label1\" content=\"Dur\u00e9e de lecture estim\u00e9e\" \/>\n\t<meta name=\"twitter:data1\" content=\"1 minute\" \/>\n<script type=\"application\/ld+json\" class=\"yoast-schema-graph\">{\"@context\":\"https:\/\/schema.org\",\"@graph\":[{\"@type\":\"WebPage\",\"@id\":\"https:\/\/www.verdieditions.com\/cd-pop-rock\/produit\/janet-jackson\/\",\"url\":\"https:\/\/www.verdieditions.com\/cd-pop-rock\/produit\/janet-jackson\/\",\"name\":\"Janet JACKSON - Janet - CD - CD Pop Rock\",\"isPartOf\":{\"@id\":\"https:\/\/www.verdieditions.com\/cd-pop-rock\/#website\"},\"primaryImageOfPage\":{\"@id\":\"https:\/\/www.verdieditions.com\/cd-pop-rock\/produit\/janet-jackson\/#primaryimage\"},\"image\":{\"@id\":\"https:\/\/www.verdieditions.com\/cd-pop-rock\/produit\/janet-jackson\/#primaryimage\"},\"thumbnailUrl\":\"https:\/\/www.verdieditions.com\/cd-pop-rock\/wp-content\/uploads\/2021\/01\/janet-jackson-CD.jpg\",\"datePublished\":\"2021-01-29T10:51:26+00:00\",\"dateModified\":\"2021-04-15T08:42:13+00:00\",\"description\":\"Janet JACKSON Titre : Janet Ann\u00e9e : 1993 Genre : R'n'B, pop, new jack swing, Jazz, Funk Prod : Jimmy Jam, Janet Jackson Label : Virgin\",\"breadcrumb\":{\"@id\":\"https:\/\/www.verdieditions.com\/cd-pop-rock\/produit\/janet-jackson\/#breadcrumb\"},\"inLanguage\":\"fr-FR\",\"potentialAction\":[{\"@type\":\"ReadAction\",\"target\":[\"https:\/\/www.verdieditions.com\/cd-pop-rock\/produit\/janet-jackson\/\"]}]},{\"@type\":\"ImageObject\",\"inLanguage\":\"fr-FR\",\"@id\":\"https:\/\/www.verdieditions.com\/cd-pop-rock\/produit\/janet-jackson\/#primaryimage\",\"url\":\"https:\/\/www.verdieditions.com\/cd-pop-rock\/wp-content\/uploads\/2021\/01\/janet-jackson-CD.jpg\",\"contentUrl\":\"https:\/\/www.verdieditions.com\/cd-pop-rock\/wp-content\/uploads\/2021\/01\/janet-jackson-CD.jpg\",\"width\":800,\"height\":532,\"caption\":\"janet-jackson-CD\"},{\"@type\":\"BreadcrumbList\",\"@id\":\"https:\/\/www.verdieditions.com\/cd-pop-rock\/produit\/janet-jackson\/#breadcrumb\",\"itemListElement\":[{\"@type\":\"ListItem\",\"position\":1,\"name\":\"Accueil\",\"item\":\"https:\/\/www.verdieditions.com\/cd-pop-rock\/\"},{\"@type\":\"ListItem\",\"position\":2,\"name\":\"La Boutique\",\"item\":\"https:\/\/www.verdieditions.com\/cd-pop-rock\/boutique\/\"},{\"@type\":\"ListItem\",\"position\":3,\"name\":\"Janet JACKSON &#8211; Janet &#8211; CD\"}]},{\"@type\":\"WebSite\",\"@id\":\"https:\/\/www.verdieditions.com\/cd-pop-rock\/#website\",\"url\":\"https:\/\/www.verdieditions.com\/cd-pop-rock\/\",\"name\":\"CD Pop Rock\",\"description\":\"CD, K7, Vinyles, VHS et DVD de Musique Pop et Rock vintage\",\"publisher\":{\"@id\":\"https:\/\/www.verdieditions.com\/cd-pop-rock\/#\/schema\/person\/3a9da867add08338474907117bf9668a\"},\"potentialAction\":[{\"@type\":\"SearchAction\",\"target\":{\"@type\":\"EntryPoint\",\"urlTemplate\":\"https:\/\/www.verdieditions.com\/cd-pop-rock\/?s={search_term_string}\"},\"query-input\":{\"@type\":\"PropertyValueSpecification\",\"valueRequired\":true,\"valueName\":\"search_term_string\"}}],\"inLanguage\":\"fr-FR\"},{\"@type\":[\"Person\",\"Organization\"],\"@id\":\"https:\/\/www.verdieditions.com\/cd-pop-rock\/#\/schema\/person\/3a9da867add08338474907117bf9668a\",\"name\":\"Sylvie VERDI\",\"image\":{\"@type\":\"ImageObject\",\"inLanguage\":\"fr-FR\",\"@id\":\"https:\/\/www.verdieditions.com\/cd-pop-rock\/#\/schema\/person\/image\/\",\"url\":\"https:\/\/www.verdieditions.com\/cd-pop-rock\/wp-content\/uploads\/2021\/01\/cropped-favicon-cd-pop-rock-vinyle-32x32-1.png\",\"contentUrl\":\"https:\/\/www.verdieditions.com\/cd-pop-rock\/wp-content\/uploads\/2021\/01\/cropped-favicon-cd-pop-rock-vinyle-32x32-1.png\",\"width\":512,\"height\":512,\"caption\":\"Sylvie VERDI\"},\"logo\":{\"@id\":\"https:\/\/www.verdieditions.com\/cd-pop-rock\/#\/schema\/person\/image\/\"},\"sameAs\":[\"https:\/\/www.verdieditions.com\/cd-pop-rock\",\"https:\/\/www.facebook.com\/CD-Pop-Rock-107168374818139\"]}]}<\/script>\n<!-- \/ Yoast SEO plugin. -->","yoast_head_json":{"title":"Janet JACKSON - Janet - CD - CD Pop Rock","description":"Janet JACKSON Titre : Janet Ann\u00e9e : 1993 Genre : R'n'B, pop, new jack swing, Jazz, Funk Prod : Jimmy Jam, Janet Jackson Label : Virgin","robots":{"index":"index","follow":"follow","max-snippet":"max-snippet:-1","max-image-preview":"max-image-preview:large","max-video-preview":"max-video-preview:-1"},"canonical":"https:\/\/www.verdieditions.com\/cd-pop-rock\/produit\/janet-jackson\/","og_locale":"fr_FR","og_type":"article","og_title":"Janet JACKSON - Janet - CD - CD Pop Rock","og_description":"Janet JACKSON Titre : Janet Ann\u00e9e : 1993 Genre : R'n'B, pop, new jack swing, Jazz, Funk Prod : Jimmy Jam, Janet Jackson Label : Virgin","og_url":"https:\/\/www.verdieditions.com\/cd-pop-rock\/produit\/janet-jackson\/","og_site_name":"CD Pop Rock","article_publisher":"https:\/\/www.facebook.com\/CD-Pop-Rock-107168374818139","article_modified_time":"2021-04-15T08:42:13+00:00","og_image":[{"width":800,"height":532,"url":"https:\/\/www.verdieditions.com\/cd-pop-rock\/wp-content\/uploads\/2021\/01\/janet-jackson-CD.jpg","type":"image\/jpeg"}],"twitter_card":"summary_large_image","twitter_misc":{"Dur\u00e9e de lecture estim\u00e9e":"1 minute"},"schema":{"@context":"https:\/\/schema.org","@graph":[{"@type":"WebPage","@id":"https:\/\/www.verdieditions.com\/cd-pop-rock\/produit\/janet-jackson\/","url":"https:\/\/www.verdieditions.com\/cd-pop-rock\/produit\/janet-jackson\/","name":"Janet JACKSON - Janet - CD - CD Pop Rock","isPartOf":{"@id":"https:\/\/www.verdieditions.com\/cd-pop-rock\/#website"},"primaryImageOfPage":{"@id":"https:\/\/www.verdieditions.com\/cd-pop-rock\/produit\/janet-jackson\/#primaryimage"},"image":{"@id":"https:\/\/www.verdieditions.com\/cd-pop-rock\/produit\/janet-jackson\/#primaryimage"},"thumbnailUrl":"https:\/\/www.verdieditions.com\/cd-pop-rock\/wp-content\/uploads\/2021\/01\/janet-jackson-CD.jpg","datePublished":"2021-01-29T10:51:26+00:00","dateModified":"2021-04-15T08:42:13+00:00","description":"Janet JACKSON Titre : Janet Ann\u00e9e : 1993 Genre : R'n'B, pop, new jack swing, Jazz, Funk Prod : Jimmy Jam, Janet Jackson Label : Virgin","breadcrumb":{"@id":"https:\/\/www.verdieditions.com\/cd-pop-rock\/produit\/janet-jackson\/#breadcrumb"},"inLanguage":"fr-FR","potentialAction":[{"@type":"ReadAction","target":["https:\/\/www.verdieditions.com\/cd-pop-rock\/produit\/janet-jackson\/"]}]},{"@type":"ImageObject","inLanguage":"fr-FR","@id":"https:\/\/www.verdieditions.com\/cd-pop-rock\/produit\/janet-jackson\/#primaryimage","url":"https:\/\/www.verdieditions.com\/cd-pop-rock\/wp-content\/uploads\/2021\/01\/janet-jackson-CD.jpg","contentUrl":"https:\/\/www.verdieditions.com\/cd-pop-rock\/wp-content\/uploads\/2021\/01\/janet-jackson-CD.jpg","width":800,"height":532,"caption":"janet-jackson-CD"},{"@type":"BreadcrumbList","@id":"https:\/\/www.verdieditions.com\/cd-pop-rock\/produit\/janet-jackson\/#breadcrumb","itemListElement":[{"@type":"ListItem","position":1,"name":"Accueil","item":"https:\/\/www.verdieditions.com\/cd-pop-rock\/"},{"@type":"ListItem","position":2,"name":"La Boutique","item":"https:\/\/www.verdieditions.com\/cd-pop-rock\/boutique\/"},{"@type":"ListItem","position":3,"name":"Janet JACKSON &#8211; Janet &#8211; CD"}]},{"@type":"WebSite","@id":"https:\/\/www.verdieditions.com\/cd-pop-rock\/#website","url":"https:\/\/www.verdieditions.com\/cd-pop-rock\/","name":"CD Pop Rock","description":"CD, K7, Vinyles, VHS et DVD de Musique Pop et Rock vintage","publisher":{"@id":"https:\/\/www.verdieditions.com\/cd-pop-rock\/#\/schema\/person\/3a9da867add08338474907117bf9668a"},"potentialAction":[{"@type":"SearchAction","target":{"@type":"EntryPoint","urlTemplate":"https:\/\/www.verdieditions.com\/cd-pop-rock\/?s={search_term_string}"},"query-input":{"@type":"PropertyValueSpecification","valueRequired":true,"valueName":"search_term_string"}}],"inLanguage":"fr-FR"},{"@type":["Person","Organization"],"@id":"https:\/\/www.verdieditions.com\/cd-pop-rock\/#\/schema\/person\/3a9da867add08338474907117bf9668a","name":"Sylvie VERDI","image":{"@type":"ImageObject","inLanguage":"fr-FR","@id":"https:\/\/www.verdieditions.com\/cd-pop-rock\/#\/schema\/person\/image\/","url":"https:\/\/www.verdieditions.com\/cd-pop-rock\/wp-content\/uploads\/2021\/01\/cropped-favicon-cd-pop-rock-vinyle-32x32-1.png","contentUrl":"https:\/\/www.verdieditions.com\/cd-pop-rock\/wp-content\/uploads\/2021\/01\/cropped-favicon-cd-pop-rock-vinyle-32x32-1.png","width":512,"height":512,"caption":"Sylvie VERDI"},"logo":{"@id":"https:\/\/www.verdieditions.com\/cd-pop-rock\/#\/schema\/person\/image\/"},"sameAs":["https:\/\/www.verdieditions.com\/cd-pop-rock","https:\/\/www.facebook.com\/CD-Pop-Rock-107168374818139"]}]}},"_links":{"self":[{"href":"https:\/\/www.verdieditions.com\/cd-pop-rock\/wp-json\/wp\/v2\/product\/1120","targetHints":{"allow":["GET"]}}],"collection":[{"href":"https:\/\/www.verdieditions.com\/cd-pop-rock\/wp-json\/wp\/v2\/product"}],"about":[{"href":"https:\/\/www.verdieditions.com\/cd-pop-rock\/wp-json\/wp\/v2\/types\/product"}],"wp:featuredmedia":[{"embeddable":true,"href":"https:\/\/www.verdieditions.com\/cd-pop-rock\/wp-json\/wp\/v2\/media\/1967"}],"wp:attachment":[{"href":"https:\/\/www.verdieditions.com\/cd-pop-rock\/wp-json\/wp\/v2\/media?parent=1120"}],"wp:term":[{"taxonomy":"product_brand","embeddable":true,"href":"https:\/\/www.verdieditions.com\/cd-pop-rock\/wp-json\/wp\/v2\/product_brand?post=1120"},{"taxonomy":"product_cat","embeddable":true,"href":"https:\/\/www.verdieditions.com\/cd-pop-rock\/wp-json\/wp\/v2\/product_cat?post=1120"},{"taxonomy":"product_tag","embeddable":true,"href":"https:\/\/www.verdieditions.com\/cd-pop-rock\/wp-json\/wp\/v2\/product_tag?post=1120"}],"curies":[{"name":"wp","href":"https:\/\/api.w.org\/{rel}","templated":true}]}}