{"id":3,"date":"2020-10-27T09:39:20","date_gmt":"2020-10-27T08:39:20","guid":{"rendered":"https:\/\/www.verdieditions.com\/cd-pop-rock\/?page_id=3"},"modified":"2021-04-19T11:37:28","modified_gmt":"2021-04-19T09:37:28","slug":"politique-de-confidentialite","status":"publish","type":"page","link":"https:\/\/www.verdieditions.com\/cd-pop-rock\/politique-de-confidentialite\/","title":{"rendered":"Politique de confidentialit\u00e9"},"content":{"rendered":"<h2>Politique de confidentialit\u00e9<\/h2>\n<h3>Finalit\u00e9 du traitement de vos donn\u00e9es personnelles<\/h3>\n<p>Vos messages sont re\u00e7us dans un logiciel de messagerie s\u00e9curis\u00e9 et g\u00e9r\u00e9 par un tiers de confiance. Vos messages et les correspondances qui suivent sont automatiquement d\u00e9truits pass\u00e9 un d\u00e9lai de 2 ans. En envoyant votre message par le biais du <a href=\"https:\/\/www.verdieditions.com\/cd-pop-rock\/contact\/\">formulaire de contact<\/a>, vous vous engagez \u00e0 accepter une correspondance par email relative \u00e0 votre demande d&rsquo;origine. Vous avez \u00e0 tout moment la possibilit\u00e9 de demander la suppression de nos correspondances.<\/p>\n<h3>Qui sommes-nous ?<\/h3>\n<p>L\u2019adresse de notre site Web est\u00a0: <a href=\"https:\/\/www.verdieditions.com\/\">https:\/\/www.verdieditions.com\/cd-pop-rock\/<\/a>.<br \/>\nLire les <a href=\"https:\/\/www.verdieditions.com\/cd-pop-rock\/mentions-legales\/\">Mentions l\u00e9gales<\/a>.<\/p>\n<h3>Utilisation des donn\u00e9es personnelles collect\u00e9es<\/h3>\n<h4>Commentaires<\/h4>\n<p>Le site ne permet pas de laisser de commentaires, ni de publier. A ce titre, aucune donn\u00e9e personnelle n&rsquo;est stock\u00e9e. Les donn\u00e9es de connexion via la Boutique sont g\u00e9r\u00e9es dans le cadre de l&rsquo;utilisation technique.<\/p>\n<h4>M\u00e9dias<\/h4>\n<p>Le site permet d&rsquo;uploader des donn\u00e9es. Hormis le mail de connexion, aucune donn\u00e9e n&rsquo;est stock\u00e9e. Le site ne comporte pas d&rsquo;utilitaire de tracking.<\/p>\n<h4>Formulaires de contact<\/h4>\n<p>Les messages envoy\u00e9s ou re\u00e7us sont syst\u00e9matiquement d\u00e9truits 2 ans apr\u00e8s la r\u00e9ception ou l\u2019envoi.<\/p>\n<h4>Cookies<\/h4>\n<p>Si vous avez un compte et que vous vous connectez sur ce site, un cookie temporaire sera cr\u00e9\u00e9 afin de d\u00e9terminer si votre navigateur accepte les cookies. Il ne contient pas de donn\u00e9es personnelles et sera supprim\u00e9 automatiquement \u00e0 la fermeture de votre navigateur.<br \/>\nLorsque vous vous connecterez, votre navigateur met en place un certain nombre de cookies pour enregistrer vos informations de connexion et vos pr\u00e9f\u00e9rences d\u2019\u00e9cran. La dur\u00e9e de vie d\u2019un cookie de connexion est de deux jours, celle d\u2019un cookie d\u2019option d\u2019\u00e9cran est d\u2019un an. Si vous cochez \u00ab\u00a0Se souvenir de moi\u00a0\u00bb, votre cookie de connexion sera conserv\u00e9 pendant deux semaines ou plus selon les pr\u00e9f\u00e9rences de votre navigateur. Si vous vous d\u00e9connectez de votre compte, le cookie de connexion sera effac\u00e9.<a href=\"https:\/\/www.verdieditions.com\/cd-pop-rock\/politique-de-cookie\/\"> En savoir plus sur les cookies<\/a>.<\/p>\n<h4>Contenu embarqu\u00e9 depuis d\u2019autres sites<\/h4>\n<p>Les articles de ce site peuvent inclure des contenus int\u00e9gr\u00e9s (par exemple des vid\u00e9os, images, articles\u2026). Le contenu int\u00e9gr\u00e9 depuis d\u2019autres sites se comporte de la m\u00eame mani\u00e8re que si le visiteur se rendait sur cet autre site.<br \/>\nCes sites web pourraient collecter des donn\u00e9es sur vous, utiliser des cookies, embarquer des outils de suivis tiers, suivre vos interactions avec ces contenus embarqu\u00e9s si vous disposez d\u2019un compte connect\u00e9 sur leur site web.<\/p>\n<h2>Statistiques et mesures d\u2019audience<\/h2>\n<h3>Utilisation et transmission de vos donn\u00e9es personnelles<\/h3>\n<h4>Dur\u00e9es de stockage de vos donn\u00e9es<\/h4>\n<p>Pour les utilisateurs et utilisatrices qui s\u2019enregistrent sur notre site, nous stockons uniquement le mail et les donn\u00e9es de livraison (Boutique). Tous les utilisateurs et utilisatrices peuvent voir, modifier ou supprimer leurs informations personnelles \u00e0 tout moment (\u00e0 l\u2019exception de leur nom d&rsquo;utilisateur). Les gestionnaires du site peuvent aussi voir et modifier ces informations.<\/p>\n<h3>Les droits que vous avez sur vos donn\u00e9es<\/h3>\n<p>Si vous avez un compte, vous pouvez demander \u00e0 recevoir un fichier contenant toutes les donn\u00e9es personnelles que nous poss\u00e9dons \u00e0 votre sujet, incluant celles que vous nous avez fournies. Vous pouvez \u00e9galement demander la suppression des donn\u00e9es personnelles vous concernant. Cela ne prend pas en compte les donn\u00e9es stock\u00e9es \u00e0 des fins administratives, l\u00e9gales ou pour des raisons de s\u00e9curit\u00e9.<\/p>\n<h4>R\u00e9cup\u00e9rer vos donn\u00e9es avec ce formulaire<\/h4>\n<p>S\u00e9lectionner un type de demande\u00a0:<br \/>\nExporter mes donn\u00e9es personnelles : <a href=\"mailto:sylvie@verdieditions.com?subject=Exporter mes donn\u00e9es personnelles&amp;body=Le corps du message : Exporter mes donn\u00e9es personnelles du site www.verdieditions.com\/cd-pop-rock\/\">Contacter le webmaster : Exporter mes donn\u00e9es personnelles<\/a><br \/>\nSupprimer mes donn\u00e9es personnelles : <a href=\"mailto:sylvie@verdieditions.com?subject=Supprimer mes donn\u00e9es personnelles&amp;body=Le corps du message : Supprimer mes donn\u00e9es personnelles du site www.verdieditions.com\/cd-pop-rock\/\">Contacter le webmaster : Supprimer mes donn\u00e9es personnelles<\/a><\/p>\n<h3>Transmission de vos donn\u00e9es personnelles<\/h3>\n<p>Le site ne permet pas de laisser de commentaires, ni de publier. Concernant vos donn\u00e9es pour la Boutique, aucune donn\u00e9e ne sera communiqu\u00e9e \u00e0 des tiers, de quelque mani\u00e8re que ce soit.<\/p>\n<h3>Informations de contact<\/h3>\n<p>En remplissant et en envoyant un message via le formulaire de contact, vous acceptez\u00a0que nous utilisions les donn\u00e9es transmises pour vous proposer une offre \u00ab\u00a0commerciale\u00a0\u00bb adapt\u00e9e \u00e0 vos besoins, c&rsquo;est \u00e0 dire vous informer \u00e9ventuellement de la mise en ligne de nouveaux CD, DVD, K7, disques vinyles et mat\u00e9riels d&rsquo;occasion.<\/p>\n<h3>Informations suppl\u00e9mentaires<\/h3>\n<h4>Comment nous prot\u00e9geons vos donn\u00e9es<\/h4>\n<p>Hormis vos coordonn\u00e9es de livraison (donn\u00e9es comptables) et de correspondance (adresse, mail), aucune information, ni aucune donn\u00e9e sensible vous concernant n&rsquo;est stock\u00e9e sur le site.<\/p>\n<h4>Proc\u00e9dures mises en \u0153uvre en cas de fuite de donn\u00e9es<\/h4>\n<p>Dans le cas de fuite de donn\u00e9es, vous en \u00eates inform\u00e9 dans un d\u00e9lai de 72h, afin de pouvoir prendre toutes dispositions n\u00e9cessaires.<\/p>\n<h4>Les services tiers qui nous transmettent des donn\u00e9es<\/h4>\n<p>Aucun.<\/p>\n<h4>Op\u00e9rations de marketing automatis\u00e9 et\/ou de profilage r\u00e9alis\u00e9es \u00e0 l\u2019aide des donn\u00e9es personnelles<\/h4>\n<p>Aucune.<\/p>\n<p>&nbsp;<br \/>\n<a href=\"https:\/\/www.verdieditions.com\/cd-pop-rock\/boutique\/\" class=\"su-button su-button-style-default\" style=\"color:#FFFFFF;background-color:#F76A0C;border-color:#c6550a;border-radius:4px\" target=\"_self\"><span style=\"color:#FFFFFF;padding:6px 18px;font-size:14px;line-height:21px;border-color:#fa9755;border-radius:4px;text-shadow:none\"><i class=\"sui sui-shopping-cart\" style=\"font-size:14px;color:#FFFFFF\"><\/i> Retour \u00e0 la Boutique<\/span><\/a>\n&nbsp;<\/p>\n","protected":false},"excerpt":{"rendered":"<p>Politique de confidentialit\u00e9 Finalit\u00e9 du traitement de vos donn\u00e9es personnelles Vos messages sont re\u00e7us dans un logiciel de messagerie s\u00e9curis\u00e9 et g\u00e9r\u00e9 par un tiers de confiance. Vos messages et les correspondances qui suivent sont automatiquement d\u00e9truits pass\u00e9 un d\u00e9lai &hellip; <a class=\"kt-excerpt-readmore\" href=\"https:\/\/www.verdieditions.com\/cd-pop-rock\/politique-de-confidentialite\/\" aria-label=\"Politique de confidentialit\u00e9\">Lire la suite<\/a><\/p>\n","protected":false},"author":1,"featured_media":2611,"parent":0,"menu_order":0,"comment_status":"closed","ping_status":"closed","template":"page-feature.php","meta":{"footnotes":""},"class_list":["post-3","page","type-page","status-publish","has-post-thumbnail","hentry"],"yoast_head":"<!-- This site is optimized with the Yoast SEO plugin v27.0 - https:\/\/yoast.com\/product\/yoast-seo-wordpress\/ -->\n<title>Politique de confidentialit\u00e9 - CD Pop Rock<\/title>\n<meta name=\"robots\" content=\"noindex, follow\" \/>\n<meta property=\"og:locale\" content=\"fr_FR\" \/>\n<meta property=\"og:type\" content=\"article\" \/>\n<meta property=\"og:title\" content=\"Politique de confidentialit\u00e9 - CD Pop Rock\" \/>\n<meta property=\"og:description\" content=\"Politique de confidentialit\u00e9 Finalit\u00e9 du traitement de vos donn\u00e9es personnelles Vos messages sont re\u00e7us dans un logiciel de messagerie s\u00e9curis\u00e9 et g\u00e9r\u00e9 par un tiers de confiance. Vos messages et les correspondances qui suivent sont automatiquement d\u00e9truits pass\u00e9 un d\u00e9lai &hellip; Lire la suite\" \/>\n<meta property=\"og:url\" content=\"https:\/\/www.verdieditions.com\/cd-pop-rock\/politique-de-confidentialite\/\" \/>\n<meta property=\"og:site_name\" content=\"CD Pop Rock\" \/>\n<meta property=\"article:publisher\" content=\"https:\/\/www.facebook.com\/CD-Pop-Rock-107168374818139\" \/>\n<meta property=\"article:modified_time\" content=\"2021-04-19T09:37:28+00:00\" \/>\n<meta property=\"og:image\" content=\"https:\/\/www.verdieditions.com\/cd-pop-rock\/wp-content\/uploads\/2021\/04\/Slider-cassette-musique-k7-vintage.jpg\" \/>\n\t<meta property=\"og:image:width\" content=\"1440\" \/>\n\t<meta property=\"og:image:height\" content=\"676\" \/>\n\t<meta property=\"og:image:type\" content=\"image\/jpeg\" \/>\n<meta name=\"twitter:card\" content=\"summary_large_image\" \/>\n<meta name=\"twitter:label1\" content=\"Dur\u00e9e de lecture estim\u00e9e\" \/>\n\t<meta name=\"twitter:data1\" content=\"4 minutes\" \/>\n<script type=\"application\/ld+json\" class=\"yoast-schema-graph\">{\"@context\":\"https:\/\/schema.org\",\"@graph\":[{\"@type\":\"WebPage\",\"@id\":\"https:\/\/www.verdieditions.com\/cd-pop-rock\/politique-de-confidentialite\/\",\"url\":\"https:\/\/www.verdieditions.com\/cd-pop-rock\/politique-de-confidentialite\/\",\"name\":\"Politique de confidentialit\u00e9 - CD Pop Rock\",\"isPartOf\":{\"@id\":\"https:\/\/www.verdieditions.com\/cd-pop-rock\/#website\"},\"primaryImageOfPage\":{\"@id\":\"https:\/\/www.verdieditions.com\/cd-pop-rock\/politique-de-confidentialite\/#primaryimage\"},\"image\":{\"@id\":\"https:\/\/www.verdieditions.com\/cd-pop-rock\/politique-de-confidentialite\/#primaryimage\"},\"thumbnailUrl\":\"https:\/\/www.verdieditions.com\/cd-pop-rock\/wp-content\/uploads\/2021\/04\/Slider-cassette-musique-k7-vintage.jpg\",\"datePublished\":\"2020-10-27T08:39:20+00:00\",\"dateModified\":\"2021-04-19T09:37:28+00:00\",\"breadcrumb\":{\"@id\":\"https:\/\/www.verdieditions.com\/cd-pop-rock\/politique-de-confidentialite\/#breadcrumb\"},\"inLanguage\":\"fr-FR\",\"potentialAction\":[{\"@type\":\"ReadAction\",\"target\":[\"https:\/\/www.verdieditions.com\/cd-pop-rock\/politique-de-confidentialite\/\"]}]},{\"@type\":\"ImageObject\",\"inLanguage\":\"fr-FR\",\"@id\":\"https:\/\/www.verdieditions.com\/cd-pop-rock\/politique-de-confidentialite\/#primaryimage\",\"url\":\"https:\/\/www.verdieditions.com\/cd-pop-rock\/wp-content\/uploads\/2021\/04\/Slider-cassette-musique-k7-vintage.jpg\",\"contentUrl\":\"https:\/\/www.verdieditions.com\/cd-pop-rock\/wp-content\/uploads\/2021\/04\/Slider-cassette-musique-k7-vintage.jpg\",\"width\":1440,\"height\":676,\"caption\":\"Slider-cassette-musique-k7-vintage\"},{\"@type\":\"BreadcrumbList\",\"@id\":\"https:\/\/www.verdieditions.com\/cd-pop-rock\/politique-de-confidentialite\/#breadcrumb\",\"itemListElement\":[{\"@type\":\"ListItem\",\"position\":1,\"name\":\"Accueil\",\"item\":\"https:\/\/www.verdieditions.com\/cd-pop-rock\/\"},{\"@type\":\"ListItem\",\"position\":2,\"name\":\"Politique de confidentialit\u00e9\"}]},{\"@type\":\"WebSite\",\"@id\":\"https:\/\/www.verdieditions.com\/cd-pop-rock\/#website\",\"url\":\"https:\/\/www.verdieditions.com\/cd-pop-rock\/\",\"name\":\"CD Pop Rock\",\"description\":\"CD, K7, Vinyles, VHS et DVD de Musique Pop et Rock vintage\",\"publisher\":{\"@id\":\"https:\/\/www.verdieditions.com\/cd-pop-rock\/#\/schema\/person\/3a9da867add08338474907117bf9668a\"},\"potentialAction\":[{\"@type\":\"SearchAction\",\"target\":{\"@type\":\"EntryPoint\",\"urlTemplate\":\"https:\/\/www.verdieditions.com\/cd-pop-rock\/?s={search_term_string}\"},\"query-input\":{\"@type\":\"PropertyValueSpecification\",\"valueRequired\":true,\"valueName\":\"search_term_string\"}}],\"inLanguage\":\"fr-FR\"},{\"@type\":[\"Person\",\"Organization\"],\"@id\":\"https:\/\/www.verdieditions.com\/cd-pop-rock\/#\/schema\/person\/3a9da867add08338474907117bf9668a\",\"name\":\"Sylvie VERDI\",\"image\":{\"@type\":\"ImageObject\",\"inLanguage\":\"fr-FR\",\"@id\":\"https:\/\/www.verdieditions.com\/cd-pop-rock\/#\/schema\/person\/image\/\",\"url\":\"https:\/\/www.verdieditions.com\/cd-pop-rock\/wp-content\/uploads\/2021\/01\/cropped-favicon-cd-pop-rock-vinyle-32x32-1.png\",\"contentUrl\":\"https:\/\/www.verdieditions.com\/cd-pop-rock\/wp-content\/uploads\/2021\/01\/cropped-favicon-cd-pop-rock-vinyle-32x32-1.png\",\"width\":512,\"height\":512,\"caption\":\"Sylvie VERDI\"},\"logo\":{\"@id\":\"https:\/\/www.verdieditions.com\/cd-pop-rock\/#\/schema\/person\/image\/\"},\"sameAs\":[\"https:\/\/www.verdieditions.com\/cd-pop-rock\",\"https:\/\/www.facebook.com\/CD-Pop-Rock-107168374818139\"]}]}<\/script>\n<!-- \/ Yoast SEO plugin. -->","yoast_head_json":{"title":"Politique de confidentialit\u00e9 - CD Pop Rock","robots":{"index":"noindex","follow":"follow"},"og_locale":"fr_FR","og_type":"article","og_title":"Politique de confidentialit\u00e9 - CD Pop Rock","og_description":"Politique de confidentialit\u00e9 Finalit\u00e9 du traitement de vos donn\u00e9es personnelles Vos messages sont re\u00e7us dans un logiciel de messagerie s\u00e9curis\u00e9 et g\u00e9r\u00e9 par un tiers de confiance. Vos messages et les correspondances qui suivent sont automatiquement d\u00e9truits pass\u00e9 un d\u00e9lai &hellip; Lire la suite","og_url":"https:\/\/www.verdieditions.com\/cd-pop-rock\/politique-de-confidentialite\/","og_site_name":"CD Pop Rock","article_publisher":"https:\/\/www.facebook.com\/CD-Pop-Rock-107168374818139","article_modified_time":"2021-04-19T09:37:28+00:00","og_image":[{"width":1440,"height":676,"url":"https:\/\/www.verdieditions.com\/cd-pop-rock\/wp-content\/uploads\/2021\/04\/Slider-cassette-musique-k7-vintage.jpg","type":"image\/jpeg"}],"twitter_card":"summary_large_image","twitter_misc":{"Dur\u00e9e de lecture estim\u00e9e":"4 minutes"},"schema":{"@context":"https:\/\/schema.org","@graph":[{"@type":"WebPage","@id":"https:\/\/www.verdieditions.com\/cd-pop-rock\/politique-de-confidentialite\/","url":"https:\/\/www.verdieditions.com\/cd-pop-rock\/politique-de-confidentialite\/","name":"Politique de confidentialit\u00e9 - CD Pop Rock","isPartOf":{"@id":"https:\/\/www.verdieditions.com\/cd-pop-rock\/#website"},"primaryImageOfPage":{"@id":"https:\/\/www.verdieditions.com\/cd-pop-rock\/politique-de-confidentialite\/#primaryimage"},"image":{"@id":"https:\/\/www.verdieditions.com\/cd-pop-rock\/politique-de-confidentialite\/#primaryimage"},"thumbnailUrl":"https:\/\/www.verdieditions.com\/cd-pop-rock\/wp-content\/uploads\/2021\/04\/Slider-cassette-musique-k7-vintage.jpg","datePublished":"2020-10-27T08:39:20+00:00","dateModified":"2021-04-19T09:37:28+00:00","breadcrumb":{"@id":"https:\/\/www.verdieditions.com\/cd-pop-rock\/politique-de-confidentialite\/#breadcrumb"},"inLanguage":"fr-FR","potentialAction":[{"@type":"ReadAction","target":["https:\/\/www.verdieditions.com\/cd-pop-rock\/politique-de-confidentialite\/"]}]},{"@type":"ImageObject","inLanguage":"fr-FR","@id":"https:\/\/www.verdieditions.com\/cd-pop-rock\/politique-de-confidentialite\/#primaryimage","url":"https:\/\/www.verdieditions.com\/cd-pop-rock\/wp-content\/uploads\/2021\/04\/Slider-cassette-musique-k7-vintage.jpg","contentUrl":"https:\/\/www.verdieditions.com\/cd-pop-rock\/wp-content\/uploads\/2021\/04\/Slider-cassette-musique-k7-vintage.jpg","width":1440,"height":676,"caption":"Slider-cassette-musique-k7-vintage"},{"@type":"BreadcrumbList","@id":"https:\/\/www.verdieditions.com\/cd-pop-rock\/politique-de-confidentialite\/#breadcrumb","itemListElement":[{"@type":"ListItem","position":1,"name":"Accueil","item":"https:\/\/www.verdieditions.com\/cd-pop-rock\/"},{"@type":"ListItem","position":2,"name":"Politique de confidentialit\u00e9"}]},{"@type":"WebSite","@id":"https:\/\/www.verdieditions.com\/cd-pop-rock\/#website","url":"https:\/\/www.verdieditions.com\/cd-pop-rock\/","name":"CD Pop Rock","description":"CD, K7, Vinyles, VHS et DVD de Musique Pop et Rock vintage","publisher":{"@id":"https:\/\/www.verdieditions.com\/cd-pop-rock\/#\/schema\/person\/3a9da867add08338474907117bf9668a"},"potentialAction":[{"@type":"SearchAction","target":{"@type":"EntryPoint","urlTemplate":"https:\/\/www.verdieditions.com\/cd-pop-rock\/?s={search_term_string}"},"query-input":{"@type":"PropertyValueSpecification","valueRequired":true,"valueName":"search_term_string"}}],"inLanguage":"fr-FR"},{"@type":["Person","Organization"],"@id":"https:\/\/www.verdieditions.com\/cd-pop-rock\/#\/schema\/person\/3a9da867add08338474907117bf9668a","name":"Sylvie VERDI","image":{"@type":"ImageObject","inLanguage":"fr-FR","@id":"https:\/\/www.verdieditions.com\/cd-pop-rock\/#\/schema\/person\/image\/","url":"https:\/\/www.verdieditions.com\/cd-pop-rock\/wp-content\/uploads\/2021\/01\/cropped-favicon-cd-pop-rock-vinyle-32x32-1.png","contentUrl":"https:\/\/www.verdieditions.com\/cd-pop-rock\/wp-content\/uploads\/2021\/01\/cropped-favicon-cd-pop-rock-vinyle-32x32-1.png","width":512,"height":512,"caption":"Sylvie VERDI"},"logo":{"@id":"https:\/\/www.verdieditions.com\/cd-pop-rock\/#\/schema\/person\/image\/"},"sameAs":["https:\/\/www.verdieditions.com\/cd-pop-rock","https:\/\/www.facebook.com\/CD-Pop-Rock-107168374818139"]}]}},"_links":{"self":[{"href":"https:\/\/www.verdieditions.com\/cd-pop-rock\/wp-json\/wp\/v2\/pages\/3","targetHints":{"allow":["GET"]}}],"collection":[{"href":"https:\/\/www.verdieditions.com\/cd-pop-rock\/wp-json\/wp\/v2\/pages"}],"about":[{"href":"https:\/\/www.verdieditions.com\/cd-pop-rock\/wp-json\/wp\/v2\/types\/page"}],"author":[{"embeddable":true,"href":"https:\/\/www.verdieditions.com\/cd-pop-rock\/wp-json\/wp\/v2\/users\/1"}],"replies":[{"embeddable":true,"href":"https:\/\/www.verdieditions.com\/cd-pop-rock\/wp-json\/wp\/v2\/comments?post=3"}],"version-history":[{"count":0,"href":"https:\/\/www.verdieditions.com\/cd-pop-rock\/wp-json\/wp\/v2\/pages\/3\/revisions"}],"wp:featuredmedia":[{"embeddable":true,"href":"https:\/\/www.verdieditions.com\/cd-pop-rock\/wp-json\/wp\/v2\/media\/2611"}],"wp:attachment":[{"href":"https:\/\/www.verdieditions.com\/cd-pop-rock\/wp-json\/wp\/v2\/media?parent=3"}],"curies":[{"name":"wp","href":"https:\/\/api.w.org\/{rel}","templated":true}]}}