{"id":2282,"date":"2024-02-13T13:25:02","date_gmt":"2024-02-13T12:25:02","guid":{"rendered":"https:\/\/www.verdieditions.com\/bretagne-photos\/?post_type=product&#038;p=2282"},"modified":"2024-07-29T11:45:42","modified_gmt":"2024-07-29T09:45:42","slug":"benediction-de-la-mer-houat-1970","status":"publish","type":"product","link":"https:\/\/www.verdieditions.com\/bretagne-photos\/produit\/benediction-de-la-mer-houat-1970\/","title":{"rendered":"B\u00e9n\u00e9diction de la Mer \u00e0 Houat, 1970"},"content":{"rendered":"<p>B\u00e9n\u00e9diction de la Mer \u00e0 Houat, 1970<br \/>\nAnn\u00e9e : 1970<br \/>\nLieu : Ile de Houat (56)<br \/>\nCr\u00e9dits : Sylvie Verdi, Collection Priv\u00e9e<br \/>\nFormat : JPG<br \/>\nQualit\u00e9 : 300 dpi<br \/>\nTaille : 1374 px x 955 px<\/p>\n<h3> La b\u00e9n\u00e9diction de la mer <\/h3>\n<p><em>Avec la f\u00eate Dieu et la kermesse paroissiale, la b\u00e9n\u00e9diction de la mer \u00e9tait un \u00e9v\u00e9nement que nous aimions tous. Le 15 ao\u00fbt, chaque \u00e9quipage para\u00eet son bateau de drapeaux color\u00e9s[a]. Nous descendions en procession en chantant jusqu\u2019au port, pr\u00e9c\u00e9d\u00e9s de la banni\u00e8re et embarquions dans les navires. Une fois arriv\u00e9s derri\u00e8re le rocher du Mulon les bateaux stoppaient en cercle autour de celui qui transportait le recteur. Pendant toute la travers\u00e9e, nous chantions les cantiques comme \u00abVierge Sainte, exaucez-nous\u00bb, \u00abGildas sous ta banni\u00e8re\u00bb, \u00abAstre b\u00e9ni du marin\u00bb, \u00ab O rouannez karet en arvor \u00bb[b], \u00ab O Saint Gildas, O Notre P\u00e8re\u00bb et l\u2019Ave Maria \u00bb.<\/em><br \/>\n<a href=\"https:\/\/www.verdieditions.com\/portfolio\/sylvie-verdi-histoires-houat\/\">Source<\/a><\/p>\n","protected":false},"excerpt":{"rendered":"<p>B\u00e9n\u00e9diction de la Mer \u00e0 Houat, 1970<br \/>\nAnn\u00e9e : 1970<br \/>\nLieu : Ile de Houat (56)<br \/>\nCr\u00e9dits : Sylvie Verdi, Collection Priv\u00e9e<br \/>\nFormat : JPG<br \/>\nQualit\u00e9 : 300 dpi<br \/>\nTaille : 1374 px x 955 px<\/p>\n","protected":false},"featured_media":2273,"template":"","meta":{"_kadence_starter_templates_imported_post":true,"_kad_post_transparent":"default","_kad_post_title":"","_kad_post_layout":"default","_kad_post_sidebar_id":"","_kad_post_content_style":"default","_kad_post_vertical_padding":"default","_kad_post_feature":"","_kad_post_feature_position":"","_kad_post_header":false,"_kad_post_footer":false,"_kad_post_classname":""},"product_brand":[],"product_cat":[34],"product_tag":[78,43,41,35,40,85,120,46],"class_list":{"0":"post-2282","1":"product","2":"type-product","3":"status-publish","4":"has-post-thumbnail","6":"product_cat-evenements","7":"product_tag-annees-1970","8":"product_tag-bateau-de-peche","9":"product_tag-benediction","10":"product_tag-houat","11":"product_tag-mer","12":"product_tag-morbihan","13":"product_tag-peche","14":"product_tag-religion","16":"first","17":"instock","18":"downloadable","19":"virtual","20":"sold-individually","21":"purchasable","22":"product-type-simple","23":"entry","24":"content-bg","25":"loop-entry"},"yoast_head":"<!-- This site is optimized with the Yoast SEO plugin v27.4 - https:\/\/yoast.com\/product\/yoast-seo-wordpress\/ -->\n<title>B\u00e9n\u00e9diction de la Mer \u00e0 Houat, 1970 - Bretagne Photos<\/title>\n<meta name=\"description\" content=\"B\u00e9n\u00e9diction de la Mer \u00e0 Houat, 1970 Ann\u00e9e : 1970 Lieu : Ile de Houat (56) Cr\u00e9dits : Sylvie Verdi, Collection Priv\u00e9e JPG 300 dpi Taille : 1374 px x 955 px\" \/>\n<meta name=\"robots\" content=\"index, follow, max-snippet:-1, max-image-preview:large, max-video-preview:-1\" \/>\n<link rel=\"canonical\" href=\"https:\/\/www.verdieditions.com\/bretagne-photos\/produit\/benediction-de-la-mer-houat-1970\/\" \/>\n<meta property=\"og:locale\" content=\"fr_FR\" \/>\n<meta property=\"og:type\" content=\"article\" \/>\n<meta property=\"og:title\" content=\"B\u00e9n\u00e9diction de la Mer \u00e0 Houat, 1970 - Bretagne Photos\" \/>\n<meta property=\"og:description\" content=\"B\u00e9n\u00e9diction de la Mer \u00e0 Houat, 1970 Ann\u00e9e : 1970 Lieu : Ile de Houat (56) Cr\u00e9dits : Sylvie Verdi, Collection Priv\u00e9e JPG 300 dpi Taille : 1374 px x 955 px\" \/>\n<meta property=\"og:url\" content=\"https:\/\/www.verdieditions.com\/bretagne-photos\/produit\/benediction-de-la-mer-houat-1970\/\" \/>\n<meta property=\"og:site_name\" content=\"Bretagne Photos\" \/>\n<meta property=\"article:modified_time\" content=\"2024-07-29T09:45:42+00:00\" \/>\n<meta property=\"og:image\" content=\"https:\/\/www.verdieditions.com\/bretagne-photos\/wp-content\/uploads\/2023\/11\/Benediction-de-la-mer-70-1.jpg?v=1699957912\" \/>\n\t<meta property=\"og:image:width\" content=\"800\" \/>\n\t<meta property=\"og:image:height\" content=\"556\" \/>\n\t<meta property=\"og:image:type\" content=\"image\/jpeg\" \/>\n<meta name=\"twitter:card\" content=\"summary_large_image\" \/>\n<meta name=\"twitter:label1\" content=\"Dur\u00e9e de lecture estim\u00e9e\" \/>\n\t<meta name=\"twitter:data1\" content=\"1 minute\" \/>\n<script type=\"application\/ld+json\" class=\"yoast-schema-graph\">{\"@context\":\"https:\\\/\\\/schema.org\",\"@graph\":[{\"@type\":\"WebPage\",\"@id\":\"https:\\\/\\\/www.verdieditions.com\\\/bretagne-photos\\\/produit\\\/benediction-de-la-mer-houat-1970\\\/\",\"url\":\"https:\\\/\\\/www.verdieditions.com\\\/bretagne-photos\\\/produit\\\/benediction-de-la-mer-houat-1970\\\/\",\"name\":\"B\u00e9n\u00e9diction de la Mer \u00e0 Houat, 1970 - Bretagne Photos\",\"isPartOf\":{\"@id\":\"https:\\\/\\\/www.verdieditions.com\\\/bretagne-photos\\\/#website\"},\"primaryImageOfPage\":{\"@id\":\"https:\\\/\\\/www.verdieditions.com\\\/bretagne-photos\\\/produit\\\/benediction-de-la-mer-houat-1970\\\/#primaryimage\"},\"image\":{\"@id\":\"https:\\\/\\\/www.verdieditions.com\\\/bretagne-photos\\\/produit\\\/benediction-de-la-mer-houat-1970\\\/#primaryimage\"},\"thumbnailUrl\":\"https:\\\/\\\/www.verdieditions.com\\\/bretagne-photos\\\/wp-content\\\/uploads\\\/2023\\\/11\\\/Benediction-de-la-mer-70-1.jpg?v=1699957912\",\"datePublished\":\"2024-02-13T12:25:02+00:00\",\"dateModified\":\"2024-07-29T09:45:42+00:00\",\"description\":\"B\u00e9n\u00e9diction de la Mer \u00e0 Houat, 1970 Ann\u00e9e : 1970 Lieu : Ile de Houat (56) Cr\u00e9dits : Sylvie Verdi, Collection Priv\u00e9e JPG 300 dpi Taille : 1374 px x 955 px\",\"breadcrumb\":{\"@id\":\"https:\\\/\\\/www.verdieditions.com\\\/bretagne-photos\\\/produit\\\/benediction-de-la-mer-houat-1970\\\/#breadcrumb\"},\"inLanguage\":\"fr-FR\",\"potentialAction\":[{\"@type\":\"ReadAction\",\"target\":[\"https:\\\/\\\/www.verdieditions.com\\\/bretagne-photos\\\/produit\\\/benediction-de-la-mer-houat-1970\\\/\"]}]},{\"@type\":\"ImageObject\",\"inLanguage\":\"fr-FR\",\"@id\":\"https:\\\/\\\/www.verdieditions.com\\\/bretagne-photos\\\/produit\\\/benediction-de-la-mer-houat-1970\\\/#primaryimage\",\"url\":\"https:\\\/\\\/www.verdieditions.com\\\/bretagne-photos\\\/wp-content\\\/uploads\\\/2023\\\/11\\\/Benediction-de-la-mer-70-1.jpg?v=1699957912\",\"contentUrl\":\"https:\\\/\\\/www.verdieditions.com\\\/bretagne-photos\\\/wp-content\\\/uploads\\\/2023\\\/11\\\/Benediction-de-la-mer-70-1.jpg?v=1699957912\",\"width\":800,\"height\":556,\"caption\":\"benediction-mer-Mer-Houat-1970\"},{\"@type\":\"BreadcrumbList\",\"@id\":\"https:\\\/\\\/www.verdieditions.com\\\/bretagne-photos\\\/produit\\\/benediction-de-la-mer-houat-1970\\\/#breadcrumb\",\"itemListElement\":[{\"@type\":\"ListItem\",\"position\":1,\"name\":\"Accueil\",\"item\":\"https:\\\/\\\/www.verdieditions.com\\\/bretagne-photos\\\/\"},{\"@type\":\"ListItem\",\"position\":2,\"name\":\"Boutique Photos\",\"item\":\"https:\\\/\\\/www.verdieditions.com\\\/bretagne-photos\\\/shop\\\/\"},{\"@type\":\"ListItem\",\"position\":3,\"name\":\"B\u00e9n\u00e9diction de la Mer \u00e0 Houat, 1970\"}]},{\"@type\":\"WebSite\",\"@id\":\"https:\\\/\\\/www.verdieditions.com\\\/bretagne-photos\\\/#website\",\"url\":\"https:\\\/\\\/www.verdieditions.com\\\/bretagne-photos\\\/\",\"name\":\"Bretagne Photos\",\"description\":\"Boutique Photos Histoire et Patrimoine de la Bretagne hier et aujourd\u2019hui\",\"publisher\":{\"@id\":\"https:\\\/\\\/www.verdieditions.com\\\/bretagne-photos\\\/#\\\/schema\\\/person\\\/fc0081c9a1f479261147ba0b3d529c2c\"},\"potentialAction\":[{\"@type\":\"SearchAction\",\"target\":{\"@type\":\"EntryPoint\",\"urlTemplate\":\"https:\\\/\\\/www.verdieditions.com\\\/bretagne-photos\\\/?s={search_term_string}\"},\"query-input\":{\"@type\":\"PropertyValueSpecification\",\"valueRequired\":true,\"valueName\":\"search_term_string\"}}],\"inLanguage\":\"fr-FR\"},{\"@type\":[\"Person\",\"Organization\"],\"@id\":\"https:\\\/\\\/www.verdieditions.com\\\/bretagne-photos\\\/#\\\/schema\\\/person\\\/fc0081c9a1f479261147ba0b3d529c2c\",\"name\":\"Sylvie VERDI\",\"image\":{\"@type\":\"ImageObject\",\"inLanguage\":\"fr-FR\",\"@id\":\"https:\\\/\\\/www.verdieditions.com\\\/bretagne-photos\\\/wp-content\\\/uploads\\\/2023\\\/09\\\/logo-bretagne-photos-2.png\",\"url\":\"https:\\\/\\\/www.verdieditions.com\\\/bretagne-photos\\\/wp-content\\\/uploads\\\/2023\\\/09\\\/logo-bretagne-photos-2.png\",\"contentUrl\":\"https:\\\/\\\/www.verdieditions.com\\\/bretagne-photos\\\/wp-content\\\/uploads\\\/2023\\\/09\\\/logo-bretagne-photos-2.png\",\"width\":270,\"height\":63,\"caption\":\"Sylvie VERDI\"},\"logo\":{\"@id\":\"https:\\\/\\\/www.verdieditions.com\\\/bretagne-photos\\\/wp-content\\\/uploads\\\/2023\\\/09\\\/logo-bretagne-photos-2.png\"},\"sameAs\":[\"https:\\\/\\\/www.verdieditions.com\\\/bretagne-photos\"]}]}<\/script>\n<!-- \/ Yoast SEO plugin. -->","yoast_head_json":{"title":"B\u00e9n\u00e9diction de la Mer \u00e0 Houat, 1970 - Bretagne Photos","description":"B\u00e9n\u00e9diction de la Mer \u00e0 Houat, 1970 Ann\u00e9e : 1970 Lieu : Ile de Houat (56) Cr\u00e9dits : Sylvie Verdi, Collection Priv\u00e9e JPG 300 dpi Taille : 1374 px x 955 px","robots":{"index":"index","follow":"follow","max-snippet":"max-snippet:-1","max-image-preview":"max-image-preview:large","max-video-preview":"max-video-preview:-1"},"canonical":"https:\/\/www.verdieditions.com\/bretagne-photos\/produit\/benediction-de-la-mer-houat-1970\/","og_locale":"fr_FR","og_type":"article","og_title":"B\u00e9n\u00e9diction de la Mer \u00e0 Houat, 1970 - Bretagne Photos","og_description":"B\u00e9n\u00e9diction de la Mer \u00e0 Houat, 1970 Ann\u00e9e : 1970 Lieu : Ile de Houat (56) Cr\u00e9dits : Sylvie Verdi, Collection Priv\u00e9e JPG 300 dpi Taille : 1374 px x 955 px","og_url":"https:\/\/www.verdieditions.com\/bretagne-photos\/produit\/benediction-de-la-mer-houat-1970\/","og_site_name":"Bretagne Photos","article_modified_time":"2024-07-29T09:45:42+00:00","og_image":[{"width":800,"height":556,"url":"https:\/\/www.verdieditions.com\/bretagne-photos\/wp-content\/uploads\/2023\/11\/Benediction-de-la-mer-70-1.jpg?v=1699957912","type":"image\/jpeg"}],"twitter_card":"summary_large_image","twitter_misc":{"Dur\u00e9e de lecture estim\u00e9e":"1 minute"},"schema":{"@context":"https:\/\/schema.org","@graph":[{"@type":"WebPage","@id":"https:\/\/www.verdieditions.com\/bretagne-photos\/produit\/benediction-de-la-mer-houat-1970\/","url":"https:\/\/www.verdieditions.com\/bretagne-photos\/produit\/benediction-de-la-mer-houat-1970\/","name":"B\u00e9n\u00e9diction de la Mer \u00e0 Houat, 1970 - Bretagne Photos","isPartOf":{"@id":"https:\/\/www.verdieditions.com\/bretagne-photos\/#website"},"primaryImageOfPage":{"@id":"https:\/\/www.verdieditions.com\/bretagne-photos\/produit\/benediction-de-la-mer-houat-1970\/#primaryimage"},"image":{"@id":"https:\/\/www.verdieditions.com\/bretagne-photos\/produit\/benediction-de-la-mer-houat-1970\/#primaryimage"},"thumbnailUrl":"https:\/\/www.verdieditions.com\/bretagne-photos\/wp-content\/uploads\/2023\/11\/Benediction-de-la-mer-70-1.jpg?v=1699957912","datePublished":"2024-02-13T12:25:02+00:00","dateModified":"2024-07-29T09:45:42+00:00","description":"B\u00e9n\u00e9diction de la Mer \u00e0 Houat, 1970 Ann\u00e9e : 1970 Lieu : Ile de Houat (56) Cr\u00e9dits : Sylvie Verdi, Collection Priv\u00e9e JPG 300 dpi Taille : 1374 px x 955 px","breadcrumb":{"@id":"https:\/\/www.verdieditions.com\/bretagne-photos\/produit\/benediction-de-la-mer-houat-1970\/#breadcrumb"},"inLanguage":"fr-FR","potentialAction":[{"@type":"ReadAction","target":["https:\/\/www.verdieditions.com\/bretagne-photos\/produit\/benediction-de-la-mer-houat-1970\/"]}]},{"@type":"ImageObject","inLanguage":"fr-FR","@id":"https:\/\/www.verdieditions.com\/bretagne-photos\/produit\/benediction-de-la-mer-houat-1970\/#primaryimage","url":"https:\/\/www.verdieditions.com\/bretagne-photos\/wp-content\/uploads\/2023\/11\/Benediction-de-la-mer-70-1.jpg?v=1699957912","contentUrl":"https:\/\/www.verdieditions.com\/bretagne-photos\/wp-content\/uploads\/2023\/11\/Benediction-de-la-mer-70-1.jpg?v=1699957912","width":800,"height":556,"caption":"benediction-mer-Mer-Houat-1970"},{"@type":"BreadcrumbList","@id":"https:\/\/www.verdieditions.com\/bretagne-photos\/produit\/benediction-de-la-mer-houat-1970\/#breadcrumb","itemListElement":[{"@type":"ListItem","position":1,"name":"Accueil","item":"https:\/\/www.verdieditions.com\/bretagne-photos\/"},{"@type":"ListItem","position":2,"name":"Boutique Photos","item":"https:\/\/www.verdieditions.com\/bretagne-photos\/shop\/"},{"@type":"ListItem","position":3,"name":"B\u00e9n\u00e9diction de la Mer \u00e0 Houat, 1970"}]},{"@type":"WebSite","@id":"https:\/\/www.verdieditions.com\/bretagne-photos\/#website","url":"https:\/\/www.verdieditions.com\/bretagne-photos\/","name":"Bretagne Photos","description":"Boutique Photos Histoire et Patrimoine de la Bretagne hier et aujourd\u2019hui","publisher":{"@id":"https:\/\/www.verdieditions.com\/bretagne-photos\/#\/schema\/person\/fc0081c9a1f479261147ba0b3d529c2c"},"potentialAction":[{"@type":"SearchAction","target":{"@type":"EntryPoint","urlTemplate":"https:\/\/www.verdieditions.com\/bretagne-photos\/?s={search_term_string}"},"query-input":{"@type":"PropertyValueSpecification","valueRequired":true,"valueName":"search_term_string"}}],"inLanguage":"fr-FR"},{"@type":["Person","Organization"],"@id":"https:\/\/www.verdieditions.com\/bretagne-photos\/#\/schema\/person\/fc0081c9a1f479261147ba0b3d529c2c","name":"Sylvie VERDI","image":{"@type":"ImageObject","inLanguage":"fr-FR","@id":"https:\/\/www.verdieditions.com\/bretagne-photos\/wp-content\/uploads\/2023\/09\/logo-bretagne-photos-2.png","url":"https:\/\/www.verdieditions.com\/bretagne-photos\/wp-content\/uploads\/2023\/09\/logo-bretagne-photos-2.png","contentUrl":"https:\/\/www.verdieditions.com\/bretagne-photos\/wp-content\/uploads\/2023\/09\/logo-bretagne-photos-2.png","width":270,"height":63,"caption":"Sylvie VERDI"},"logo":{"@id":"https:\/\/www.verdieditions.com\/bretagne-photos\/wp-content\/uploads\/2023\/09\/logo-bretagne-photos-2.png"},"sameAs":["https:\/\/www.verdieditions.com\/bretagne-photos"]}]}},"_links":{"self":[{"href":"https:\/\/www.verdieditions.com\/bretagne-photos\/wp-json\/wp\/v2\/product\/2282","targetHints":{"allow":["GET"]}}],"collection":[{"href":"https:\/\/www.verdieditions.com\/bretagne-photos\/wp-json\/wp\/v2\/product"}],"about":[{"href":"https:\/\/www.verdieditions.com\/bretagne-photos\/wp-json\/wp\/v2\/types\/product"}],"wp:featuredmedia":[{"embeddable":true,"href":"https:\/\/www.verdieditions.com\/bretagne-photos\/wp-json\/wp\/v2\/media\/2273"}],"wp:attachment":[{"href":"https:\/\/www.verdieditions.com\/bretagne-photos\/wp-json\/wp\/v2\/media?parent=2282"}],"wp:term":[{"taxonomy":"product_brand","embeddable":true,"href":"https:\/\/www.verdieditions.com\/bretagne-photos\/wp-json\/wp\/v2\/product_brand?post=2282"},{"taxonomy":"product_cat","embeddable":true,"href":"https:\/\/www.verdieditions.com\/bretagne-photos\/wp-json\/wp\/v2\/product_cat?post=2282"},{"taxonomy":"product_tag","embeddable":true,"href":"https:\/\/www.verdieditions.com\/bretagne-photos\/wp-json\/wp\/v2\/product_tag?post=2282"}],"curies":[{"name":"wp","href":"https:\/\/api.w.org\/{rel}","templated":true}]}}