{"id":1902,"date":"2023-10-05T15:26:54","date_gmt":"2023-10-05T13:26:54","guid":{"rendered":"https:\/\/www.verdieditions.com\/bretagne-photos\/?page_id=1902"},"modified":"2024-06-03T14:38:27","modified_gmt":"2024-06-03T12:38:27","slug":"plan-site","status":"publish","type":"page","link":"https:\/\/www.verdieditions.com\/bretagne-photos\/plan-site\/","title":{"rendered":"Plan du site"},"content":{"rendered":"\n<h2 class=\"wp-block-heading\">Plan du site Bretagne Photos<\/h2>\n\n\n\n<h3 class=\"wp-block-heading\">Pages<\/h3>\n\n\n<div class=\"wsp-container\"><ul class=\"wsp-pages-list\">\n<li class=\"page_item page-item-27\"><a href=\"https:\/\/www.verdieditions.com\/bretagne-photos\/\">Accueil<\/a><\/li>\n<li class=\"page_item page-item-1337 current_page_parent\"><a href=\"https:\/\/www.verdieditions.com\/bretagne-photos\/actualites\/\">Actualit\u00e9s<\/a><\/li>\n<li class=\"page_item page-item-6\"><a href=\"https:\/\/www.verdieditions.com\/bretagne-photos\/shop\/\">Boutique Photos<\/a><\/li>\n<li class=\"page_item page-item-1900\"><a href=\"https:\/\/www.verdieditions.com\/bretagne-photos\/cgv-conditions-generales-vente\/\">CGV \u2022 Conditions G\u00e9n\u00e9rales de Vente<\/a><\/li>\n<li class=\"page_item page-item-29\"><a href=\"https:\/\/www.verdieditions.com\/bretagne-photos\/contact\/\">Contact<\/a><\/li>\n<li class=\"page_item page-item-1898\"><a href=\"https:\/\/www.verdieditions.com\/bretagne-photos\/cookies\/\">Cookies<\/a><\/li>\n<li class=\"page_item page-item-2376\"><a href=\"https:\/\/www.verdieditions.com\/bretagne-photos\/dons\/\">Dons de photos<\/a><\/li>\n<li class=\"page_item page-item-1336\"><a href=\"https:\/\/www.verdieditions.com\/bretagne-photos\/faq\/\">FAQ<\/a><\/li>\n<li class=\"page_item page-item-2956\"><a href=\"https:\/\/www.verdieditions.com\/bretagne-photos\/index-photos\/\">Index des Photos<\/a><\/li>\n<li class=\"page_item page-item-2063\"><a href=\"https:\/\/www.verdieditions.com\/bretagne-photos\/histoire-bretagne-photos\/\">L&rsquo;histoire de Bretagne Photos<\/a><\/li>\n<li class=\"page_item page-item-3023\"><a href=\"https:\/\/www.verdieditions.com\/bretagne-photos\/wishlist\/\">Ma Wishlist<\/a><\/li>\n<li class=\"page_item page-item-1910\"><a href=\"https:\/\/www.verdieditions.com\/bretagne-photos\/mentions-legales\/\">Mentions L\u00e9gales<\/a><\/li>\n<li class=\"page_item page-item-3\"><a href=\"https:\/\/www.verdieditions.com\/bretagne-photos\/politique-confidentialite\/\">Politique de confidentialit\u00e9<\/a><\/li>\n<li class=\"page_item page-item-1592\"><a href=\"https:\/\/www.verdieditions.com\/bretagne-photos\/services\/\">Services<\/a><\/li>\n<\/ul>\n<\/div>\n\n\n\n<h3 class=\"wp-block-heading\">Articles<\/h3>\n\n\n<div class=\"wsp-container\"><ul class=\"wsp-posts-list\">\n\t<li><strong class=\"wsp-category-title\"><a href=\"https:\/\/www.verdieditions.com\/bretagne-photos\/category\/edito\/\">Edito<\/a><\/strong>\n<ul class=\"wsp-posts-list\">\t\t<li class=\"wsp-post\"><a href=\"https:\/\/www.verdieditions.com\/bretagne-photos\/bienvenue-boutique-bretagne-photos\/\">Bienvenue \u00e0 la Boutique Bretagne Photo !<\/a><\/li>\n<\/ul><\/li>\n\t<li><strong class=\"wsp-category-title\"><a href=\"https:\/\/www.verdieditions.com\/bretagne-photos\/category\/pratique\/\">Pratique<\/a><\/strong>\n<ul class=\"wsp-posts-list\">\t\t<li class=\"wsp-post\"><a href=\"https:\/\/www.verdieditions.com\/bretagne-photos\/comment-faire-un-don-de-photos\/\">Comment faire un Don de Photos ?<\/a><\/li>\n<\/ul><\/li>\n\t<li><strong class=\"wsp-category-title\"><a href=\"https:\/\/www.verdieditions.com\/bretagne-photos\/category\/services\/\">Services<\/a><\/strong>\n<ul class=\"wsp-posts-list\">\t\t<li class=\"wsp-post\"><a href=\"https:\/\/www.verdieditions.com\/bretagne-photos\/decouvrez-services-imagerie-bretagne-photos\/\">D\u00e9couvrez les Services d&rsquo;Imagerie de Bretagne Photos<\/a><\/li>\n<\/ul><\/li>\n<\/ul>\n<\/div>\n\n\n\n<p style=\"padding-top:var(--wp--preset--spacing--20);padding-bottom:var(--wp--preset--spacing--20)\"><\/p>\n\n\n\n<div class=\"wp-block-buttons is-layout-flex wp-block-buttons-is-layout-flex\">\n<div class=\"wp-block-button\"><a class=\"wp-block-button__link wp-element-button\" href=\"https:\/\/www.verdieditions.com\/bretagne-photos\/shop\/\">Retour \u00e0 la Boutique<\/a><\/div>\n<\/div>\n\n\n\n<p><\/p>\n","protected":false},"excerpt":{"rendered":"<p>Plan du site Bretagne Photos Pages Articles<\/p>\n","protected":false},"author":1,"featured_media":2273,"parent":0,"menu_order":0,"comment_status":"closed","ping_status":"closed","template":"","meta":{"_kadence_starter_templates_imported_post":false,"_kad_post_transparent":"","_kad_post_title":"","_kad_post_layout":"","_kad_post_sidebar_id":"","_kad_post_content_style":"","_kad_post_vertical_padding":"","_kad_post_feature":"","_kad_post_feature_position":"","_kad_post_header":false,"_kad_post_footer":false,"_kad_post_classname":"","footnotes":""},"class_list":["post-1902","page","type-page","status-publish","has-post-thumbnail","hentry"],"yoast_head":"<!-- This site is optimized with the Yoast SEO plugin v27.4 - https:\/\/yoast.com\/product\/yoast-seo-wordpress\/ -->\n<title>Plan du site - Boutique Bretagne Photos - Verdi \u00c9ditions<\/title>\n<meta name=\"description\" content=\"Plan du site de la Boutique de Photos anciennes et vintage de Bretagne Photos - Architecture - \u00c9v\u00e9nements - Paysages - Personnages - Gratuits\" \/>\n<meta name=\"robots\" content=\"index, follow, max-snippet:-1, max-image-preview:large, max-video-preview:-1\" \/>\n<link rel=\"canonical\" href=\"https:\/\/www.verdieditions.com\/bretagne-photos\/plan-site\/\" \/>\n<meta property=\"og:locale\" content=\"fr_FR\" \/>\n<meta property=\"og:type\" content=\"article\" \/>\n<meta property=\"og:title\" content=\"Plan du site - Boutique Bretagne Photos - Verdi \u00c9ditions\" \/>\n<meta property=\"og:description\" content=\"Plan du site de la Boutique de Photos anciennes et vintage de Bretagne Photos - Architecture - \u00c9v\u00e9nements - Paysages - Personnages - Gratuits\" \/>\n<meta property=\"og:url\" content=\"https:\/\/www.verdieditions.com\/bretagne-photos\/plan-site\/\" \/>\n<meta property=\"og:site_name\" content=\"Bretagne Photos\" \/>\n<meta property=\"article:modified_time\" content=\"2024-06-03T12:38:27+00:00\" \/>\n<meta property=\"og:image\" content=\"https:\/\/www.verdieditions.com\/bretagne-photos\/wp-content\/uploads\/2023\/11\/Benediction-de-la-mer-70-1.jpg?v=1699957912\" \/>\n\t<meta property=\"og:image:width\" content=\"800\" \/>\n\t<meta property=\"og:image:height\" content=\"556\" \/>\n\t<meta property=\"og:image:type\" content=\"image\/jpeg\" \/>\n<meta name=\"twitter:card\" content=\"summary_large_image\" \/>\n<meta name=\"twitter:label1\" content=\"Dur\u00e9e de lecture estim\u00e9e\" \/>\n\t<meta name=\"twitter:data1\" content=\"1 minute\" \/>\n<script type=\"application\/ld+json\" class=\"yoast-schema-graph\">{\"@context\":\"https:\\\/\\\/schema.org\",\"@graph\":[{\"@type\":\"WebPage\",\"@id\":\"https:\\\/\\\/www.verdieditions.com\\\/bretagne-photos\\\/plan-site\\\/\",\"url\":\"https:\\\/\\\/www.verdieditions.com\\\/bretagne-photos\\\/plan-site\\\/\",\"name\":\"Plan du site - Boutique Bretagne Photos - Verdi \u00c9ditions\",\"isPartOf\":{\"@id\":\"https:\\\/\\\/www.verdieditions.com\\\/bretagne-photos\\\/#website\"},\"primaryImageOfPage\":{\"@id\":\"https:\\\/\\\/www.verdieditions.com\\\/bretagne-photos\\\/plan-site\\\/#primaryimage\"},\"image\":{\"@id\":\"https:\\\/\\\/www.verdieditions.com\\\/bretagne-photos\\\/plan-site\\\/#primaryimage\"},\"thumbnailUrl\":\"https:\\\/\\\/www.verdieditions.com\\\/bretagne-photos\\\/wp-content\\\/uploads\\\/2023\\\/11\\\/Benediction-de-la-mer-70-1.jpg?v=1699957912\",\"datePublished\":\"2023-10-05T13:26:54+00:00\",\"dateModified\":\"2024-06-03T12:38:27+00:00\",\"description\":\"Plan du site de la Boutique de Photos anciennes et vintage de Bretagne Photos - Architecture - \u00c9v\u00e9nements - Paysages - Personnages - Gratuits\",\"breadcrumb\":{\"@id\":\"https:\\\/\\\/www.verdieditions.com\\\/bretagne-photos\\\/plan-site\\\/#breadcrumb\"},\"inLanguage\":\"fr-FR\",\"potentialAction\":[{\"@type\":\"ReadAction\",\"target\":[\"https:\\\/\\\/www.verdieditions.com\\\/bretagne-photos\\\/plan-site\\\/\"]}]},{\"@type\":\"ImageObject\",\"inLanguage\":\"fr-FR\",\"@id\":\"https:\\\/\\\/www.verdieditions.com\\\/bretagne-photos\\\/plan-site\\\/#primaryimage\",\"url\":\"https:\\\/\\\/www.verdieditions.com\\\/bretagne-photos\\\/wp-content\\\/uploads\\\/2023\\\/11\\\/Benediction-de-la-mer-70-1.jpg?v=1699957912\",\"contentUrl\":\"https:\\\/\\\/www.verdieditions.com\\\/bretagne-photos\\\/wp-content\\\/uploads\\\/2023\\\/11\\\/Benediction-de-la-mer-70-1.jpg?v=1699957912\",\"width\":800,\"height\":556,\"caption\":\"benediction-mer-Mer-Houat-1970\"},{\"@type\":\"BreadcrumbList\",\"@id\":\"https:\\\/\\\/www.verdieditions.com\\\/bretagne-photos\\\/plan-site\\\/#breadcrumb\",\"itemListElement\":[{\"@type\":\"ListItem\",\"position\":1,\"name\":\"Accueil\",\"item\":\"https:\\\/\\\/www.verdieditions.com\\\/bretagne-photos\\\/\"},{\"@type\":\"ListItem\",\"position\":2,\"name\":\"Plan du site\"}]},{\"@type\":\"WebSite\",\"@id\":\"https:\\\/\\\/www.verdieditions.com\\\/bretagne-photos\\\/#website\",\"url\":\"https:\\\/\\\/www.verdieditions.com\\\/bretagne-photos\\\/\",\"name\":\"Bretagne Photos\",\"description\":\"Boutique Photos Histoire et Patrimoine de la Bretagne hier et aujourd\u2019hui\",\"publisher\":{\"@id\":\"https:\\\/\\\/www.verdieditions.com\\\/bretagne-photos\\\/#\\\/schema\\\/person\\\/fc0081c9a1f479261147ba0b3d529c2c\"},\"potentialAction\":[{\"@type\":\"SearchAction\",\"target\":{\"@type\":\"EntryPoint\",\"urlTemplate\":\"https:\\\/\\\/www.verdieditions.com\\\/bretagne-photos\\\/?s={search_term_string}\"},\"query-input\":{\"@type\":\"PropertyValueSpecification\",\"valueRequired\":true,\"valueName\":\"search_term_string\"}}],\"inLanguage\":\"fr-FR\"},{\"@type\":[\"Person\",\"Organization\"],\"@id\":\"https:\\\/\\\/www.verdieditions.com\\\/bretagne-photos\\\/#\\\/schema\\\/person\\\/fc0081c9a1f479261147ba0b3d529c2c\",\"name\":\"Sylvie VERDI\",\"image\":{\"@type\":\"ImageObject\",\"inLanguage\":\"fr-FR\",\"@id\":\"https:\\\/\\\/www.verdieditions.com\\\/bretagne-photos\\\/wp-content\\\/uploads\\\/2023\\\/09\\\/logo-bretagne-photos-2.png\",\"url\":\"https:\\\/\\\/www.verdieditions.com\\\/bretagne-photos\\\/wp-content\\\/uploads\\\/2023\\\/09\\\/logo-bretagne-photos-2.png\",\"contentUrl\":\"https:\\\/\\\/www.verdieditions.com\\\/bretagne-photos\\\/wp-content\\\/uploads\\\/2023\\\/09\\\/logo-bretagne-photos-2.png\",\"width\":270,\"height\":63,\"caption\":\"Sylvie VERDI\"},\"logo\":{\"@id\":\"https:\\\/\\\/www.verdieditions.com\\\/bretagne-photos\\\/wp-content\\\/uploads\\\/2023\\\/09\\\/logo-bretagne-photos-2.png\"},\"sameAs\":[\"https:\\\/\\\/www.verdieditions.com\\\/bretagne-photos\"]}]}<\/script>\n<!-- \/ Yoast SEO plugin. -->","yoast_head_json":{"title":"Plan du site - Boutique Bretagne Photos - Verdi \u00c9ditions","description":"Plan du site de la Boutique de Photos anciennes et vintage de Bretagne Photos - Architecture - \u00c9v\u00e9nements - Paysages - Personnages - Gratuits","robots":{"index":"index","follow":"follow","max-snippet":"max-snippet:-1","max-image-preview":"max-image-preview:large","max-video-preview":"max-video-preview:-1"},"canonical":"https:\/\/www.verdieditions.com\/bretagne-photos\/plan-site\/","og_locale":"fr_FR","og_type":"article","og_title":"Plan du site - Boutique Bretagne Photos - Verdi \u00c9ditions","og_description":"Plan du site de la Boutique de Photos anciennes et vintage de Bretagne Photos - Architecture - \u00c9v\u00e9nements - Paysages - Personnages - Gratuits","og_url":"https:\/\/www.verdieditions.com\/bretagne-photos\/plan-site\/","og_site_name":"Bretagne Photos","article_modified_time":"2024-06-03T12:38:27+00:00","og_image":[{"width":800,"height":556,"url":"https:\/\/www.verdieditions.com\/bretagne-photos\/wp-content\/uploads\/2023\/11\/Benediction-de-la-mer-70-1.jpg?v=1699957912","type":"image\/jpeg"}],"twitter_card":"summary_large_image","twitter_misc":{"Dur\u00e9e de lecture estim\u00e9e":"1 minute"},"schema":{"@context":"https:\/\/schema.org","@graph":[{"@type":"WebPage","@id":"https:\/\/www.verdieditions.com\/bretagne-photos\/plan-site\/","url":"https:\/\/www.verdieditions.com\/bretagne-photos\/plan-site\/","name":"Plan du site - Boutique Bretagne Photos - Verdi \u00c9ditions","isPartOf":{"@id":"https:\/\/www.verdieditions.com\/bretagne-photos\/#website"},"primaryImageOfPage":{"@id":"https:\/\/www.verdieditions.com\/bretagne-photos\/plan-site\/#primaryimage"},"image":{"@id":"https:\/\/www.verdieditions.com\/bretagne-photos\/plan-site\/#primaryimage"},"thumbnailUrl":"https:\/\/www.verdieditions.com\/bretagne-photos\/wp-content\/uploads\/2023\/11\/Benediction-de-la-mer-70-1.jpg?v=1699957912","datePublished":"2023-10-05T13:26:54+00:00","dateModified":"2024-06-03T12:38:27+00:00","description":"Plan du site de la Boutique de Photos anciennes et vintage de Bretagne Photos - Architecture - \u00c9v\u00e9nements - Paysages - Personnages - Gratuits","breadcrumb":{"@id":"https:\/\/www.verdieditions.com\/bretagne-photos\/plan-site\/#breadcrumb"},"inLanguage":"fr-FR","potentialAction":[{"@type":"ReadAction","target":["https:\/\/www.verdieditions.com\/bretagne-photos\/plan-site\/"]}]},{"@type":"ImageObject","inLanguage":"fr-FR","@id":"https:\/\/www.verdieditions.com\/bretagne-photos\/plan-site\/#primaryimage","url":"https:\/\/www.verdieditions.com\/bretagne-photos\/wp-content\/uploads\/2023\/11\/Benediction-de-la-mer-70-1.jpg?v=1699957912","contentUrl":"https:\/\/www.verdieditions.com\/bretagne-photos\/wp-content\/uploads\/2023\/11\/Benediction-de-la-mer-70-1.jpg?v=1699957912","width":800,"height":556,"caption":"benediction-mer-Mer-Houat-1970"},{"@type":"BreadcrumbList","@id":"https:\/\/www.verdieditions.com\/bretagne-photos\/plan-site\/#breadcrumb","itemListElement":[{"@type":"ListItem","position":1,"name":"Accueil","item":"https:\/\/www.verdieditions.com\/bretagne-photos\/"},{"@type":"ListItem","position":2,"name":"Plan du site"}]},{"@type":"WebSite","@id":"https:\/\/www.verdieditions.com\/bretagne-photos\/#website","url":"https:\/\/www.verdieditions.com\/bretagne-photos\/","name":"Bretagne Photos","description":"Boutique Photos Histoire et Patrimoine de la Bretagne hier et aujourd\u2019hui","publisher":{"@id":"https:\/\/www.verdieditions.com\/bretagne-photos\/#\/schema\/person\/fc0081c9a1f479261147ba0b3d529c2c"},"potentialAction":[{"@type":"SearchAction","target":{"@type":"EntryPoint","urlTemplate":"https:\/\/www.verdieditions.com\/bretagne-photos\/?s={search_term_string}"},"query-input":{"@type":"PropertyValueSpecification","valueRequired":true,"valueName":"search_term_string"}}],"inLanguage":"fr-FR"},{"@type":["Person","Organization"],"@id":"https:\/\/www.verdieditions.com\/bretagne-photos\/#\/schema\/person\/fc0081c9a1f479261147ba0b3d529c2c","name":"Sylvie VERDI","image":{"@type":"ImageObject","inLanguage":"fr-FR","@id":"https:\/\/www.verdieditions.com\/bretagne-photos\/wp-content\/uploads\/2023\/09\/logo-bretagne-photos-2.png","url":"https:\/\/www.verdieditions.com\/bretagne-photos\/wp-content\/uploads\/2023\/09\/logo-bretagne-photos-2.png","contentUrl":"https:\/\/www.verdieditions.com\/bretagne-photos\/wp-content\/uploads\/2023\/09\/logo-bretagne-photos-2.png","width":270,"height":63,"caption":"Sylvie VERDI"},"logo":{"@id":"https:\/\/www.verdieditions.com\/bretagne-photos\/wp-content\/uploads\/2023\/09\/logo-bretagne-photos-2.png"},"sameAs":["https:\/\/www.verdieditions.com\/bretagne-photos"]}]}},"_links":{"self":[{"href":"https:\/\/www.verdieditions.com\/bretagne-photos\/wp-json\/wp\/v2\/pages\/1902","targetHints":{"allow":["GET"]}}],"collection":[{"href":"https:\/\/www.verdieditions.com\/bretagne-photos\/wp-json\/wp\/v2\/pages"}],"about":[{"href":"https:\/\/www.verdieditions.com\/bretagne-photos\/wp-json\/wp\/v2\/types\/page"}],"author":[{"embeddable":true,"href":"https:\/\/www.verdieditions.com\/bretagne-photos\/wp-json\/wp\/v2\/users\/1"}],"replies":[{"embeddable":true,"href":"https:\/\/www.verdieditions.com\/bretagne-photos\/wp-json\/wp\/v2\/comments?post=1902"}],"version-history":[{"count":0,"href":"https:\/\/www.verdieditions.com\/bretagne-photos\/wp-json\/wp\/v2\/pages\/1902\/revisions"}],"wp:featuredmedia":[{"embeddable":true,"href":"https:\/\/www.verdieditions.com\/bretagne-photos\/wp-json\/wp\/v2\/media\/2273"}],"wp:attachment":[{"href":"https:\/\/www.verdieditions.com\/bretagne-photos\/wp-json\/wp\/v2\/media?parent=1902"}],"curies":[{"name":"wp","href":"https:\/\/api.w.org\/{rel}","templated":true}]}}